CRAN Package Check Results for Package di

Last updated on 2021-09-22 08:50:04 CEST.

Flavor Version Tinstall Tcheck Ttotal Status Flags
r-devel-linux-x86_64-debian-clang 1.1.4 2.70 28.95 31.65 OK
r-devel-linux-x86_64-debian-gcc 1.1.4 2.16 23.23 25.39 OK
r-devel-linux-x86_64-fedora-clang 1.1.4 47.60 OK
r-devel-linux-x86_64-fedora-gcc 1.1.4 36.84 OK
r-devel-windows-x86_64 1.1.4 3.00 39.00 42.00 OK
r-devel-windows-x86_64-gcc10-UCRT 1.1.4 ERROR
r-patched-linux-x86_64 1.1.4 2.71 28.07 30.78 OK
r-patched-solaris-x86 1.1.4 56.40 OK
r-release-linux-x86_64 1.1.4 2.64 28.03 30.67 OK
r-release-macos-arm64 1.1.4 OK
r-release-macos-x86_64 1.1.4 OK
r-release-windows-ix86+x86_64 1.1.4 6.00 37.00 43.00 OK
r-oldrel-macos-x86_64 1.1.4 OK
r-oldrel-windows-ix86+x86_64 1.1.4 7.00 36.00 43.00 OK

Check Details

Version: 1.1.4
Check: PDF version of manual
Result: WARN
    LaTeX errors when creating PDF version.
    This typically indicates Rd problems.
Flavor: r-devel-windows-x86_64-gcc10-UCRT

Version: 1.1.4
Check: PDF version of manual without hyperrefs or index
Result: ERROR
    Re-running with no redirection of stdout/stderr.
Flavor: r-devel-windows-x86_64-gcc10-UCRT