CRAN Package Check Results for Package dglm

Last updated on 2022-10-01 10:51:50 CEST.

Flavor Version Tinstall Tcheck Ttotal Status Flags
r-devel-linux-x86_64-debian-clang 1.8.4 2.83 28.56 31.39 NOTE
r-devel-linux-x86_64-debian-gcc 1.8.4 1.62 21.78 23.40 NOTE
r-devel-linux-x86_64-fedora-clang 1.8.4 52.92 NOTE
r-devel-linux-x86_64-fedora-gcc 1.8.4 48.32 NOTE
r-devel-windows-x86_64 1.8.4 11.00 57.00 68.00 NOTE
r-patched-linux-x86_64 1.8.4 2.56 27.31 29.87 OK
r-release-linux-x86_64 1.8.4 2.26 27.01 29.27 OK
r-release-macos-arm64 1.8.4 18.00 OK
r-release-macos-x86_64 1.8.4 22.00 OK
r-release-windows-x86_64 1.8.4 10.00 52.00 62.00 OK
r-oldrel-macos-arm64 1.8.4 16.00 OK
r-oldrel-macos-x86_64 1.8.4 30.00 OK
r-oldrel-windows-ix86+x86_64 1.8.4 6.00 51.00 57.00 OK

Check Details

Version: 1.8.4
Check: Rd files
Result: NOTE
    checkRd: (-1) anova.dglm.Rd:41: Escaped LaTeX specials: \&
Flavors: r-devel-linux-x86_64-debian-clang, r-devel-linux-x86_64-debian-gcc, r-devel-linux-x86_64-fedora-clang, r-devel-linux-x86_64-fedora-gcc, r-devel-windows-x86_64