CRAN Package Check Results for Package dglars

Last updated on 2024-03-04 07:48:25 CET.

Flavor Version Tinstall Tcheck Ttotal Status Flags
r-devel-linux-x86_64-debian-clang 2.1.7 36.69 101.43 138.12 NOTE
r-devel-linux-x86_64-debian-gcc 2.1.7 25.72 74.28 100.00 NOTE
r-devel-linux-x86_64-fedora-clang 2.1.7 174.22 NOTE
r-devel-linux-x86_64-fedora-gcc 2.1.7 168.64 NOTE
r-devel-windows-x86_64 2.1.7 31.00 107.00 138.00 NOTE
r-patched-linux-x86_64 2.1.7 34.93 97.43 132.36 OK
r-release-linux-x86_64 2.1.7 29.79 99.43 129.22 OK
r-release-macos-arm64 2.1.7 58.00 OK
r-release-macos-x86_64 2.1.7 125.00 OK
r-release-windows-x86_64 2.1.7 39.00 117.00 156.00 OK
r-oldrel-macos-arm64 2.1.7 67.00 OK
r-oldrel-windows-x86_64 2.1.7 34.00 120.00 154.00 OK

Check Details

Version: 2.1.7
Check: Rd files
Result: NOTE checkRd: (-1) AIC.dglars.Rd:47: Lost braces 47 | \item{comp}{the measures of model complexity used to compute the measure of goodness-of-fit. It is equal to \code{npar} when code{complexity = "df"};} | ^ checkRd: (-1) dglars.Rd:258: Lost braces 258 | \item{\code{7}}{maximum number of solution points ('code{np}') reached.} | ^ Flavors: r-devel-linux-x86_64-debian-clang, r-devel-linux-x86_64-debian-gcc, r-devel-linux-x86_64-fedora-clang, r-devel-linux-x86_64-fedora-gcc, r-devel-windows-x86_64