CRAN Package Check Results for Package dggridR

Last updated on 2024-02-27 19:54:35 CET.

Flavor Version Tinstall Tcheck Ttotal Status Flags
r-devel-linux-x86_64-debian-clang 3.0.0 749.00 171.88 920.88 NOTE
r-devel-linux-x86_64-debian-gcc 3.0.0 604.93 122.65 727.58 NOTE
r-devel-linux-x86_64-fedora-clang 3.0.0 1608.90 NOTE
r-devel-linux-x86_64-fedora-gcc 3.0.0 1454.17 NOTE
r-devel-windows-x86_64 3.0.0 587.00 177.00 764.00 NOTE
r-patched-linux-x86_64 3.0.0 794.24 157.96 952.20 NOTE
r-release-linux-x86_64 3.0.0 768.93 159.01 927.94 NOTE
r-release-macos-arm64 3.0.0 285.00 NOTE
r-release-macos-x86_64 3.0.0 547.00 NOTE
r-release-windows-x86_64 3.0.0 741.00 221.00 962.00 NOTE
r-oldrel-macos-arm64 3.0.0 231.00 NOTE
r-oldrel-windows-x86_64 3.0.0 759.00 208.00 967.00 OK

Check Details

Version: 3.0.0
Check: C++ specification
Result: NOTE Specified C++11: please drop specification unless essential Flavors: r-devel-linux-x86_64-debian-clang, r-devel-linux-x86_64-debian-gcc, r-devel-linux-x86_64-fedora-clang, r-devel-linux-x86_64-fedora-gcc, r-devel-windows-x86_64, r-patched-linux-x86_64, r-release-linux-x86_64, r-release-macos-arm64, r-release-macos-x86_64, r-release-windows-x86_64

Version: 3.0.0
Check: installed package size
Result: NOTE installed size is 16.7Mb sub-directories of 1Mb or more: doc 1.5Mb libs 14.8Mb Flavors: r-release-macos-arm64, r-release-macos-x86_64, r-oldrel-macos-arm64