CRAN Package Check Results for Package dfmeta

Last updated on 2021-09-23 08:50:55 CEST.

Flavor Version Tinstall Tcheck Ttotal Status Flags
r-devel-linux-x86_64-debian-clang 1.0.0 12.09 112.31 124.40 OK
r-devel-linux-x86_64-debian-gcc 1.0.0 10.54 83.14 93.68 OK
r-devel-linux-x86_64-fedora-clang 1.0.0 159.17 OK
r-devel-linux-x86_64-fedora-gcc 1.0.0 145.00 OK
r-devel-windows-x86_64 1.0.0 18.00 98.00 116.00 OK
r-devel-windows-x86_64-gcc10-UCRT 1.0.0 ERROR
r-patched-linux-x86_64 1.0.0 15.74 103.24 118.98 OK
r-patched-solaris-x86 1.0.0 202.50 OK
r-release-linux-x86_64 1.0.0 11.80 103.92 115.72 OK
r-release-macos-arm64 1.0.0 OK
r-release-macos-x86_64 1.0.0 OK
r-release-windows-ix86+x86_64 1.0.0 32.00 105.00 137.00 OK
r-oldrel-macos-x86_64 1.0.0 OK
r-oldrel-windows-ix86+x86_64 1.0.0 25.00 99.00 124.00 OK

Check Details

Version: 1.0.0
Check: PDF version of manual
Result: WARN
    LaTeX errors when creating PDF version.
    This typically indicates Rd problems.
Flavor: r-devel-windows-x86_64-gcc10-UCRT

Version: 1.0.0
Check: PDF version of manual without hyperrefs or index
Result: ERROR
    Re-running with no redirection of stdout/stderr.
Flavor: r-devel-windows-x86_64-gcc10-UCRT