CRAN Package Check Results for Package dfcomb

Last updated on 2022-12-08 19:49:33 CET.

Flavor Version Tinstall Tcheck Ttotal Status Flags
r-devel-linux-x86_64-debian-clang 3.0-0 15.01 25.18 40.19 WARN
r-devel-linux-x86_64-debian-gcc 3.0-0 9.88 21.05 30.93 WARN
r-devel-linux-x86_64-fedora-clang 3.0-0 64.50 WARN
r-devel-linux-x86_64-fedora-gcc 3.0-0 57.12 WARN
r-devel-windows-x86_64 3.0-0 18.00 84.00 102.00 OK
r-patched-linux-x86_64 3.0-0 10.45 23.60 34.05 OK
r-release-linux-x86_64 3.0-0 10.28 24.34 34.62 OK
r-release-macos-arm64 3.0-0 20.00 OK
r-release-macos-x86_64 3.0-0 27.00 OK
r-release-windows-x86_64 3.0-0 20.00 69.00 89.00 OK
r-oldrel-macos-arm64 3.0-0 21.00 OK
r-oldrel-macos-x86_64 3.0-0 38.00 OK
r-oldrel-windows-ix86+x86_64 3.0-0 33.00 69.00 102.00 OK

Additional issues

donttest

Check Details

Version: 3.0-0
Check: whether package can be installed
Result: WARN
    Found the following significant warnings:
     ./arms.h:50:24: warning: a function declaration without a prototype is deprecated in all versions of C [-Wstrict-prototypes]
Flavors: r-devel-linux-x86_64-debian-clang, r-devel-linux-x86_64-fedora-clang

Version: 3.0-0
Check: compiled code
Result: WARN
    File 'dfcomb/libs/dfcomb.so':
     Found 'sprintf', possibly from 'sprintf' (C)
     Object: 'logistic.o'
    
    Compiled code should not call entry points which might terminate R nor
    write to stdout/stderr instead of to the console, nor use Fortran I/O
    nor system RNGs nor [v]sprintf.
    
    See 'Writing portable packages' in the 'Writing R Extensions' manual.
Flavors: r-devel-linux-x86_64-debian-clang, r-devel-linux-x86_64-fedora-clang

Version: 3.0-0
Check: whether package can be installed
Result: WARN
    Found the following significant warnings:
     arms.h:50:1: warning: function declaration isn’t a prototype [-Wstrict-prototypes]
Flavors: r-devel-linux-x86_64-debian-gcc, r-devel-linux-x86_64-fedora-gcc

Version: 3.0-0
Check: compiled code
Result: WARN
    File ‘dfcomb/libs/dfcomb.so’:
     Found ‘__sprintf_chk’, possibly from ‘sprintf’ (C)
     Object: ‘logistic.o’
    
    Compiled code should not call entry points which might terminate R nor
    write to stdout/stderr instead of to the console, nor use Fortran I/O
    nor system RNGs nor [v]sprintf.
    
    See ‘Writing portable packages’ in the ‘Writing R Extensions’ manual.
Flavors: r-devel-linux-x86_64-debian-gcc, r-devel-linux-x86_64-fedora-gcc