CRAN Package Check Results for Package dextergui

Last updated on 2021-11-27 07:49:47 CET.

Flavor Version Tinstall Tcheck Ttotal Status Flags
r-devel-linux-x86_64-debian-clang 0.2.3 OK
r-devel-linux-x86_64-debian-gcc 0.2.3 12.80 72.48 85.28 OK
r-devel-linux-x86_64-fedora-clang 0.2.3 154.05 NOTE
r-devel-linux-x86_64-fedora-gcc 0.2.3 129.60 OK
r-devel-windows-x86_64-new-UL 0.2.3 31.00 139.00 170.00 OK
r-devel-windows-x86_64-new-TK 0.2.3 OK
r-devel-windows-x86_64-old 0.2.3 22.00 109.00 131.00 OK
r-patched-linux-x86_64 0.2.3 13.88 90.18 104.06 OK
r-patched-solaris-x86 0.2.3 182.90 OK
r-release-linux-x86_64 0.2.3 OK
r-release-macos-arm64 0.2.3 OK
r-release-macos-x86_64 0.2.3 OK
r-release-windows-ix86+x86_64 0.2.3 34.00 95.00 129.00 OK
r-oldrel-macos-x86_64 0.2.3 OK
r-oldrel-windows-ix86+x86_64 0.2.3 35.00 114.00 149.00 OK

Check Details

Version: 0.2.3
Check: package dependencies
Result: NOTE
    Imports includes 22 non-default packages.
    Importing from so many packages makes the package vulnerable to any of
    them becoming unavailable. Move as many as possible to Suggests and
    use conditionally.
Flavor: r-devel-linux-x86_64-fedora-clang