Last updated on 2023-02-09 10:06:05 CET.
Flavor | Version | Tinstall | Tcheck | Ttotal | Status | Flags |
---|---|---|---|---|---|---|
r-devel-linux-x86_64-debian-clang | 1.2.2 | 111.47 | 290.37 | 401.84 | NOTE | |
r-devel-linux-x86_64-debian-gcc | 1.2.2 | 87.04 | 194.80 | 281.84 | NOTE | |
r-devel-linux-x86_64-fedora-clang | 1.2.2 | 501.62 | NOTE | |||
r-devel-linux-x86_64-fedora-gcc | 1.2.2 | 493.25 | NOTE | |||
r-devel-windows-x86_64 | 1.2.2 | 141.00 | 322.00 | 463.00 | NOTE | |
r-patched-linux-x86_64 | 1.2.2 | 99.16 | 253.95 | 353.11 | OK | |
r-release-linux-x86_64 | 1.2.2 | 83.85 | 231.58 | 315.43 | OK | |
r-release-macos-arm64 | 1.2.2 | 118.00 | NOTE | |||
r-release-macos-x86_64 | 1.2.2 | 150.00 | NOTE | |||
r-release-windows-x86_64 | 1.2.2 | 159.00 | 315.00 | 474.00 | OK | |
r-oldrel-macos-arm64 | 1.2.2 | 124.00 | NOTE | |||
r-oldrel-macos-x86_64 | 1.2.2 | 160.00 | NOTE | |||
r-oldrel-windows-ix86+x86_64 | 1.2.2 | 256.00 | 410.00 | 666.00 | NOTE |
Version: 1.2.2
Check: C++ specification
Result: NOTE
Specified C++11: please update to current default of C++17
Flavor: r-devel-linux-x86_64-debian-clang
Version: 1.2.2
Check: C++ specification
Result: NOTE
Specified C++11: please drop specification unless essential
Flavors: r-devel-linux-x86_64-debian-gcc, r-devel-linux-x86_64-fedora-clang, r-devel-linux-x86_64-fedora-gcc, r-devel-windows-x86_64
Version: 1.2.2
Check: installed package size
Result: NOTE
installed size is 9.2Mb
sub-directories of 1Mb or more:
doc 1.1Mb
libs 7.3Mb
Flavors: r-release-macos-arm64, r-release-macos-x86_64, r-oldrel-macos-arm64, r-oldrel-macos-x86_64, r-oldrel-windows-ix86+x86_64