CRAN Package Check Results for Package detrendr

Last updated on 2019-08-17 11:47:22 CEST.

Flavor Version Tinstall Tcheck Ttotal Status Flags
r-devel-linux-x86_64-debian-clang 0.6.4 111.04 279.54 390.58 NOTE
r-devel-linux-x86_64-debian-gcc 0.6.4 74.58 200.68 275.26 NOTE
r-devel-linux-x86_64-fedora-clang 0.6.4 439.43 NOTE
r-devel-linux-x86_64-fedora-gcc 0.6.4 441.47 NOTE
r-devel-windows-ix86+x86_64 0.6.4 351.00 677.00 1028.00 WARN
r-patched-linux-x86_64 0.6.4 93.34 247.86 341.20 NOTE
r-patched-solaris-x86 0.6.4 895.80 NOTE
r-release-linux-x86_64 0.6.4 90.14 250.15 340.29 NOTE
r-release-windows-ix86+x86_64 0.6.4 335.00 675.00 1010.00 NOTE
r-release-osx-x86_64 0.6.4 NOTE
r-oldrel-windows-ix86+x86_64 0.6.4 314.00 316.00 630.00 NOTE
r-oldrel-osx-x86_64 0.6.4 NOTE

Check Details

Version: 0.6.4
Check: for GNU extensions in Makefiles
Result: NOTE
    GNU make is a SystemRequirements.
Flavors: r-devel-linux-x86_64-debian-clang, r-devel-linux-x86_64-debian-gcc, r-devel-linux-x86_64-fedora-clang, r-devel-linux-x86_64-fedora-gcc, r-devel-windows-ix86+x86_64, r-patched-linux-x86_64, r-patched-solaris-x86, r-release-linux-x86_64, r-release-windows-ix86+x86_64, r-release-osx-x86_64, r-oldrel-windows-ix86+x86_64, r-oldrel-osx-x86_64

Version: 0.6.4
Check: re-building of vignette outputs
Result: WARN
    Error(s) in re-building vignettes:
    --- re-building 'batch-mode.Rmd' using rmarkdown
    --- finished re-building 'batch-mode.Rmd'
    
    --- re-building 'linescan-data.Rmd' using rmarkdown
    --- finished re-building 'linescan-data.Rmd'
    
    --- re-building 'single-images.Rmd' using rmarkdown
    trying URL 'http://cran.rstudio.com/bin/windows/contrib/3.7/colorspace_1.4-1.zip'
    Content type 'application/zip' length 2550240 bytes (2.4 MB)
    ==============================================
    downloaded 2.3 MB
    
    trying URL 'http://cran.rstudio.com/bin/windows/contrib/3.7/labeling_0.3.zip'
    Content type 'application/zip' length 62937 bytes (61 KB)
    ==================================================
    downloaded 61 KB
    
    trying URL 'http://cran.rstudio.com/bin/windows/contrib/3.7/munsell_0.5.0.zip'
    Content type 'application/zip' length 245809 bytes (240 KB)
    ==================================================
    downloaded 240 KB
    
    trying URL 'http://cran.rstudio.com/bin/windows/contrib/3.7/RColorBrewer_1.1-2.zip'
    Content type 'application/zip' length 55569 bytes (54 KB)
    ==================================================
    downloaded 54 KB
    
    trying URL 'http://cran.rstudio.com/bin/windows/contrib/3.7/reshape2_1.4.3.zip'
    Content type 'application/zip' length 627860 bytes (613 KB)
    ==================================================
    downloaded 613 KB
    
    trying URL 'http://cran.rstudio.com/bin/windows/contrib/3.7/scales_1.0.0.zip'
    Content type 'application/zip' length 1073573 bytes (1.0 MB)
    ==================================================
    downloaded 1.0 MB
    
    trying URL 'http://cran.rstudio.com/bin/windows/contrib/3.7/viridisLite_0.3.0.zip'
    Content type 'application/zip' length 60759 bytes (59 KB)
    ==================================================
    downloaded 59 KB
    
    trying URL 'http://cran.rstudio.com/bin/windows/contrib/3.7/ggplot2_3.2.1.zip'
    Content type 'application/zip' length 3976044 bytes (3.8 MB)
    ==================================================
    downloaded 3.8 MB
    
    Quitting from lines 15-19 (single-images.Rmd)
    Error: processing vignette 'single-images.Rmd' failed with diagnostics:
    cannot open the connection
    --- failed re-building 'single-images.Rmd'
    
    SUMMARY: processing the following file failed:
     'single-images.Rmd'
    
    Error: Vignette re-building failed.
    Execution halted
Flavor: r-devel-windows-ix86+x86_64