CRAN Package Check Results for Package detrendr

Last updated on 2019-12-07 08:49:24 CET.

Flavor Version Tinstall Tcheck Ttotal Status Flags
r-devel-linux-x86_64-debian-clang 0.6.4 125.94 275.12 401.06 NOTE
r-devel-linux-x86_64-debian-gcc 0.6.4 82.69 193.05 275.74 NOTE
r-devel-linux-x86_64-fedora-clang 0.6.4 447.87 NOTE
r-devel-linux-x86_64-fedora-gcc 0.6.4 443.29 NOTE
r-devel-windows-ix86+x86_64 0.6.4 274.00 734.00 1008.00 NOTE
r-devel-windows-ix86+x86_64-gcc8 0.6.4 296.00 546.00 842.00 NOTE
r-patched-linux-x86_64 0.6.4 95.26 235.94 331.20 NOTE
r-patched-solaris-x86 0.6.4 876.10 NOTE
r-release-linux-x86_64 0.6.4 85.06 235.05 320.11 NOTE
r-release-windows-ix86+x86_64 0.6.4 238.00 597.00 835.00 NOTE
r-release-osx-x86_64 0.6.4 NOTE
r-oldrel-windows-ix86+x86_64 0.6.4 232.00 306.00 538.00 NOTE
r-oldrel-osx-x86_64 0.6.4 NOTE

Check Details

Version: 0.6.4
Check: for GNU extensions in Makefiles
Result: NOTE
    GNU make is a SystemRequirements.
Flavors: r-devel-linux-x86_64-debian-clang, r-devel-linux-x86_64-debian-gcc, r-devel-linux-x86_64-fedora-clang, r-devel-linux-x86_64-fedora-gcc, r-devel-windows-ix86+x86_64, r-devel-windows-ix86+x86_64-gcc8, r-patched-linux-x86_64, r-patched-solaris-x86, r-release-linux-x86_64, r-release-windows-ix86+x86_64, r-release-osx-x86_64, r-oldrel-windows-ix86+x86_64, r-oldrel-osx-x86_64

Version: 0.6.4
Check: installed package size
Result: NOTE
     installed size is 5.1Mb
     sub-directories of 1Mb or more:
     libs 3.9Mb
Flavor: r-devel-linux-x86_64-fedora-clang