Last updated on 2023-03-21 19:57:09 CET.
Flavor | Version | Tinstall | Tcheck | Ttotal | Status | Flags |
---|---|---|---|---|---|---|
r-devel-linux-x86_64-debian-clang | 0.1.0 | 5.99 | 50.46 | 56.45 | OK | |
r-devel-linux-x86_64-debian-gcc | 0.1.0 | 5.10 | 38.75 | 43.85 | OK | |
r-devel-linux-x86_64-fedora-clang | 0.1.0 | 71.32 | NOTE | |||
r-devel-linux-x86_64-fedora-gcc | 0.1.0 | 66.78 | OK | |||
r-devel-windows-x86_64 | 0.1.0 | 38.00 | 88.00 | 126.00 | NOTE | |
r-patched-linux-x86_64 | 0.1.0 | 6.61 | 51.07 | 57.68 | OK | |
r-release-linux-x86_64 | 0.1.0 | 5.58 | 49.76 | 55.34 | OK | |
r-release-macos-arm64 | 0.1.0 | 29.00 | NOTE | |||
r-release-macos-x86_64 | 0.1.0 | 38.00 | NOTE | |||
r-release-windows-x86_64 | 0.1.0 | 72.00 | 84.00 | 156.00 | NOTE | |
r-oldrel-macos-arm64 | 0.1.0 | 27.00 | NOTE | |||
r-oldrel-macos-x86_64 | 0.1.0 | 37.00 | NOTE | |||
r-oldrel-windows-ix86+x86_64 | 0.1.0 | 13.00 | 75.00 | 88.00 | NOTE |
Version: 0.1.0
Check: installed package size
Result: NOTE
installed size is 5.7Mb
sub-directories of 1Mb or more:
data 1.8Mb
htmlwidgets 3.7Mb
Flavors: r-devel-linux-x86_64-fedora-clang, r-devel-windows-x86_64, r-release-macos-arm64, r-release-macos-x86_64, r-release-windows-x86_64, r-oldrel-macos-arm64, r-oldrel-macos-x86_64, r-oldrel-windows-ix86+x86_64