CRAN Package Check Results for Package detector

Last updated on 2021-09-18 20:51:52 CEST.

Flavor Version Tinstall Tcheck Ttotal Status Flags
r-devel-linux-x86_64-debian-clang 0.1.0 1.79 22.65 24.44 NOTE
r-devel-linux-x86_64-debian-gcc 0.1.0 1.58 17.74 19.32 NOTE
r-devel-linux-x86_64-fedora-clang 0.1.0 38.46 NOTE
r-devel-linux-x86_64-fedora-gcc 0.1.0 28.08 NOTE
r-devel-windows-x86_64 0.1.0 3.00 38.00 41.00 NOTE
r-devel-windows-x86_64-gcc10-UCRT 0.1.0 NOTE
r-patched-linux-x86_64 0.1.0 1.91 21.77 23.68 NOTE
r-patched-solaris-x86 0.1.0 44.10 NOTE
r-release-linux-x86_64 0.1.0 1.84 21.92 23.76 NOTE
r-release-macos-arm64 0.1.0 NOTE
r-release-macos-x86_64 0.1.0 NOTE
r-release-windows-ix86+x86_64 0.1.0 5.00 32.00 37.00 NOTE
r-oldrel-macos-x86_64 0.1.0 OK
r-oldrel-windows-ix86+x86_64 0.1.0 5.00 31.00 36.00 OK

Check Details

Version: 0.1.0
Check: LazyData
Result: NOTE
     'LazyData' is specified without a 'data' directory
Flavors: r-devel-linux-x86_64-debian-clang, r-devel-linux-x86_64-debian-gcc, r-devel-linux-x86_64-fedora-clang, r-devel-linux-x86_64-fedora-gcc, r-devel-windows-x86_64, r-devel-windows-x86_64-gcc10-UCRT, r-patched-linux-x86_64, r-patched-solaris-x86, r-release-linux-x86_64, r-release-macos-arm64, r-release-macos-x86_64, r-release-windows-ix86+x86_64