Last updated on 2023-02-03 19:51:59 CET.
Flavor | Version | Tinstall | Tcheck | Ttotal | Status | Flags |
---|---|---|---|---|---|---|
r-devel-linux-x86_64-debian-clang | 0.1.12 | 13.47 | 127.68 | 141.15 | OK | |
r-devel-linux-x86_64-debian-gcc | 0.1.12 | 10.71 | 93.45 | 104.16 | OK | |
r-devel-linux-x86_64-fedora-clang | 0.1.12 | 169.71 | NOTE | |||
r-devel-linux-x86_64-fedora-gcc | 0.1.12 | 181.28 | NOTE | |||
r-devel-windows-x86_64 | 0.1.12 | 33.00 | 152.00 | 185.00 | OK | |
r-patched-linux-x86_64 | 0.1.12 | 12.19 | 120.72 | 132.91 | OK | |
r-release-linux-x86_64 | 0.1.12 | 12.74 | 114.73 | 127.47 | OK | |
r-release-macos-arm64 | 0.1.12 | 54.00 | NOTE | |||
r-release-macos-x86_64 | 0.1.12 | 86.00 | NOTE | |||
r-release-windows-x86_64 | 0.1.12 | 38.00 | 157.00 | 195.00 | OK | |
r-oldrel-macos-arm64 | 0.1.12 | 67.00 | NOTE | |||
r-oldrel-macos-x86_64 | 0.1.12 | 100.00 | NOTE | |||
r-oldrel-windows-ix86+x86_64 | 0.1.12 | 30.00 | 148.00 | 178.00 | OK |
Version: 0.1.12
Check: data for non-ASCII characters
Result: NOTE
Note: found 47 marked UTF-8 strings
Flavors: r-devel-linux-x86_64-fedora-clang, r-devel-linux-x86_64-fedora-gcc, r-release-macos-arm64, r-release-macos-x86_64, r-oldrel-macos-arm64, r-oldrel-macos-x86_64