Last updated on 2023-02-01 07:52:59 CET.
Flavor | Version | Tinstall | Tcheck | Ttotal | Status | Flags |
---|---|---|---|---|---|---|
r-devel-linux-x86_64-debian-clang | 0.2.5 | 3.65 | 64.19 | 67.84 | NOTE | |
r-devel-linux-x86_64-debian-gcc | 0.2.5 | 3.34 | 49.05 | 52.39 | NOTE | |
r-devel-linux-x86_64-fedora-clang | 0.2.5 | 89.56 | NOTE | |||
r-devel-linux-x86_64-fedora-gcc | 0.2.5 | 95.89 | NOTE | |||
r-devel-windows-x86_64 | 0.2.5 | 40.00 | 147.00 | 187.00 | NOTE | |
r-patched-linux-x86_64 | 0.2.5 | 4.72 | 60.79 | 65.51 | OK | |
r-release-linux-x86_64 | 0.2.5 | 4.80 | 61.31 | 66.11 | OK | |
r-release-macos-arm64 | 0.2.5 | 36.00 | OK | |||
r-release-macos-x86_64 | 0.2.5 | 38.00 | OK | |||
r-release-windows-x86_64 | 0.2.5 | 41.00 | 134.00 | 175.00 | OK | |
r-oldrel-macos-arm64 | 0.2.5 | 28.00 | OK | |||
r-oldrel-macos-x86_64 | 0.2.5 | 38.00 | OK | |||
r-oldrel-windows-ix86+x86_64 | 0.2.5 | 10.00 | 104.00 | 114.00 | OK |
Version: 0.2.5
Check: Rd files
Result: NOTE
checkRd: (-1) barriers.Rd:127: Escaped LaTeX specials: \$
Flavors: r-devel-linux-x86_64-debian-clang, r-devel-linux-x86_64-debian-gcc, r-devel-linux-x86_64-fedora-clang, r-devel-linux-x86_64-fedora-gcc, r-devel-windows-x86_64