CRAN Package Check Results for Package dendroextras

Last updated on 2021-09-22 08:50:03 CEST.

Flavor Version Tinstall Tcheck Ttotal Status Flags
r-devel-linux-x86_64-debian-clang 0.2.3 2.23 23.88 26.11 OK
r-devel-linux-x86_64-debian-gcc 0.2.3 1.72 18.88 20.60 OK
r-devel-linux-x86_64-fedora-clang 0.2.3 40.56 OK
r-devel-linux-x86_64-fedora-gcc 0.2.3 30.21 OK
r-devel-windows-x86_64 0.2.3 5.00 29.00 34.00 OK
r-devel-windows-x86_64-gcc10-UCRT 0.2.3 ERROR
r-patched-linux-x86_64 0.2.3 2.20 23.38 25.58 OK
r-patched-solaris-x86 0.2.3 46.10 OK
r-release-linux-x86_64 0.2.3 2.14 23.26 25.40 OK
r-release-macos-arm64 0.2.3 OK
r-release-macos-x86_64 0.2.3 OK
r-release-windows-ix86+x86_64 0.2.3 4.00 32.00 36.00 OK
r-oldrel-macos-x86_64 0.2.3 OK
r-oldrel-windows-ix86+x86_64 0.2.3 15.00 29.00 44.00 OK

Check Details

Version: 0.2.3
Check: PDF version of manual
Result: WARN
    LaTeX errors when creating PDF version.
    This typically indicates Rd problems.
Flavor: r-devel-windows-x86_64-gcc10-UCRT

Version: 0.2.3
Check: PDF version of manual without hyperrefs or index
Result: ERROR
    Re-running with no redirection of stdout/stderr.
Flavor: r-devel-windows-x86_64-gcc10-UCRT