Last updated on 2022-07-02 21:52:12 CEST.
Flavor | Version | Tinstall | Tcheck | Ttotal | Status | Flags |
---|---|---|---|---|---|---|
r-devel-linux-x86_64-debian-clang | 1.2.8 | 35.28 | 387.30 | 422.58 | OK | |
r-devel-linux-x86_64-debian-gcc | 1.2.8 | 27.25 | 273.72 | 300.97 | OK | |
r-devel-linux-x86_64-fedora-clang | 1.2.8 | 491.58 | WARN | |||
r-devel-linux-x86_64-fedora-gcc | 1.2.8 | 414.12 | WARN | |||
r-devel-windows-x86_64 | 1.2.8 | 88.00 | 292.00 | 380.00 | OK | --no-vignettes |
r-patched-linux-x86_64 | 1.2.8 | 35.37 | 361.42 | 396.79 | OK | |
r-release-linux-x86_64 | 1.2.8 | 33.99 | 363.11 | 397.10 | OK | |
r-release-macos-arm64 | 1.2.8 | 124.00 | OK | |||
r-release-macos-x86_64 | 1.2.8 | 168.00 | OK | |||
r-release-windows-x86_64 | 1.2.8 | 102.00 | 287.00 | 389.00 | OK | --no-vignettes |
r-oldrel-macos-arm64 | 1.2.8 | 120.00 | OK | |||
r-oldrel-macos-x86_64 | 1.2.8 | 174.00 | OK | |||
r-oldrel-windows-ix86+x86_64 | 1.2.8 | 65.00 | 281.00 | 346.00 | OK | --no-vignettes |
Version: 1.2.8
Check: package dependencies
Result: WARN
Requires (indirectly) orphaned package: ‘gtools’
Flavors: r-devel-linux-x86_64-fedora-clang, r-devel-linux-x86_64-fedora-gcc