Last updated on 2023-06-10 11:51:21 CEST.
Flavor | Version | Tinstall | Tcheck | Ttotal | Status | Flags |
---|---|---|---|---|---|---|
r-devel-linux-x86_64-debian-clang | 0.1-1 | 16.44 | 114.21 | 130.65 | OK | |
r-devel-linux-x86_64-debian-gcc | 0.1-1 | 11.47 | 85.40 | 96.87 | OK | |
r-devel-linux-x86_64-fedora-clang | 0.1-1 | 166.47 | OK | |||
r-devel-linux-x86_64-fedora-gcc | 0.1-1 | 163.36 | OK | |||
r-devel-windows-x86_64 | 0.1-1 | 20.00 | 114.00 | 134.00 | OK | |
r-patched-linux-x86_64 | 0.1-1 | 10.74 | 108.59 | 119.33 | OK | |
r-release-linux-x86_64 | 0.1-1 | 10.22 | 106.34 | 116.56 | OK | |
r-release-macos-arm64 | 0.1-1 | 47.00 | OK | |||
r-release-macos-x86_64 | 0.1-1 | 71.00 | NOTE | |||
r-release-windows-x86_64 | 0.1-1 | 22.00 | 126.00 | 148.00 | OK | |
r-oldrel-macos-arm64 | 0.1-1 | 45.00 | OK | |||
r-oldrel-macos-x86_64 | 0.1-1 | 69.00 | OK | |||
r-oldrel-windows-x86_64 | 0.1-1 | 22.00 | 129.00 | 151.00 | OK |
Version: 0.1-1
Check: package dependencies
Result: NOTE
Packages suggested but not available for checking: 'tram', 'cotram'
Flavor: r-release-macos-x86_64
Version: 0.1-1
Check: Rd cross-references
Result: NOTE
Package unavailable to check Rd xrefs: ‘tram’
Flavor: r-release-macos-x86_64