CRAN Package Check Results for Package deadband

Last updated on 2021-09-21 08:49:37 CEST.

Flavor Version Tinstall Tcheck Ttotal Status Flags
r-devel-linux-x86_64-debian-clang 0.1.0 2.46 22.33 24.79 OK
r-devel-linux-x86_64-debian-gcc 0.1.0 1.85 17.64 19.49 OK
r-devel-linux-x86_64-fedora-clang 0.1.0 38.97 OK
r-devel-linux-x86_64-fedora-gcc 0.1.0 28.13 OK
r-devel-windows-x86_64 0.1.0 3.00 30.00 33.00 OK
r-devel-windows-x86_64-gcc10-UCRT 0.1.0 ERROR
r-patched-linux-x86_64 0.1.0 2.46 21.67 24.13 OK
r-patched-solaris-x86 0.1.0 44.00 OK
r-release-linux-x86_64 0.1.0 2.33 21.73 24.06 OK
r-release-macos-arm64 0.1.0 OK
r-release-macos-x86_64 0.1.0 OK
r-release-windows-ix86+x86_64 0.1.0 5.00 30.00 35.00 OK
r-oldrel-macos-x86_64 0.1.0 OK
r-oldrel-windows-ix86+x86_64 0.1.0 5.00 31.00 36.00 OK

Check Details

Version: 0.1.0
Check: whether package can be installed
Result: WARN
    Found the following significant warnings:
     WARNING: installation-time patches will not be applied, could not get the patches index
Flavor: r-devel-windows-x86_64-gcc10-UCRT

Version: 0.1.0
Check: PDF version of manual
Result: WARN
    LaTeX errors when creating PDF version.
    This typically indicates Rd problems.
Flavor: r-devel-windows-x86_64-gcc10-UCRT

Version: 0.1.0
Check: PDF version of manual without hyperrefs or index
Result: ERROR
    Re-running with no redirection of stdout/stderr.
Flavor: r-devel-windows-x86_64-gcc10-UCRT