CRAN Package Check Results for Package ddiv

Last updated on 2020-11-28 19:46:58 CET.

Flavor Version Tinstall Tcheck Ttotal Status Flags
r-devel-linux-x86_64-debian-clang 0.1.0 3.00 46.56 49.56 OK
r-devel-linux-x86_64-debian-gcc 0.1.0 2.22 36.93 39.15 OK
r-devel-linux-x86_64-fedora-clang 0.1.0 66.37 NOTE
r-devel-linux-x86_64-fedora-gcc 0.1.0 58.92 NOTE
r-devel-windows-ix86+x86_64 0.1.0 5.00 60.00 65.00 OK
r-patched-linux-x86_64 0.1.0 3.00 45.37 48.37 OK
r-patched-solaris-x86 0.1.0 76.40 NOTE
r-release-linux-x86_64 0.1.0 3.34 46.32 49.66 OK
r-release-macos-x86_64 0.1.0 NOTE
r-release-windows-ix86+x86_64 0.1.0 6.00 51.00 57.00 OK
r-oldrel-macos-x86_64 0.1.0 NOTE
r-oldrel-windows-ix86+x86_64 0.1.0 5.00 67.00 72.00 OK

Check Details

Version: 0.1.0
Check: dependencies in R code
Result: NOTE
    Namespace in Imports field not imported from: ‘MASS’
     All declared Imports should be used.
Flavors: r-devel-linux-x86_64-fedora-clang, r-devel-linux-x86_64-fedora-gcc, r-patched-solaris-x86, r-release-macos-x86_64, r-oldrel-macos-x86_64