CRAN Package Check Results for Package dcurver

Last updated on 2024-02-27 19:54:35 CET.

Flavor Version Tinstall Tcheck Ttotal Status Flags
r-devel-linux-x86_64-debian-clang 0.9.2 54.50 29.33 83.83 NOTE
r-devel-linux-x86_64-debian-gcc 0.9.2 49.03 22.53 71.56 NOTE
r-devel-linux-x86_64-fedora-clang 0.9.2 132.08 NOTE
r-devel-linux-x86_64-fedora-gcc 0.9.2 131.04 NOTE
r-devel-windows-x86_64 0.9.2 47.00 66.00 113.00 NOTE
r-patched-linux-x86_64 0.9.2 63.33 28.46 91.79 NOTE
r-release-linux-x86_64 0.9.2 61.66 29.00 90.66 NOTE
r-release-macos-arm64 0.9.2 34.00 NOTE
r-release-macos-x86_64 0.9.2 52.00 NOTE
r-release-windows-x86_64 0.9.2 59.00 70.00 129.00 NOTE
r-oldrel-macos-arm64 0.9.2 33.00 OK
r-oldrel-windows-x86_64 0.9.2 59.00 68.00 127.00 OK

Check Details

Version: 0.9.2
Check: C++ specification
Result: NOTE Specified C++11: please drop specification unless essential Flavors: r-devel-linux-x86_64-debian-clang, r-devel-linux-x86_64-debian-gcc, r-devel-linux-x86_64-fedora-clang, r-devel-linux-x86_64-fedora-gcc, r-devel-windows-x86_64, r-patched-linux-x86_64, r-release-linux-x86_64, r-release-macos-arm64, r-release-macos-x86_64, r-release-windows-x86_64