CRAN Package Check Results for Package dcortools

Last updated on 2021-11-28 19:48:49 CET.

Flavor Version Tinstall Tcheck Ttotal Status Flags
r-devel-linux-x86_64-debian-clang 0.1.2 OK
r-devel-linux-x86_64-debian-gcc 0.1.2 46.20 43.84 90.04 OK
r-devel-linux-x86_64-fedora-clang 0.1.2 182.55 OK
r-devel-linux-x86_64-fedora-gcc 0.1.2 160.83 OK
r-devel-windows-x86_64-new-UL 0.1.2 94.00 126.00 220.00 OK
r-devel-windows-x86_64-new-TK 0.1.2 OK
r-devel-windows-x86_64-old 0.1.2 79.00 101.00 180.00 OK
r-patched-linux-x86_64 0.1.2 53.27 55.47 108.74 OK
r-patched-solaris-x86 0.1.2 169.60 WARN
r-release-linux-x86_64 0.1.2 61.49 55.27 116.76 OK
r-release-macos-arm64 0.1.2 WARN
r-release-macos-x86_64 0.1.2 WARN
r-release-windows-ix86+x86_64 0.1.2 165.00 94.00 259.00 OK
r-oldrel-macos-x86_64 0.1.2 WARN
r-oldrel-windows-ix86+x86_64 0.1.2 148.00 109.00 257.00 OK

Check Details

Version: 0.1.2
Check: compiled code
Result: WARN
    File ‘dcortools/libs/dcortools.so’:
     Found ‘__assert_c99’, possibly from ‘assert’ (C)
     Objects: ‘RcppExports.o’, ‘matrix_vector_operations.o’
    
    Compiled code should not call entry points which might terminate R nor
    write to stdout/stderr instead of to the console, nor use Fortran I/O
    nor system RNGs.
    
    See ‘Writing portable packages’ in the ‘Writing R Extensions’ manual.
Flavor: r-patched-solaris-x86

Version: 0.1.2
Check: compiled code
Result: WARN
    File ‘dcortools/libs/dcortools.so’:
     Found ‘___assert_rtn’, possibly from ‘assert’ (C)
     Objects: ‘RcppExports.o’, ‘matrix_vector_operations.o’
    
    Compiled code should not call entry points which might terminate R nor
    write to stdout/stderr instead of to the console, nor use Fortran I/O
    nor system RNGs.
    
    See ‘Writing portable packages’ in the ‘Writing R Extensions’ manual.
Flavors: r-release-macos-arm64, r-release-macos-x86_64, r-oldrel-macos-x86_64