CRAN Package Check Results for Package dclust

Last updated on 2022-01-23 19:48:26 CET.

Flavor Version Tinstall Tcheck Ttotal Status Flags
r-devel-linux-x86_64-debian-clang 0.1.0 2.82 37.92 40.74 NOTE
r-devel-linux-x86_64-debian-gcc 0.1.0 2.38 32.70 35.08 NOTE
r-devel-linux-x86_64-fedora-clang 0.1.0 50.94 NOTE
r-devel-linux-x86_64-fedora-gcc 0.1.0 38.45 NOTE
r-devel-windows-x86_64-new-UL 0.1.0 12.00 57.00 69.00 NOTE
r-devel-windows-x86_64-new-TK 0.1.0 NOTE
r-patched-linux-x86_64 0.1.0 2.94 36.19 39.13 NOTE
r-release-linux-x86_64 0.1.0 2.55 37.01 39.56 NOTE
r-release-macos-arm64 0.1.0 NOTE
r-release-macos-x86_64 0.1.0 NOTE
r-release-windows-ix86+x86_64 0.1.0 7.00 47.00 54.00 NOTE
r-oldrel-macos-x86_64 0.1.0 OK
r-oldrel-windows-ix86+x86_64 0.1.0 8.00 49.00 57.00 OK

Check Details

Version: 0.1.0
Check: LazyData
Result: NOTE
     'LazyData' is specified without a 'data' directory
Flavors: r-devel-linux-x86_64-debian-clang, r-devel-linux-x86_64-debian-gcc, r-devel-linux-x86_64-fedora-clang, r-devel-linux-x86_64-fedora-gcc, r-devel-windows-x86_64-new-UL, r-devel-windows-x86_64-new-TK, r-patched-linux-x86_64, r-release-linux-x86_64, r-release-macos-arm64, r-release-macos-x86_64, r-release-windows-ix86+x86_64