CRAN Package Check Results for Package dclone

Last updated on 2020-11-28 19:46:58 CET.

Flavor Version Tinstall Tcheck Ttotal Status Flags
r-devel-linux-x86_64-debian-clang 2.3-0 19.00 129.73 148.73 OK
r-devel-linux-x86_64-debian-gcc 2.3-0 15.84 98.19 114.03 OK
r-devel-linux-x86_64-fedora-clang 2.3-0 187.69 OK
r-devel-linux-x86_64-fedora-gcc 2.3-0 175.12 OK
r-devel-windows-ix86+x86_64 2.3-0 37.00 150.00 187.00 OK
r-patched-linux-x86_64 2.3-0 16.44 123.46 139.90 OK
r-patched-solaris-x86 2.3-0 248.60 NOTE
r-release-linux-x86_64 2.3-0 11.02 121.54 132.56 OK
r-release-macos-x86_64 2.3-0 NOTE
r-release-windows-ix86+x86_64 2.3-0 28.00 128.00 156.00 OK
r-oldrel-macos-x86_64 2.3-0 NOTE
r-oldrel-windows-ix86+x86_64 2.3-0 30.00 149.00 179.00 OK

Check Details

Version: 2.3-0
Check: package dependencies
Result: NOTE
    Package suggested but not available for checking: ‘BRugs’
Flavors: r-patched-solaris-x86, r-release-macos-x86_64, r-oldrel-macos-x86_64