CRAN Package Check Results for Package dclone

Last updated on 2024-02-26 07:49:58 CET.

Flavor Version Tinstall Tcheck Ttotal Status Flags
r-devel-linux-x86_64-debian-clang 2.3-2 33.55 212.16 245.71 OK
r-devel-linux-x86_64-debian-gcc 2.3-2 27.85 154.38 182.23 OK
r-devel-linux-x86_64-fedora-clang 2.3-2 307.07 OK
r-devel-linux-x86_64-fedora-gcc 2.3-2 296.97 OK
r-devel-windows-x86_64 2.3-2 22.00 160.00 182.00 NOTE
r-patched-linux-x86_64 2.3-2 38.08 203.28 241.36 OK
r-release-linux-x86_64 2.3-2 37.66 203.92 241.58 OK
r-release-macos-arm64 2.3-2 55.00 NOTE
r-release-macos-x86_64 2.3-2 137.00 NOTE
r-release-windows-x86_64 2.3-2 27.00 193.00 220.00 NOTE
r-oldrel-macos-arm64 2.3-2 57.00 NOTE
r-oldrel-windows-x86_64 2.3-2 28.00 195.00 223.00 NOTE

Check Details

Version: 2.3-2
Check: package dependencies
Result: NOTE Package suggested but not available for checking: 'BRugs' Flavors: r-devel-windows-x86_64, r-release-macos-arm64, r-release-macos-x86_64, r-release-windows-x86_64, r-oldrel-macos-arm64, r-oldrel-windows-x86_64