CRAN Package Check Results for Package dcGOR

Last updated on 2020-07-14 09:50:24 CEST.

Flavor Version Tinstall Tcheck Ttotal Status Flags
r-devel-linux-x86_64-debian-clang 1.0.6 19.56 139.03 158.59 OK
r-devel-linux-x86_64-debian-gcc 1.0.6 17.48 107.30 124.78 OK
r-devel-linux-x86_64-fedora-clang 1.0.6 202.60 NOTE
r-devel-linux-x86_64-fedora-gcc 1.0.6 196.40 OK
r-devel-windows-ix86+x86_64 1.0.6 46.00 218.00 264.00 NOTE
r-patched-linux-x86_64 1.0.6 18.20 136.02 154.22 OK
r-patched-solaris-x86 1.0.6 271.60 NOTE
r-release-linux-x86_64 1.0.6 17.41 135.84 153.25 OK
r-release-macos-x86_64 1.0.6 ERROR
r-release-windows-ix86+x86_64 1.0.6 53.00 165.00 218.00 NOTE
r-oldrel-macos-x86_64 1.0.6 NOTE
r-oldrel-windows-ix86+x86_64 1.0.6 38.00 193.00 231.00 NOTE

Check Details

Version: 1.0.6
Check: installed package size
Result: NOTE
     installed size is 5.4Mb
     sub-directories of 1Mb or more:
     data 4.1Mb
Flavors: r-devel-linux-x86_64-fedora-clang, r-devel-windows-ix86+x86_64, r-patched-solaris-x86, r-release-windows-ix86+x86_64, r-oldrel-macos-x86_64, r-oldrel-windows-ix86+x86_64

Version: 1.0.6
Check: package dependencies
Result: NOTE
    Package suggested but not available for checking: 'doMC'
Flavors: r-devel-windows-ix86+x86_64, r-release-windows-ix86+x86_64, r-oldrel-windows-ix86+x86_64

Version: 1.0.6
Check: whether package can be installed
Result: ERROR
    Installation failed.
Flavor: r-release-macos-x86_64