Last updated on 2023-01-27 08:52:34 CET.
Flavor | Version | Tinstall | Tcheck | Ttotal | Status | Flags |
---|---|---|---|---|---|---|
r-devel-linux-x86_64-debian-clang | 2.3.0 | 25.20 | 283.27 | 308.47 | OK | |
r-devel-linux-x86_64-debian-gcc | 2.3.0 | 17.04 | 204.65 | 221.69 | OK | |
r-devel-linux-x86_64-fedora-clang | 2.3.0 | 408.01 | OK | |||
r-devel-linux-x86_64-fedora-gcc | 2.3.0 | 372.58 | OK | |||
r-devel-windows-x86_64 | 2.3.0 | 221.00 | 313.00 | 534.00 | OK | |
r-patched-linux-x86_64 | 2.3.0 | 30.56 | 266.17 | 296.73 | OK | |
r-release-linux-x86_64 | 2.3.0 | 24.14 | 247.37 | 271.51 | OK | |
r-release-macos-arm64 | 2.3.0 | 125.00 | OK | |||
r-release-macos-x86_64 | 2.3.0 | 118.00 | OK | |||
r-release-windows-x86_64 | 2.3.0 | 234.00 | 309.00 | 543.00 | OK | |
r-oldrel-macos-arm64 | 2.3.0 | 89.00 | OK | |||
r-oldrel-macos-x86_64 | 2.3.0 | 130.00 | OK | |||
r-oldrel-windows-ix86+x86_64 | 2.3.0 | 41.00 | 326.00 | 367.00 | WARN |
Version: 2.3.0
Check: for unstated dependencies in ‘tests’
Result: WARN
Warning: unable to access index for repository https://bioconductor.org/packages/3.14/bioc/src/contrib:
cannot open URL 'https://bioconductor.org/packages/3.14/bioc/src/contrib/PACKAGES'
Warning: unable to access index for repository https://bioconductor.org/packages/3.14/data/annotation/src/contrib:
cannot open URL 'https://bioconductor.org/packages/3.14/data/annotation/src/contrib/PACKAGES'
Warning: unable to access index for repository https://bioconductor.org/packages/3.14/data/experiment/src/contrib:
cannot open URL 'https://bioconductor.org/packages/3.14/data/experiment/src/contrib/PACKAGES'
Flavor: r-oldrel-windows-ix86+x86_64