CRAN Package Check Results for Package dbhydroR

Last updated on 2023-09-27 21:01:21 CEST.

Flavor Version Tinstall Tcheck Ttotal Status Flags
r-devel-linux-x86_64-debian-clang 0.2-8 4.98 52.75 57.73 NOTE
r-devel-linux-x86_64-debian-gcc 0.2-8 3.93 41.05 44.98 NOTE
r-devel-linux-x86_64-fedora-clang 0.2-8 71.44 NOTE
r-devel-linux-x86_64-fedora-gcc 0.2-8 86.02 NOTE
r-devel-windows-x86_64 0.2-8 6.00 59.00 65.00 NOTE
r-patched-linux-x86_64 0.2-8 4.75 51.56 56.31 NOTE
r-release-linux-x86_64 0.2-8 5.38 51.93 57.31 NOTE
r-release-macos-arm64 0.2-8 32.00 NOTE
r-release-macos-x86_64 0.2-8 48.00 NOTE
r-release-windows-x86_64 0.2-8 7.00 65.00 72.00 NOTE
r-oldrel-macos-arm64 0.2-8 23.00 NOTE
r-oldrel-macos-x86_64 0.2-8 32.00 NOTE
r-oldrel-windows-x86_64 0.2-8 8.00 71.00 79.00 NOTE

Check Details

Version: 0.2-8
Check: LazyData
Result: NOTE
     'LazyData' is specified without a 'data' directory
Flavors: r-devel-linux-x86_64-debian-clang, r-devel-linux-x86_64-debian-gcc, r-devel-linux-x86_64-fedora-clang, r-devel-linux-x86_64-fedora-gcc, r-devel-windows-x86_64, r-patched-linux-x86_64, r-release-linux-x86_64, r-release-macos-arm64, r-release-macos-x86_64, r-release-windows-x86_64, r-oldrel-macos-arm64, r-oldrel-macos-x86_64, r-oldrel-windows-x86_64