CRAN Package Check Results for Package dbglm

Last updated on 2023-01-26 19:49:24 CET.

Flavor Version Tinstall Tcheck Ttotal Status Flags
r-devel-linux-x86_64-debian-clang 1.0.0 6.43 57.15 63.58 OK
r-devel-linux-x86_64-debian-gcc 1.0.0 5.22 43.43 48.65 OK
r-devel-linux-x86_64-fedora-clang 1.0.0 87.66 NOTE
r-devel-linux-x86_64-fedora-gcc 1.0.0 78.75 NOTE
r-devel-windows-x86_64 1.0.0 12.00 85.00 97.00 OK
r-patched-linux-x86_64 1.0.0 5.87 56.64 62.51 OK
r-release-linux-x86_64 1.0.0 4.84 58.07 62.91 OK
r-release-macos-arm64 1.0.0 29.00 NOTE
r-release-macos-x86_64 1.0.0 48.00 NOTE
r-release-windows-x86_64 1.0.0 12.00 88.00 100.00 OK
r-oldrel-macos-arm64 1.0.0 33.00 NOTE
r-oldrel-macos-x86_64 1.0.0 33.00 NOTE
r-oldrel-windows-ix86+x86_64 1.0.0 17.00 89.00 106.00 OK

Check Details

Version: 1.0.0
Check: dependencies in R code
Result: NOTE
    Namespaces in Imports field not imported from:
     ‘knitr’ ‘tidyverse’ ‘vctrs’
     All declared Imports should be used.
Flavors: r-devel-linux-x86_64-fedora-clang, r-devel-linux-x86_64-fedora-gcc, r-release-macos-arm64, r-release-macos-x86_64, r-oldrel-macos-arm64, r-oldrel-macos-x86_64