CRAN Package Check Results for Package datetime

Last updated on 2022-07-04 21:49:39 CEST.

Flavor Version Tinstall Tcheck Ttotal Status Flags
r-devel-linux-x86_64-debian-clang 0.1.4 2.01 22.87 24.88 NOTE
r-devel-linux-x86_64-debian-gcc 0.1.4 1.88 17.85 19.73 NOTE
r-devel-linux-x86_64-fedora-clang 0.1.4 42.57 NOTE
r-devel-linux-x86_64-fedora-gcc 0.1.4 41.67 NOTE
r-devel-windows-x86_64 0.1.4 28.00 51.00 79.00 NOTE
r-patched-linux-x86_64 0.1.4 2.62 21.77 24.39 NOTE
r-release-linux-x86_64 0.1.4 2.18 21.89 24.07 NOTE
r-release-macos-arm64 0.1.4 16.00 NOTE
r-release-macos-x86_64 0.1.4 21.00 NOTE
r-release-windows-x86_64 0.1.4 33.00 53.00 86.00 NOTE
r-oldrel-macos-arm64 0.1.4 18.00 NOTE
r-oldrel-macos-x86_64 0.1.4 30.00 NOTE
r-oldrel-windows-ix86+x86_64 0.1.4 6.00 45.00 51.00 NOTE

Check Details

Version: 0.1.4
Check: package dependencies
Result: NOTE
    Package suggested but not available for checking: 'SASxport'
Flavors: r-devel-linux-x86_64-debian-clang, r-devel-linux-x86_64-debian-gcc, r-devel-linux-x86_64-fedora-clang, r-devel-linux-x86_64-fedora-gcc, r-patched-linux-x86_64, r-release-linux-x86_64, r-release-macos-x86_64

Version: 0.1.4
Check: LazyData
Result: NOTE
     'LazyData' is specified without a 'data' directory
Flavors: r-devel-linux-x86_64-debian-clang, r-devel-linux-x86_64-debian-gcc, r-devel-linux-x86_64-fedora-clang, r-devel-linux-x86_64-fedora-gcc, r-devel-windows-x86_64, r-patched-linux-x86_64, r-release-linux-x86_64, r-release-macos-arm64, r-release-macos-x86_64, r-release-windows-x86_64, r-oldrel-macos-arm64, r-oldrel-macos-x86_64, r-oldrel-windows-ix86+x86_64