CRAN Package Check Results for Package datelife

Last updated on 2024-02-26 19:50:06 CET.

Flavor Version Tinstall Tcheck Ttotal Status Flags
r-devel-linux-x86_64-debian-clang 0.6.8 22.49 125.53 148.02 NOTE
r-devel-linux-x86_64-debian-gcc 0.6.8 20.00 94.69 114.69 NOTE
r-devel-linux-x86_64-fedora-clang 0.6.8 180.29 NOTE
r-devel-linux-x86_64-fedora-gcc 0.6.8 204.59 NOTE
r-devel-windows-x86_64 0.6.8 23.00 334.00 357.00 OK
r-patched-linux-x86_64 0.6.8 32.95 123.14 156.09 OK
r-release-linux-x86_64 0.6.8 22.60 122.22 144.82 OK
r-release-macos-arm64 0.6.8 214.00 NOTE
r-release-macos-x86_64 0.6.8 265.00 NOTE
r-release-windows-x86_64 0.6.8 30.00 360.00 390.00 OK
r-oldrel-macos-arm64 0.6.8 216.00 NOTE
r-oldrel-windows-x86_64 0.6.8 31.00 332.00 363.00 OK

Check Details

Version: 0.6.8
Check: Rd files
Result: NOTE checkRd: (-1) is_datelife_query.Rd:17: Lost braces; missing escapes or markup? 17 | First, that \code{input} is of class {datelifeQuery}. | ^ Flavors: r-devel-linux-x86_64-debian-clang, r-devel-linux-x86_64-debian-gcc, r-devel-linux-x86_64-fedora-clang, r-devel-linux-x86_64-fedora-gcc

Version: 0.6.8
Check: package dependencies
Result: NOTE Imports includes 22 non-default packages. Importing from so many packages makes the package vulnerable to any of them becoming unavailable. Move as many as possible to Suggests and use conditionally. Flavor: r-devel-linux-x86_64-fedora-clang

Version: 0.6.8
Check: data for non-ASCII characters
Result: NOTE Note: found 2596 marked UTF-8 strings Flavors: r-devel-linux-x86_64-fedora-clang, r-devel-linux-x86_64-fedora-gcc

Version: 0.6.8
Check: package dependencies
Result: NOTE Package suggested but not available for checking: ‘msa’ Flavors: r-release-macos-arm64, r-release-macos-x86_64, r-oldrel-macos-arm64

Version: 0.6.8
Check: installed package size
Result: NOTE installed size is 5.6Mb sub-directories of 1Mb or more: data 3.5Mb Flavors: r-release-macos-arm64, r-release-macos-x86_64, r-oldrel-macos-arm64