CRAN Package Check Results for Package datadigest

Last updated on 2021-09-26 20:49:05 CEST.

Flavor Version Tinstall Tcheck Ttotal Status Flags
r-devel-linux-x86_64-debian-clang 1.0.2 10.45 103.73 114.18 NOTE
r-devel-linux-x86_64-debian-gcc 1.0.2 9.43 79.45 88.88 NOTE
r-devel-linux-x86_64-fedora-clang 1.0.2 143.11 NOTE
r-devel-linux-x86_64-fedora-gcc 1.0.2 130.21 NOTE
r-devel-windows-x86_64 1.0.2 13.00 100.00 113.00 WARN
r-devel-windows-x86_64-gcc10-UCRT 1.0.2 NOTE
r-patched-linux-x86_64 1.0.2 12.26 96.52 108.78 NOTE
r-patched-solaris-x86 1.0.2 195.80 NOTE
r-release-linux-x86_64 1.0.2 11.98 96.01 107.99 NOTE
r-release-macos-arm64 1.0.2 NOTE
r-release-macos-x86_64 1.0.2 NOTE
r-release-windows-ix86+x86_64 1.0.2 29.00 87.00 116.00 WARN
r-oldrel-macos-x86_64 1.0.2 NOTE
r-oldrel-windows-ix86+x86_64 1.0.2 19.00 95.00 114.00 WARN

Check Details

Version: 1.0.2
Check: LazyData
Result: NOTE
     'LazyData' is specified without a 'data' directory
Flavors: r-devel-linux-x86_64-debian-clang, r-devel-linux-x86_64-debian-gcc, r-devel-linux-x86_64-fedora-clang, r-devel-linux-x86_64-fedora-gcc, r-devel-windows-x86_64, r-devel-windows-x86_64-gcc10-UCRT, r-patched-linux-x86_64, r-patched-solaris-x86, r-release-linux-x86_64, r-release-macos-arm64, r-release-macos-x86_64, r-release-windows-ix86+x86_64

Version: 1.0.2
Check: package vignettes
Result: NOTE
    Package vignette with placeholder title 'Vignette Title':
     'datadigest.Rmd'
Flavors: r-devel-linux-x86_64-debian-clang, r-devel-linux-x86_64-debian-gcc, r-devel-windows-x86_64, r-patched-linux-x86_64, r-release-linux-x86_64, r-release-windows-ix86+x86_64, r-oldrel-windows-ix86+x86_64

Version: 1.0.2
Check: dependencies in R code
Result: NOTE
    Namespace in Imports field not imported from: ‘miniUI’
     All declared Imports should be used.
Flavors: r-devel-linux-x86_64-fedora-clang, r-devel-linux-x86_64-fedora-gcc, r-devel-windows-x86_64-gcc10-UCRT, r-patched-solaris-x86, r-release-macos-arm64, r-release-macos-x86_64, r-oldrel-macos-x86_64

Version: 1.0.2
Check: re-building of vignette outputs
Result: WARN
    Error(s) in re-building vignettes:
    --- re-building 'datadigest.Rmd' using rmarkdown
    pandoc.exe: Unknown extension: gfm_auto_identifiers
    Error: processing vignette 'datadigest.Rmd' failed with diagnostics:
    pandoc document conversion failed with error 7
    --- failed re-building 'datadigest.Rmd'
    
    SUMMARY: processing the following file failed:
     'datadigest.Rmd'
    
    Error: Vignette re-building failed.
    Execution halted
Flavors: r-devel-windows-x86_64, r-release-windows-ix86+x86_64, r-oldrel-windows-ix86+x86_64