CRAN Package Check Results for Package datacleanr

Last updated on 2021-11-30 07:49:49 CET.

Flavor Version Tinstall Tcheck Ttotal Status Flags
r-devel-linux-x86_64-debian-clang 1.0.3 5.49 44.80 50.29 OK
r-devel-linux-x86_64-debian-gcc 1.0.3 4.24 34.46 38.70 OK
r-devel-linux-x86_64-fedora-clang 1.0.3 71.13 NOTE
r-devel-linux-x86_64-fedora-gcc 1.0.3 59.16 NOTE
r-devel-windows-x86_64-new-UL 1.0.3 18.00 82.00 100.00 OK
r-devel-windows-x86_64-new-TK 1.0.3 NOTE
r-devel-windows-x86_64-old 1.0.3 10.00 45.00 55.00 OK
r-patched-linux-x86_64 1.0.3 9.04 41.50 50.54 OK
r-patched-solaris-x86 1.0.3 85.20 NOTE
r-release-linux-x86_64 1.0.3 4.90 41.86 46.76 OK
r-release-macos-arm64 1.0.3 NOTE
r-release-macos-x86_64 1.0.3 NOTE
r-release-windows-ix86+x86_64 1.0.3 11.00 49.00 60.00 OK
r-oldrel-macos-x86_64 1.0.3 NOTE
r-oldrel-windows-ix86+x86_64 1.0.3 8.00 44.00 52.00 OK

Check Details

Version: 1.0.3
Check: dependencies in R code
Result: NOTE
    Namespace in Imports field not imported from: ‘htmltools’
     All declared Imports should be used.
Flavors: r-devel-linux-x86_64-fedora-clang, r-devel-linux-x86_64-fedora-gcc, r-devel-windows-x86_64-new-TK, r-patched-solaris-x86, r-release-macos-arm64, r-release-macos-x86_64, r-oldrel-macos-x86_64