CRAN Package Check Results for Package data.table

Last updated on 2019-10-21 09:51:10 CEST.

Flavor Version Tinstall Tcheck Ttotal Status Flags
r-devel-linux-x86_64-debian-clang 1.12.6 37.55 517.48 555.03 OK
r-devel-linux-x86_64-debian-gcc 1.12.6 27.49 691.74 719.23 OK
r-devel-linux-x86_64-fedora-clang 1.12.6 463.76 OK
r-devel-linux-x86_64-fedora-gcc 1.12.6 475.25 OK
r-devel-windows-ix86+x86_64 1.12.6 122.00 637.00 759.00 OK
r-patched-linux-x86_64 1.12.4 32.61 576.05 608.66 OK
r-patched-solaris-x86 1.12.6 381.40 ERROR
r-release-linux-x86_64 1.12.4 32.46 591.43 623.89 OK
r-release-windows-ix86+x86_64 1.12.4 145.00 411.00 556.00 OK
r-release-osx-x86_64 1.12.6 OK
r-oldrel-windows-ix86+x86_64 1.12.6 121.00 609.00 730.00 OK
r-oldrel-osx-x86_64 1.12.6 OK

Check Details

Version: 1.12.6
Check: tests
Result: ERROR
     Running ‘autoprint.R’
     Comparing ‘autoprint.Rout’ to ‘autoprint.Rout.save’ ... OK
     Running ‘froll.R’ [35s/35s]
     Running ‘knitr.R’
     Comparing ‘knitr.Rout’ to ‘knitr.Rout.save’ ... OK
     Running ‘main.R’ [52s/52s]
     Running ‘nafill.R’
     Running ‘other.R’
     Running ‘types.R’
    Running the tests in ‘tests/main.R’ failed.
    Complete output:
     > require(data.table)
     Loading required package: data.table
     >
     > test.data.table() # runs the main test suite of 5,000+ tests in /inst/tests/tests.Rraw
     getDTthreads(verbose=TRUE):
     omp_get_num_procs() 16
     R_DATATABLE_NUM_PROCS_PERCENT unset (default 50)
     R_DATATABLE_NUM_THREADS unset
     omp_get_thread_limit() 2
     omp_get_max_threads() 2
     OMP_THREAD_LIMIT 2
     OMP_NUM_THREADS unset
     RestoreAfterFork true
     data.table is using 2 threads. See ?setDTthreads.
     test.data.table() running: /home/ripley/R/Lib32/data.table/tests/tests.Rraw.bz2
    
     Running test id 1.1
     Running test id 1.2
     Running test id 2.1
     Running test id 2.2
     Running test id 3
     Running test id 4
     Running test id 5
     Running test id 6
     Running test id 7
     Running test id 8
     Running test id 9
     Running test id 10
     Running test id 11
     Running test id 12
     Running test id 13
     Running test id 14
     Running test id 15
     Running test id 16
     Running test id 18.1
     Running test id 18.2
     Running test id 19.1
     Running test id 19.2
     Running test id 20.1
     Running test id 20.2
     Running test id 21.1
     Running test id 21.2
     Running test id 22.1
     Running test id 22.2
     Running test id 23.1
     Running test id 23.2
     Running test id 24.1
     Running test id 24.2
     Running test id 25
     Running test id 26
     Running test id 27
     Running test id 28
     Running test id 29
     Running test id 30
     Running test id 31
     Running test id 32
     Running test id 33
     Running test id 34
     Running test id 35
     Running test id 36
     Running test id 37
     Running test id 38
     Running test id 39
     Running test id 40
     Running test id 41
     Running test id 42.1
     Running test id 42.2
     Running test id 43.1
     Running test id 43.2
     Running test id 45.1
     Running test id 45.2
     Running test id 46.1
     Running test id 46.2
     Running test id 47.1
     Running test id 47.2
     Running test id 48.1
     Running test id 48.2
     Running test id 49.1
     Running test id 49.2
     Running test id 50.1
     Running test id 50.2
     Running test id 51.1
     Running test id 51.2
     Running test id 52.1
     Running test id 52.2
     Running test id 53
     Running test id 54
     Running test id 55
     Running test id 56
     Running test id 57
     Running test id 59
     Running test id 68
     Running test id 69.1
     Running test id 69.2
     Running test id 69.3
     Running test id 69.4
     Running test id 69.5
     Running test id 69.6
     Running test id 69.7
     Running test id 70
     Running test id 71
     Running test id 72
     Running test id 73
     Running test id 74
     Running test id 74.1
     Running test id 74.2
     Running test id 74.3
     Running test id 75
     Running test id 76
     Running test id 77
     Running test id 78
     Running test id 79.1
     Running test id 79.2
     Running test id 79.3
     Running test id 82
     Running test id 83
     Running test id 83.1
     Running test id 83.2
     Running test id 84
     Running test id 86
     Running test id 87
     Running test id 88
     Running test id 88.5
     Running test id 90
     Running test id 90.5
     Running test id 91
     Running test id 93
     Running test id 94
     Running test id 95
     Running test id 96
     Running test id 97
     Running test id 98
     Running test id 99
     Running test id 100
     Running test id 101
     Running test id 102
     Running test id 103
     Running test id 104.1
     Running test id 104.2
     Running test id 105
     Running test id 106
     Running test id 107
     Running test id 108
     Running test id 109
     Running test id 110
     Running test id 111
     Running test id 112
     Running test id 113
     Running test id 115
     Running test id 116
     Running test id 117
     Running test id 118
     Running test id 119
     Running test id 122
     Running test id 123
     Running test id 124
     Running test id 125
     Running test id 127
     Running test id 128
     Running test id 129
     Running test id 130
     Running test id 131
     Running test id 132
     Running test id 133
     Running test id 134
     Running test id 134.5
     Running test id 135
     Running test id 136
     Running test id 137
     Running test id 138
     Running test id 139
     Running test id 140
     Running test id 141
     Running test id 142
     Running test id 143
     Running test id 144
     Running test id 145
     Running test id 146
     Running test id 147
     Running test id 148
     Running test id 149
     Running test id 150
     Running test id 151
     Running test id 152
     Running test id 153
     Running test id 154
     Running test id 155
     Running test id 156
     Running test id 157
     Running test id 158
     Running test id 158.5
     Running test id 159
     Running test id 160
     Running test id 161
     Running test id 162
     Running test id 163
     Running test id 164
     Running test id 165
     Running test id 166
     Running test id 167.1
     Running test id 167.2
     Running test id 167.3
     Running test id 168.1
     Running test id 168.2
     Running test id 168.3
     Running test id 169
     Running test id 170
     Running test id 171.1
     Running test id 171.2
     Running test id 171.3
     Running test id 172
     Running test id 173
     Running test id 174
     Running test id 175
     Running test id 176
     Running test id 177
     Running test id 178
     Running test id 179
     Running test id 180
     Running test id 181
     Running test id 182
     Running test id 183
     Running test id 184
     Running test id 202
     Running test id 203
     Running test id 204
     Running test id 205
     Running test id 206
     Running test id 207
     Running test id 208
     Running test id 209
     Running test id 210
     Running test id 211
     Running test id 212
     Running test id 213
     Running test id 215
     Running test id 216
     Running test id 217
     Running test id 218
     Running test id 220
     Running test id 221
     Running test id 222
     Running test id 223
     Running test id 224
     Running test id 225
     Running test id 226
     Running test id 227
     Running test id 228
     Running test id 229
     Running test id 229.1
     Running test id 230
     Running test id 231
     Running test id 232
     Running test id 233
     Running test id 234
     Running test id 235
     Running test id 236
     Running test id 237
     Running test id 238
     Running test id 239
     Running test id 240
     Running test id 241
     Running test id 242
     Running test id 243
     Running test id 246.1
     Running test id 246.2
     Running test id 247
     Running test id 248
     Running test id 249
     Running test id 250
     Running test id 251
     Running test id 252
     Running test id 253
     Running test id 254
     Running test id 255
     Running test id 256
     Running test id 257
     Running test id 258
     Running test id 259
     Running test id 260
     Running test id 261
     Running test id 262
     Running test id 263
     Running test id 264
     Running test id 265
     Running test id 266
     Running test id 267
     Running test id 268
     Running test id 269
     Running test id 270
     Running test id 271
     Running test id 272
     Running test id 273
     Running test id 274
     Running test id 275
     Running test id 276
     Running test id 277
     Running test id 278
     Running test id 279
     Running test id 280
     Running test id 281
     Running test id 282
     Running test id 283
     Running test id 284
     Running test id 285
     Running test id 286
     Running test id 287
     Running test id 288
     Running test id 289
     Running test id 290
     Running test id 291
     Running test id 292
     Running test id 293
     Running test id 294
     Running test id 295
     Running test id 295.1
     Running test id 295.2
     Running test id 295.3
     Running test id 296
     Running test id 297
     Running test id 298
     Running test id 299.01
     Running test id 299.02
     Running test id 299.03
     Running test id 299.04
     Running test id 299.05
     Running test id 299.06
     Running test id 299.07
     Running test id 299.08
     Running test id 299.09
     Running test id 299.1
     Running test id 299.11
     Running test id 299.12
     Running test id 300
     Running test id 300.1
     Running test id 301
     Running test id 301.1
     Running test id 302
     Running test id 303
     Running test id 305
     Running test id 306
     Running test id 307
     Running test id 308
     Running test id 309
     Running test id 310
     Running test id 311
     Running test id 312
     Running test id 313
     Running test id 314
     Running test id 315
     Running test id 316
     Running test id 317
     Running test id 318
     Running test id 319
     Running test id 320
     Running test id 321
     Running test id 322
     Running test id 323
     Running test id 324
     Running test id 325
     Running test id 326
     Running test id 327
     Running test id 328
     Running test id 329
     Running test id 330
     Running test id 332
     Running test id 333
     Running test id 334
     Running test id 335
     Running test id 336
     Running test id 337
     Running test id 338
     Running test id 339
     Running test id 340
     Running test id 341
     Running test id 342
     Running test id 343
     Running test id 344
     Running test id 345
     Running test id 346
     Running test id 349
     Running test id 350
     Running test id 350.1
     Running test id 350.2
     Running test id 350.3
     Running test id 350.4
     Running test id 350.5
     Running test id 350.6
     Running test id 351.1
     Running test id 351.2
     Running test id 352.1
     Running test id 352.2
     Running test id 353
     Running test id 354
     Running test id 355
     Running test id 355.5
     Running test id 355.6
     Running test id 356
     Running test id 356.5
     Running test id 357
     Running test id 358
     Running test id 359
     Running test id 360
     Running test id 361
     Running test id 362
     Running test id 363
     Running test id 364
     Running test id 365
     Running test id 366
     Running test id 367
     Running test id 368
     Running test id 369
     Running test id 370
     Running test id 371
     Running test id 372
     Running test id 373
     Running test id 374
     Running test id 375
     Running test id 376
     Running test id 377
     Running test id 378
     Running test id 379
     Running test id 380
     Running test id 381
     Running test id 382
     Running test id 383
     Running test id 384
     Running test id 385
     Running test id 386.1
     Running test id 386.2
     Running test id 387
     Running test id 388
     Running test id 395
     Running test id 396
     Running test id 397.2
     Running test id 398.2
     Running test id 399
     Running test id 400
     Running test id 401
     Running test id 402
     Running test id 403
     Running test id 404
     Running test id 405
     Running test id 406
     Running test id 407
     Running test id 408
     Running test id 408.5
     Running test id 409
     Running test id 410
     Running test id 411
     Running test id 412
     Running test id 413.1
     Running test id 413.2
     Running test id 413.3
     Running test id 413.4
     Running test id 413.5
     Running test id 414.1
     Running test id 414.2
     Running test id 415
     Running test id 416
     Running test id 417
     Running test id 418
     Running test id 419
     Running test id 420
     Running test id 421
     Running test id 422
     Running test id 423
     Running test id 424.1
     Running test id 424.2
     Running test id 425
     Running test id 426
     Running test id 427.1
     Running test id 427.2
     Running test id 428
     Running test id 429
     Running test id 430.1
     Running test id 430.2
     Running test id 430.3
     Running test id 430.4
     Running test id 430.5
     Running test id 431.1
     Running test id 431.2
     Running test id 431.3
     Running test id 431.4
     Running test id 431.5
     Running test id 432.1
     Running test id 432.2
     Running test id 432.3
     Running test id 432.4
     Running test id 432.5
     Running test id 433.1
     Running test id 433.2
     Running test id 433.3
     Running test id 433.4
     Running test id 433.5
     Running test id 434.1
     Running test id 434.2
     Running test id 434.3
     Running test id 434.4
     Running test id 434.5
     Running test id 437.1
     Running test id 437.2
     Running test id 438
     Running test id 439
     Running test id 440
     Running test id 441
     Running test id 442
     Running test id 443
     Running test id 444
     Running test id 445
     Running test id 446
     Running test id 450
     Running test id 451
     Running test id 452
     Running test id 453
     Running test id 453.1
     Running test id 453.2
     Running test id 454
     Running test id 455
     Running test id 456
     Running test id 457
     Running test id 458
     Running test id 459
     Running test id 460
     Running test id 461
     Running test id 462
     Running test id 463
     Running test id 464
     Running test id 465
     Running test id 466
     Running test id 467
     Running test id 468
     Running test id 469
     Running test id 470
     Running test id 471.1
     Running test id 471.2
     Running test id 471.3
     Running test id 472
     Running test id 473.1
     Running test id 473.2
     Running test id 474
     Running test id 475
     Running test id 476
     Running test id 477
     Running test id 478
     Running test id 479
     Running test id 481
     Running test id 482
     Running test id 483.1
     Running test id 483.2
     Running test id 484
     Running test id 485
     Running test id 486
     Running test id 487
     Running test id 488
     Running test id 489
     Running test id 490
     Running test id 491
     Running test id 492
     Running test id 493
     Running test id 494
     Running test id 495.1
     Running test id 495.2
     Running test id 496
     Running test id 497
     Running test id 498.1
     Running test id 498.2
     Running test id 498.3
     Running test id 498.4
     Running test id 499
     Running test id 500
     Running test id 501
     Running test id 501.5
     Running test id 502
     Running test id 503
     Running test id 504
     Running test id 505
     Running test id 506
     Running test id 508
     Running test id 509
     Running test id 510
     Running test id 512
     Running test id 513
     Running test id 514
     Running test id 515
     Running test id 516
     Running test id 517
     Running test id 518
     Running test id 519
     Running test id 520
     Running test id 521
     Running test id 522
     Running test id 523
     Running test id 523.1
     Running test id 524
     Running test id 525
     Running test id 525.1
     Running test id 525.2
     Running test id 529.1
     Running test id 529.2
     Running test id 529.3
     Running test id 529.4
     Running test id 530
     Running test id 531
     Running test id 532
     Running test id 533
     Running test id 534
     Running test id 535
     Running test id 536
     Running test id 537
     Running test id 538
     Running test id 539
     Running test id 540
     Running test id 541
     Running test id 542
     Running test id 543
     Running test id 544
     Running test id 545
     Running test id 546
     Running test id 547
     Running test id 548
     Running test id 549
     Running test id 550
     Running test id 551
     Running test id 552
     Running test id 553
     Running test id 554
     Running test id 555
     Running test id 556
     Running test id 557
     Running test id 558
     Running test id 559
     Running test id 560.1
     Running test id 560.2
     Running test id 561
     Running test id 562
     Running test id 563
     Running test id 564
     Running test id 565
     Running test id 566
     Running test id 567
     Running test id 568
     Running test id 569
     Running test id 570
     Running test id 570.1
     Running test id 571
     Running test id 572
     Running test id 573
     Running test id 574
     Running test id 575
     Running test id 576
     Running test id 577
     Running test id 578
     Running test id 580
     Running test id 581
     Running test id 582
     Running test id 583
     Running test id 584
     Running test id 585
     Running test id 586.1
     Running test id 586.2
     Running test id 587
     Running test id 588
     Running test id 589
     Running test id 590
     Running test id 591
     Running test id 592
     Running test id 593
     Running test id 594
     Running test id 595
     Running test id 596
     Running test id 597
     Running test id 598
     Running test id 599
     Running test id 600
     Running test id 601
     Running test id 602
     Running test id 602.1
     Running test id 602.2
     Running test id 609
     Running test id 610
     Running test id 610.1
     Running test id 610.2
     Running test id 610.3
     Running test id 610.4
     Running test id 611
     Running test id 612
     Running test id 613
     Running test id 614
     Running test id 615
     Running test id 616
     Running test id 617
     Running test id 618
     Running test id 619
     Running test id 620.1
     Running test id 620.2
     Running test id 620.3
     Running test id 621
     Running test id 622
     Running test id 623
     Running test id 624
     Running test id 625
     Running test id 626
     Running test id 627
     Running test id 628.1
     Running test id 628.2
     Running test id 629
     Running test id 629.1
     Running test id 630
     Running test id 630.1
     Running test id 631
     Running test id 631.1
     Running test id 632
     Running test id 632.1
     Running test id 634
     Running test id 635
     Running test id 636
     Running test id 637
     Running test id 638
     Running test id 639
     Running test id 640
     Running test id 641
     Running test id 642
     Running test id 643
     Running test id 644
     Running test id 645
     Running test id 646
     Running test id 647
     Running test id 648
     Running test id 651
     Running test id 652
     Running test id 654
     Running test id 656.1
     Running test id 656.2
     Running test id 656.3
     Running test id 657.1
     Running test id 657.2
     Running test id 657.3
     Running test id 658.1
     Running test id 658.2
     Running test id 658.3
     Running test id 659
     Running test id 660
     Running test id 661
     Running test id 662
     Running test id 663
     Running test id 664
     Running test id 665
     Running test id 666
     Running test id 667
     Running test id 668
     Running test id 669
     Running test id 670
     Running test id 671
     Running test id 672
     Running test id 673
     Running test id 674
     Running test id 675
     Running test id 676.1
     Running test id 676.2
     Running test id 677.1
     Running test id 677.2
     Running test id 678
     Running test id 679.1
     Running test id 679.2
     Running test id 680
     Running test id 681
     Running test id 682
     Running test id 683
     Running test id 684
     Running test id 685
     Running test id 686
     Running test id 687
     Running test id 688
     Running test id 689
     Running test id 690
     Running test id 691
     Running test id 692
     Running test id 693
     Running test id 694
     Running test id 695
     Running test id 696
     Running test id 697
     Running test id 698
     Running test id 699
     Running test id 700
     Running test id 701
     Running test id 702
     Running test id 703
     Running test id 704
     Running test id 705
     Running test id 706
     Running test id 707
     Running test id 713
     Running test id 714
     Running test id 715
     Running test id 716
     Running test id 717
     Running test id 718
     Running test id 719
     Running test id 720
     Running test id 721
     Running test id 722
     Running test id 723
     Running test id 724
     Running test id 725
     Running test id 726
     Running test id 727
     Running test id 728
     Running test id 729.1
     Running test id 729.2
     Running test id 729.3
     Running test id 729.4
     Running test id 729.5
     Running test id 730
     Running test id 731
     Running test id 732
     Running test id 733
     Running test id 734
     Running test id 735
     Running test id 736
     Running test id 737
     Running test id 738
     Running test id 739
     Running test id 740
     Running test id 741
     Running test id 742
     Running test id 743
     Running test id 744
     Running test id 745
     Running test id 746
     Running test id 747.1
     Running test id 747.2
     Running test id 748
     Running test id 749
     Running test id 750
     Running test id 751
     Running test id 752
     Running test id 753
     Running test id 753.1
     Running test id 753.2
     Running test id 754.1
     Running test id 754.2
     Running test id 754.3
     Running test id 754.4
     Running test id 754.5
     Running test id 754.6
     Running test id 755
     Running test id 756
     Running test id 757
     Running test id 758
     Running test id 759
     Running test id 760
     Running test id 761
     Running test id 762
     Running test id 763
     Running test id 764
     Running test id 765
     Running test id 766
     Running test id 767
     Running test id 768
     Running test id 769
     Running test id 770
     Running test id 771
     Running test id 772
     Running test id 773
     Running test id 774
     Running test id 775
     Running test id 776
     Running test id 777
     Running test id 778
     Running test id 779
     Running test id 780
     Running test id 781
     Running test id 782
     Running test id 783
     Running test id 784
     Running test id 785
     Running test id 786
     Running test id 787
     Running test id 788
     Running test id 789
     Running test id 790
     Running test id 791
     Running test id 792.1
     Running test id 792.2
     Running test id 793
     Running test id 794
     Running test id 795
     Running test id 796
     Running test id 797
     Running test id 798
     Running test id 799
     Running test id 800
     Running test id 801
     Running test id 802
     Running test id 803
     Running test id 804
     Running test id 805
     Running test id 806
     Running test id 807
     Running test id 808
     Running test id 809
     Running test id 810
     Running test id 811
     Running test id 812.1
     Running test id 812.2
     Running test id 812.3
     Running test id 812.4
     Running test id 812.5
     Running test id 812.6
     Running test id 812.7
     Running test id 812.8
     Running test id 812.9
     Running test id 813.1
     Running test id 813.2
     Running test id 813.3
     Running test id 813.4
     Running test id 814.01
     Running test id 814.02
     Running test id 814.03
     Running test id 814.04
     Running test id 814.05
     Running test id 814.06
     Running test id 814.07
     Running test id 814.08
     Running test id 814.09
     Running test id 814.1
     Running test id 814.11
     Running test id 814.12
     Running test id 814.13
     Running test id 819
     Running test id 820
     Running test id 821
     Running test id 822
     Running test id 823
     Running test id 824
     Running test id 825
     Running test id 825.1
     Running test id 825.2
     Running test id 825.3
     Running test id 826
     Running test id 827
     Running test id 827.1
     Running test id 828
     Running test id 829
     Running test id 830
     Running test id 831
     Running test id 832
     Running test id 833
     Running test id 834
     Running test id 835
     Running test id 836
     Running test id 837
     Running test id 838
     Running test id 839
     Running test id 840
     Running test id 843
     Running test id 844
     Running test id 845
     Running test id 846
     Running test id 847
     Running test id 848
     Running test id 849
     Running test id 850
     Running test id 851
     Running test id 852
     Running test id 853
     Running test id 854
     Running test id 855
     Running test id 856
     Running test id 857.1
     Running test id 857.2
     Running test id 858.1
     Running test id 858.2
     Running test id 859
     Running test id 860
     Running test id 861
     Running test id 862
     Running test id 863
     Running test id 864.1
     Running test id 864.2
     Running test id 864.3
     Running test id 865.1
     Running test id 865.2
     Running test id 865.3
     Running test id 866
     Running test id 867
     Running test id 868
     Running test id 869
     Running test id 870
     Running test id 871
     Running test id 872
     Running test id 873
     Running test id 874
     Running test id 875
     Running test id 875.1
     Running test id 875.2
     Running test id 875.3
     Running test id 876
     Running test id 877
     Running test id 878
     Running test id 879
     Running test id 880
     Running test id 881
     Running test id 882
     Running test id 883
     Running test id 884
     Running test id 885.1
     Running test id 885.2
     Running test id 885.3
     Running test id 885.4
     Running test id 885.5
     Running test id 886
     Running test id 887
     Running test id 888
     Running test id 889
     Running test id 890
     Running test id 891
     Running test id 892
     Running test id 892.1
     Running test id 893
     Running test id 893.5
     Running test id 894.00011
     Running test id 894.00012
     Running test id 894.00013
     Running test id 894.00021
     Running test id 894.00022
     Running test id 894.00023
     Running test id 894.00031
     Running test id 894.00032
     Running test id 894.00033
     Running test id 894.00041
     Running test id 894.00042
     Running test id 894.00043
     Running test id 894.00051
     Running test id 894.00052
     Running test id 894.00053
     Running test id 894.00111
     Running test id 894.00112
     Running test id 894.00113
     Running test id 894.00121
     Running test id 894.00122
     Running test id 894.00123
     Running test id 894.00131
     Running test id 894.00132
     Running test id 894.00133
     Running test id 894.00141
     Running test id 894.00142
     Running test id 894.00143
     Running test id 894.00151
     Running test id 894.00152
     Running test id 894.00153
     Running test id 894.00211
     Running test id 894.00212
     Running test id 894.00213
     Running test id 894.00221
     Running test id 894.00222
     Running test id 894.00223
     Running test id 894.00231
     Running test id 894.00232
     Running test id 894.00233
     Running test id 894.00241
     Running test id 894.00242
     Running test id 894.00243
     Running test id 894.00251
     Running test id 894.00252
     Running test id 894.00253
     Running test id 894.01011
     Running test id 894.01012
     Running test id 894.01013
     Running test id 894.01021
     Running test id 894.01022
     Running test id 894.01023
     Running test id 894.01031
     Running test id 894.01032
     Running test id 894.01033
     Running test id 894.01041
     Running test id 894.01042
     Running test id 894.01043
     Running test id 894.01051
     Running test id 894.01052
     Running test id 894.01053
     Running test id 894.01111
     Running test id 894.01112
     Running test id 894.01113
     Running test id 894.01121
     Running test id 894.01122
     Running test id 894.01123
     Running test id 894.01131
     Running test id 894.01132
     Running test id 894.01133
     Running test id 894.01141
     Running test id 894.01142
     Running test id 894.01143
     Running test id 894.01151
     Running test id 894.01152
     Running test id 894.01153
     Running test id 894.01211
     Running test id 894.01212
     Running test id 894.01213
     Running test id 894.01221
     Running test id 894.01222
     Running test id 894.01223
     Running test id 894.01231
     Running test id 894.01232
     Running test id 894.01233
     Running test id 894.01241
     Running test id 894.01242
     Running test id 894.01243
     Running test id 894.01251
     Running test id 894.01252
     Running test id 894.01253
     Running test id 894.02011
     Running test id 894.02012
     Running test id 894.02013
     Running test id 894.02021
     Running test id 894.02022
     Running test id 894.02023
     Running test id 894.02031
     Running test id 894.02032
     Running test id 894.02033
     Running test id 894.02041
     Running test id 894.02042
     Running test id 894.02043
     Running test id 894.02051
     Running test id 894.02052
     Running test id 894.02053
     Running test id 894.02111
     Running test id 894.02112
     Running test id 894.02113
     Running test id 894.02121
     Running test id 894.02122
     Running test id 894.02123
     Running test id 894.02131
     Running test id 894.02132
     Running test id 894.02133
     Running test id 894.02141
     Running test id 894.02142
     Running test id 894.02143
     Running test id 894.02151
     Running test id 894.02152
     Running test id 894.02153
     Running test id 894.02211
     Running test id 894.02212
     Running test id 894.02213
     Running test id 894.02221
     Running test id 894.02222
     Running test id 894.02223
     Running test id 894.02231
     Running test id 894.02232
     Running test id 894.02233
     Running test id 894.02241
     Running test id 894.02242
     Running test id 894.02243
     Running test id 894.02251
     Running test id 894.02252
     Running test id 894.02253
     Running test id 894.03011
     Running test id 894.03012
     Running test id 894.03013
     Running test id 894.03021
     Running test id 894.03022
     Running test id 894.03023
     Running test id 894.03031
     Running test id 894.03032
     Running test id 894.03033
     Running test id 894.03041
     Running test id 894.03042
     Running test id 894.03043
     Running test id 894.03051
     Running test id 894.03052
     Running test id 894.03053
     Running test id 894.03111
     Running test id 894.03112
     Running test id 894.03113
     Running test id 894.03121
     Running test id 894.03122
     Running test id 894.03123
     Running test id 894.03131
     Running test id 894.03132
     Running test id 894.03133
     Running test id 894.03141
     Running test id 894.03142
     Running test id 894.03143
     Running test id 894.03151
     Running test id 894.03152
     Running test id 894.03153
     Running test id 894.03211
     Running test id 894.03212
     Running test id 894.03213
     Running test id 894.03221
     Running test id 894.03222
     Running test id 894.03223
     Running test id 894.03231
     Running test id 894.03232
     Running test id 894.03233
     Running test id 894.03241
     Running test id 894.03242
     Running test id 894.03243
     Running test id 894.03251
     Running test id 894.03252
     Running test id 894.03253
     Running test id 894.04011
     Running test id 894.04012
     Running test id 894.04013
     Running test id 894.04021
     Running test id 894.04022
     Running test id 894.04023
     Running test id 894.04031
     Running test id 894.04032
     Running test id 894.04033
     Running test id 894.04041
     Running test id 894.04042
     Running test id 894.04043
     Running test id 894.04051
     Running test id 894.04052
     Running test id 894.04053
     Running test id 894.04111
     Running test id 894.04112
     Running test id 894.04113
     Running test id 894.04121
     Running test id 894.04122
     Running test id 894.04123
     Running test id 894.04131
     Running test id 894.04132
     Running test id 894.04133
     Running test id 894.04141
     Running test id 894.04142
     Running test id 894.04143
     Running test id 894.04151
     Running test id 894.04152
     Running test id 894.04153
     Running test id 894.04211
     Running test id 894.04212
     Running test id 894.04213
     Running test id 894.04221
     Running test id 894.04222
     Running test id 894.04223
     Running test id 894.04231
     Running test id 894.04232
     Running test id 894.04233
     Running test id 894.04241
     Running test id 894.04242
     Running test id 894.04243
     Running test id 894.04251
     Running test id 894.04252
     Running test id 894.04253
     Running test id 894.55011
     Running test id 894.55012
     Running test id 894.55013
     Running test id 894.55021
     Running test id 894.55022
     Running test id 894.55023
     Running test id 894.55031
     Running test id 894.55032
     Running test id 894.55033
     Running test id 894.55041
     Running test id 894.55042
     Running test id 894.55043
     Running test id 894.55051
     Running test id 894.55052
     Running test id 894.55053
     Running test id 894.55111
     Running test id 894.55112
     Running test id 894.55113
     Running test id 894.55121
     Running test id 894.55122
     Running test id 894.55123
     Running test id 894.55131
     Running test id 894.55132
     Running test id 894.55133
     Running test id 894.55141
     Running test id 894.55142
     Running test id 894.55143
     Running test id 894.55151
     Running test id 894.55152
     Running test id 894.55153
     Running test id 894.55211
     Running test id 894.55212
     Running test id 894.55213
     Running test id 894.55221
     Running test id 894.55222
     Running test id 894.55223
     Running test id 894.55231
     Running test id 894.55232
     Running test id 894.55233
     Running test id 894.55241
     Running test id 894.55242
     Running test id 894.55243
     Running test id 894.55251
     Running test id 894.55252
     Running test id 894.55253
     Running test id 894.98011
     Running test id 894.98012
     Running test id 894.98013
     Running test id 894.98021
     Running test id 894.98022
     Running test id 894.98023
     Running test id 894.98031
     Running test id 894.98032
     Running test id 894.98033
     Running test id 894.98041
     Running test id 894.98042
     Running test id 894.98043
     Running test id 894.98051
     Running test id 894.98052
     Running test id 894.98053
     Running test id 894.98111
     Running test id 894.98112
     Running test id 894.98113
     Running test id 894.98121
     Running test id 894.98122
     Running test id 894.98123
     Running test id 894.98131
     Running test id 894.98132
     Running test id 894.98133
     Running test id 894.98141
     Running test id 894.98142
     Running test id 894.98143
     Running test id 894.98151
     Running test id 894.98152
     Running test id 894.98153
     Running test id 894.98211
     Running test id 894.98212
     Running test id 894.98213
     Running test id 894.98221
     Running test id 894.98222
     Running test id 894.98223
     Running test id 894.98231
     Running test id 894.98232
     Running test id 894.98233
     Running test id 894.98241
     Running test id 894.98242
     Running test id 894.98243
     Running test id 894.98251
     Running test id 894.98252
     Running test id 894.98253
     Running test id 894.99011
     Running test id 894.99012
     Running test id 894.99013
     Running test id 894.99021
     Running test id 894.99022
     Running test id 894.99023
     Running test id 894.99031
     Running test id 894.99032
     Running test id 894.99033
     Running test id 894.99041
     Running test id 894.99042
     Running test id 894.99043
     Running test id 894.99051
     Running test id 894.99052
     Running test id 894.99053
     Running test id 894.99111
     Running test id 894.99112
     Running test id 894.99113
     Running test id 894.99121
     Running test id 894.99122
     Running test id 894.99123
     Running test id 894.99131
     Running test id 894.99132
     Running test id 894.99133
     Running test id 894.99141
     Running test id 894.99142
     Running test id 894.99143
     Running test id 894.99151
     Running test id 894.99152
     Running test id 894.99153
     Running test id 894.99211
     Running test id 894.99212
     Running test id 894.99213
     Running test id 894.99221
     Running test id 894.99222
     Running test id 894.99223
     Running test id 894.99231
     Running test id 894.99232
     Running test id 894.99233
     Running test id 894.99241
     Running test id 894.99242
     Running test id 894.99243
     Running test id 894.99251
     Running test id 894.99252
     Running test id 894.99253
     Running test id 895.00011
     Running test id 895.00012
     Running test id 895.00013
     Running test id 895.00021
     Running test id 895.00022
     Running test id 895.00023
     Running test id 895.00031
     Running test id 895.00032
     Running test id 895.00033
     Running test id 895.00041
     Running test id 895.00042
     Running test id 895.00043
     Running test id 895.00051
     Running test id 895.00052
     Running test id 895.00053
     Running test id 895.00111
     Running test id 895.00112
     Running test id 895.00113
     Running test id 895.00121
     Running test id 895.00122
     Running test id 895.00123
     Running test id 895.00131
     Running test id 895.00132
     Running test id 895.00133
     Running test id 895.00141
     Running test id 895.00142
     Running test id 895.00143
     Running test id 895.00151
     Running test id 895.00152
     Running test id 895.00153
     Running test id 895.00211
     Running test id 895.00212
     Running test id 895.00213
     Running test id 895.00221
     Running test id 895.00222
     Running test id 895.00223
     Running test id 895.00231
     Running test id 895.00232
     Running test id 895.00233
     Running test id 895.00241
     Running test id 895.00242
     Running test id 895.00243
     Running test id 895.00251
     Running test id 895.00252
     Running test id 895.00253
     Running test id 895.01011
     Running test id 895.01012
     Running test id 895.01013
     Running test id 895.01021
     Running test id 895.01022
     Running test id 895.01023
     Running test id 895.01031
     Running test id 895.01032
     Running test id 895.01033
     Running test id 895.01041
     Running test id 895.01042
     Running test id 895.01043
     Running test id 895.01051
     Running test id 895.01052
     Running test id 895.01053
     Running test id 895.01111
     Running test id 895.01112
     Running test id 895.01113
     Running test id 895.01121
     Running test id 895.01122
     Running test id 895.01123
     Running test id 895.01131
     Running test id 895.01132
     Running test id 895.01133
     Running test id 895.01141
     Running test id 895.01142
     Running test id 895.01143
     Running test id 895.01151
     Running test id 895.01152
     Running test id 895.01153
     Running test id 895.01211
     Running test id 895.01212
     Running test id 895.01213
     Running test id 895.01221
     Running test id 895.01222
     Running test id 895.01223
     Running test id 895.01231
     Running test id 895.01232
     Running test id 895.01233
     Running test id 895.01241
     Running test id 895.01242
     Running test id 895.01243
     Running test id 895.01251
     Running test id 895.01252
     Running test id 895.01253
     Running test id 895.02011
     Running test id 895.02012
     Running test id 895.02013
     Running test id 895.02021
     Running test id 895.02022
     Running test id 895.02023
     Running test id 895.02031
     Running test id 895.02032
     Running test id 895.02033
     Running test id 895.02041
     Running test id 895.02042
     Running test id 895.02043
     Running test id 895.02051
     Running test id 895.02052
     Running test id 895.02053
     Running test id 895.02111
     Running test id 895.02112
     Running test id 895.02113
     Running test id 895.02121
     Running test id 895.02122
     Running test id 895.02123
     Running test id 895.02131
     Running test id 895.02132
     Running test id 895.02133
     Running test id 895.02141
     Running test id 895.02142
     Running test id 895.02143
     Running test id 895.02151
     Running test id 895.02152
     Running test id 895.02153
     Running test id 895.02211
     Running test id 895.02212
     Running test id 895.02213
     Running test id 895.02221
     Running test id 895.02222
     Running test id 895.02223
     Running test id 895.02231
     Running test id 895.02232
     Running test id 895.02233
     Running test id 895.02241
     Running test id 895.02242
     Running test id 895.02243
     Running test id 895.02251
     Running test id 895.02252
     Running test id 895.02253
     Running test id 897
     Running test id 898
     Running test id 899.1
     Running test id 899.2
     Running test id 899.3
     Running test id 900.1
     Running test id 900.2
     Running test id 901.1
     Running test id 901.2
     Running test id 902
     Running test id 903
     Running test id 904
     Running test id 905
     Running test id 906
     Running test id 907
     Running test id 908
     Running test id 909
     Running test id 910
     Running test id 911
     Running test id 912
     Running test id 913.1
     Running test id 913.2
     Running test id 914
     Running test id 915
     Running test id 916
     Running test id 917.1
     Running test id 917.2
     Running test id 918
     Running test id 919
     Running test id 920
     Running test id 921
     Running test id 922
     Running test id 923
     Running test id 924.1
     Running test id 924.2
     Running test id 925
     Running test id 926
     Running test id 927
     Running test id 928
     Running test id 929
     Running test id 930
     Running test id 931
     Running test id 932
     Running test id 933
     Running test id 934
     Running test id 935
     Running test id 936
     Running test id 937
     Running test id 938
     Running test id 939
     Running test id 940
     Running test id 941
     Running test id 942
     Running test id 943
     Running test id 944.1
     Running test id 944.2
     Running test id 944.3
     Running test id 944.4
     Running test id 944.5
     Running test id 945
     Running test id 946
     Running test id 947
     Running test id 948
     Running test id 949
     Running test id 950
     Running test id 951
     Running test id 952
     Running test id 953
     Running test id 954
     Running test id 955
     Running test id 956
     Running test id 957
     Running test id 958
     Running test id 959.1
     Running test id 959.2
     Running test id 960
     Running test id 961
     Running test id 962
     Running test id 963
     Running test id 964
     Running test id 965
     Running test id 966
     Running test id 967
     Running test id 968
     Running test id 969
     Running test id 970
     Running test id 971
     Running test id 972
     Running test id 973
     Running test id 974
     Running test id 975
     Running test id 976
     Running test id 977
     Running test id 978.1
     Running test id 978.2
     Running test id 978.3
     Running test id 979
     Running test id 980
     Running test id 981
     Running test id 982
     Running test id 983
     Running test id 984
     Running test id 985
     Running test id 985.1
     Running test id 985.2
     Running test id 986
     Running test id 987
     Running test id 988
     Running test id 989
     Running test id 990
     Running test id 991
     Running test id 991.1
     Running test id 991.2
     Running test id 991.3
     Running test id 991.4
     Running test id 992
     Running test id 993
     Running test id 995
     Running test id 996.01
     Running test id 996.02
     Running test id 996.03
     Running test id 996.04
     Running test id 996.05
     Running test id 996.06
     Running test id 996.07
     Running test id 996.08
     Running test id 996.09
     Running test id 996.1
     Running test id 996.11
     Running test id 997
     Running test id 998
     Running test id 999
     Running test id 1000
     Running test id 1001
     Running test id 1002
     Running test id 1003
     Running test id 1004
     Running test id 1005
     Running test id 1006
     Running test id 1007
     Running test id 1008
     Running test id 1008.1
     Running test id 1008.2
     Running test id 1009
     Running test id 1010.1
     Running test id 1010.2
     Running test id 1010.3
     Running test id 1010.4
     Running test id 1010.5
     Running test id 1010.6
     Running test id 1010.7
     Running test id 1011
     Running test id 1012
     Running test id 1013
     Running test id 1014
     Running test id 1015
     Running test id 1016.1
     Running test id 1016.2
     Running test id 1017.1
     Running test id 1017.2
     Running test id 1018
     Running test id 1019
     Running test id 1020
     Running test id 1021
     Running test id 1022
     Running test id 1023
     Running test id 1024
     Running test id 1024.1
     Running test id 1024.2
     Running test id 1025
     Running test id 1026
     Running test id 1027.1
     Running test id 1027.2
     Running test id 1027.3
     Running test id 1028
     Running test id 1029
     Running test id 1030
     Running test id 1031
     Running test id 1032
     Running test id 1033
     Running test id 1034
     Running test id 1035.01
     Running test id 1035.02
     Running test id 1035.03
     Running test id 1035.04
     Running test id 1035.05
     Running test id 1035.06
     Running test id 1035.07
     Running test id 1035.08
     Running test id 1035.09
     Running test id 1035.1
     Running test id 1035.11
     Running test id 1035.12
     Running test id 1035.13
     Running test id 1035.14
     Running test id 1035.15
     Running test id 1035.16
     Running test id 1035.17
     Running test id 1035.18
     Running test id 1035.19
     Running test id 1035.2
     Running test id 1035.21
     Running test id 1035.22
     Running test id 1035.23
     Running test id 1035.24
     Running test id 1035.25
     Running test id 1035.26
     Running test id 1035.27
     Running test id 1036.01
     Running test id 1036.02
     Running test id 1036.03
     Running test id 1036.04
     Running test id 1036.05
     Running test id 1036.06
     Running test id 1036.07
     Running test id 1036.08
     Running test id 1036.09
     Running test id 1036.1
     Running test id 1037.101
     Running test id 1037.102
     Running test id 1037.103
     Running test id 1037.201
     Running test id 1037.202
     Running test id 1037.203
     Running test id 1037.301
     Running test id 1037.401
     Running test id 1037.402
     Running test id 1037.403
     Running test id 1037.404
     Running test id 1037.405
     Running test id 1037.406
     Running test id 1037.407
     Running test id 1037.408
     Running test id 1037.409
     Running test id 1040.1
     Running test id 1040.2
     Running test id 1041
     Running test id 1042.1
     Running test id 1042.2
     Running test id 1042.3
     Running test id 1042.4
     Running test id 1042.5
     Running test id 1043.1
     Running test id 1043.2
     Running test id 1044
     Running test id 1045
     Running test id 1046
     Running test id 1047
     Running test id 1048
     Running test id 1049
     Running test id 1050
     Running test id 1051
     Running test id 1052
     Running test id 1053
     Running test id 1054
     Running test id 1055
     Running test id 1056
     Running test id 1057
     Running test id 1058
     Running test id 1059
     Running test id 1060
     Running test id 1061
     Running test id 1062
     Running test id 1063
     Running test id 1064
     Running test id 1065
     Running test id 1066
     Running test id 1067
     Running test id 1068
     Running test id 1069
     Running test id 1070
     Running test id 1071
     Running test id 1072
     Running test id 1073
     Running test id 1074
     Running test id 1075
     Running test id 1076
     Running test id 1077
     Running test id 1078.1
     Running test id 1078.2
     Running test id 1078.3
     Running test id 1079.1
     Running test id 1079.2
     Running test id 1079.3
     Running test id 1079.4
     Running test id 1080
     Running test id 1081.1
     Running test id 1081.2
     Running test id 1082.1
     Running test id 1082.2
     Running test id 1083
     Running test id 1084
     Running test id 1085
     Running test id 1086
     Running test id 1087
     Running test id 1094.1
     Running test id 1094.2
     Running test id 1095.1
     Running test id 1095.2
     Running test id 1097
     Running test id 1098
     Running test id 1099
     Running test id 1100
     Running test id 1101
     Running test id 1102.01
     Running test id 1102.02
     Running test id 1102.03
     Running test id 1102.04
     Running test id 1102.05
     Running test id 1102.06
     Running test id 1102.07
     Running test id 1102.08
     Running test id 1102.09
     Running test id 1102.11
     Running test id 1102.12
     Running test id 1102.13
     Running test id 1102.14
     Running test id 1102.15
     Running test id 1102.16
     Running test id 1102.17
     Running test id 1102.18
     Running test id 1102.19
     Running test id 1102.2
     Running test id 1102.22
     Running test id 1102.23
     Running test id 1102.24
     Running test id 1102.25
     Running test id 1102.26
     Running test id 1102.27
     Running test id 1102.28
     Running test id 1102.29
     Running test id 1102.3
     Running test id 1102.31
     Running test id 1102.32
     Running test id 1102.33
     Running test id 1102.34
     Running test id 1102.35
     Running test id 1102.36
     Running test id 1102.37
     Running test id 1102.38
     Running test id 1105.2
     Running test id 1108
     Running test id 1109
     Running test id 1111
     Running test id 1112
     Running test id 1113
     Running test id 1114
     Running test id 1115
     Running test id 1116
     Running test id 1117
     Running test id 1118
     Running test id 1119
     Running test id 1120.1
     Running test id 1120.2
     Running test id 1121.1
     Running test id 1121.2
     Running test id 1122.1
     Running test id 1122.2
     Running test id 1123.1
     Running test id 1123.2
     Running test id 1125
     Running test id 1126
     Running test id 1128
     Running test id 1129.1
     Running test id 1129.2
     Running test id 1130
     Running test id 1131
     Running test id 1132
     Running test id 1133.1
     Running test id 1133.2
     Running test id 1133.3
     Running test id 1133.4
     Running test id 1133.5
     Running test id 1133.6
     Running test id 1133.7
     Running test id 1133.8
     Running test id 1134.1
     Running test id 1134.2
     Running test id 1134.3
     Running test id 1134.4
     Running test id 1136.01
     Running test id 1136.02
     Running test id 1136.03
     Running test id 1136.04
     Running test id 1136.05
     Running test id 1136.06
     Running test id 1136.07
     Running test id 1136.08
     Running test id 1136.09
     Running test id 1136.1
     Running test id 1136.11
     Running test id 1136.12
     Running test id 1136.13
     Running test id 1136.14
     Running test id 1137.01
     Running test id 1137.02
     Running test id 1137.03
     Running test id 1137.04
     Running test id 1137.05
     Running test id 1137.06
     Running test id 1137.07
     Running test id 1137.08
     Running test id 1137.09
     Running test id 1137.1
     Running test id 1137.11
     Running test id 1137.12
     Running test id 1138.1
     Running test id 1138.2
     Running test id 1139
     Running test id 1140
     Running test id 1141.1
     Running test id 1141.2
     Running test id 1141.3
     Running test id 1142
     Running test id 1143.1
     Running test id 1143.2
     Running test id 1143.3
     Running test id 1143.4
     Running test id 1144.1
     Running test id 1144.2
     Running test id 1144.3
     Running test id 1144.4
     Running test id 1144.5
     Running test id 1145
     Running test id 1146.1
     Running test id 1146.2
     Running test id 1146.3
     Running test id 1149.1
     Running test id 1149.2
     Running test id 1151.1
     Running test id 1151.2
     Running test id 1152
     Running test id 1153
     Running test id 1154.1
     Running test id 1154.2
     Running test id 1154.3
     Running test id 1154.4
     Running test id 1155.1
     Running test id 1155.2
     Running test id 1155.3
     Running test id 1155.4
     Running test id 1155.5
     Running test id 1157
     Running test id 1158
     Running test id 1159.1
     Running test id 1159.2
     Running test id 1159.3
     Running test id 1159.4
     Running test id 1159.5
     Running test id 1159.6
     Running test id 1159.7
     Running test id 1161.1
     Running test id 1161.2
     Running test id 1161.3
     Running test id 1162.01
     Running test id 1162.02
     Running test id 1162.03
     Running test id 1162.04
     Running test id 1162.05
     Running test id 1162.06
     Running test id 1162.07
     Running test id 1162.08
     Running test id 1162.09
     Running test id 1162.1
     Running test id 1162.11
     Running test id 1162.12
     Running test id 1163
     Running test id 1165.1
     Running test id 1165.2
     Running test id 1166
     Running test id 1167
     Running test id 1168.1
     Running test id 1168.2
     Running test id 1169
     Running test id 1170
     Running test id 1171
     Running test id 1172
     Running test id 1173
     Running test id 1174
     Running test id 1175
     Running test id 1176
     Running test id 1177
     Running test id 1178
     Running test id 1179.1
     Running test id 1179.2
     Running test id 1180.1
     Running test id 1180.2
     Running test id 1181
     Running test id 1182
     Running test id 1183
     Running test id 1184.1
     Running test id 1184.2
     Running test id 1185.1
     Running test id 1185.2
     Running test id 1185.3
     Running test id 1185.4
     Running test id 1186
     Running test id 1187.1
     Running test id 1187.2
     Running test id 1187.3
     Running test id 1187.4
     Running test id 1187.5
     Running test id 1187.6
     Running test id 1188
     Running test id 1189
     Running test id 1190
     Running test id 1191
     Running test id 1192
     Running test id 1193
     Running test id 1194
     Running test id 1195
     Running test id 1196.1
     Running test id 1196.2
     Running test id 1197.1
     Running test id 1197.2
     Running test id 1199.1
     Running test id 1199.2
     Running test id 1199.3
     Running test id 1200
     Running test id 1201
     Running test id 1202
     Running test id 1203
     Running test id 1204
     Running test id 1205
     Running test id 1206
     Running test id 1207.1
     Running test id 1207.2
     Running test id 1207.3
     Running test id 1207.4
     Running test id 1207.5
     Running test id 1207.6
     Running test id 1207.7
     Running test id 1208.1
     Running test id 1208.2
     Running test id 1208.3
     Running test id 1208.4
     Running test id 1208.5
     Running test id 1208.6
     Running test id 1208.7
     Running test id 1215
     Running test id 1216.1
     Running test id 1216.2
     Running test id 1216.3
     Running test id 1216.4
     Running test id 1216.5
     Running test id 1217
     Running test id 1218
     Running test id 1219
     Running test id 1220
     Running test id 1221
     Running test id 1223.001
     Running test id 1223.002
     Running test id 1223.003
     Running test id 1223.004
     Running test id 1223.005
     Running test id 1223.006
     Running test id 1223.007
     Running test id 1223.008
     Running test id 1223.009
     Running test id 1223.01
     Running test id 1223.011
     Running test id 1223.012
     Running test id 1223.013
     Running test id 1223.014
     Running test id 1223.015
     Running test id 1223.016
     Running test id 1223.017
     Running test id 1223.018
     Running test id 1223.019
     Running test id 1223.02
     Running test id 1223.021
     Running test id 1223.022
     Running test id 1223.023
     Running test id 1223.024
     Running test id 1223.025
     Running test id 1223.026
     Running test id 1223.027
     Running test id 1223.028
     Running test id 1223.029
     Running test id 1223.03
     Running test id 1223.031
     Running test id 1223.032
     Running test id 1223.033
     Running test id 1223.034
     Running test id 1223.035
     Running test id 1223.036
     Running test id 1223.037
     Running test id 1223.038
     Running test id 1223.039
     Running test id 1223.04
     Running test id 1223.041
     Running test id 1223.042
     Running test id 1223.043
     Running test id 1223.044
     Running test id 1223.045
     Running test id 1223.046
     Running test id 1223.047
     Running test id 1223.048
     Running test id 1223.049
     Running test id 1223.05
     Running test id 1223.051
     Running test id 1223.052
     Running test id 1223.053
     Running test id 1223.054
     Running test id 1223.055
     Running test id 1223.056
     Running test id 1223.057
     Running test id 1223.058
     Running test id 1223.059
     Running test id 1223.06
     Running test id 1223.061
     Running test id 1223.062
     Running test id 1223.063
     Running test id 1223.064
     Running test id 1223.065
     Running test id 1223.066
     Running test id 1223.067
     Running test id 1223.068
     Running test id 1223.069
     Running test id 1223.07
     Running test id 1223.071
     Running test id 1223.072
     Running test id 1223.073
     Running test id 1223.074
     Running test id 1223.075
     Running test id 1223.076
     Running test id 1223.077
     Running test id 1223.078
     Running test id 1223.079
     Running test id 1223.08
     Running test id 1223.081
     Running test id 1223.082
     Running test id 1223.083
     Running test id 1223.084
     Running test id 1223.085
     Running test id 1223.086
     Running test id 1223.087
     Running test id 1223.088
     Running test id 1223.089
     Running test id 1223.09
     Running test id 1223.091
     Running test id 1223.092
     Running test id 1223.093
     Running test id 1223.094
     Running test id 1223.095
     Running test id 1223.096
     Running test id 1223.097
     Running test id 1223.098
     Running test id 1223.099
     Running test id 1223.1
     Running test id 1223.101
     Running test id 1223.102
     Running test id 1223.103
     Running test id 1223.104
     Running test id 1223.105
     Running test id 1223.106
     Running test id 1223.107
     Running test id 1223.108
     Running test id 1223.109
     Running test id 1223.11
     Running test id 1223.111
     Running test id 1223.112
     Running test id 1223.113
     Running test id 1223.114
     Running test id 1223.115
     Running test id 1223.116
     Running test id 1223.117
     Running test id 1223.118
     Running test id 1223.119
     Running test id 1223.12
     Running test id 1223.121
     Running test id 1223.122
     Running test id 1223.123
     Running test id 1223.124
     Running test id 1223.125
     Running test id 1223.126
     Running test id 1223.127
     Running test id 1223.128
     Running test id 1223.129
     Running test id 1223.13
     Running test id 1223.131
     Running test id 1223.132
     Running test id 1223.133
     Running test id 1223.134
     Running test id 1223.135
     Running test id 1223.136
     Running test id 1223.137
     Running test id 1223.138
     Running test id 1223.139
     Running test id 1223.14
     Running test id 1223.141
     Running test id 1223.142
     Running test id 1223.143
     Running test id 1223.144
     Running test id 1223.145
     Running test id 1223.146
     Running test id 1223.147
     Running test id 1223.148
     Running test id 1223.149
     Running test id 1223.15
     Running test id 1223.151
     Running test id 1223.152
     Running test id 1223.153
     Running test id 1223.154
     Running test id 1223.155
     Running test id 1223.156
     Running test id 1223.157
     Running test id 1223.158
     Running test id 1223.159
     Running test id 1223.16
     Running test id 1223.161
     Running test id 1223.162
     Running test id 1223.163
     Running test id 1223.164
     Running test id 1223.165
     Running test id 1223.166
     Running test id 1223.167
     Running test id 1223.168
     Running test id 1223.169
     Running test id 1223.17
     Running test id 1223.171
     Running test id 1223.172
     Running test id 1223.173
     Running test id 1223.174
     Running test id 1223.175
     Running test id 1223.176
     Running test id 1223.177
     Running test id 1223.178
     Running test id 1223.179
     Running test id 1223.18
     Running test id 1223.181
     Running test id 1223.182
     Running test id 1223.183
     Running test id 1223.184
     Running test id 1223.185
     Running test id 1223.186
     Running test id 1223.187
     Running test id 1223.188
     Running test id 1223.189
     Running test id 1223.19
     Running test id 1223.191
     Running test id 1223.192
     Running test id 1223.193
     Running test id 1223.194
     Running test id 1223.195
     Running test id 1223.196
     Running test id 1223.197
     Running test id 1223.198
     Running test id 1223.199
     Running test id 1223.2
     Running test id 1223.201
     Running test id 1223.202
     Running test id 1223.203
     Running test id 1223.204
     Running test id 1223.205
     Running test id 1223.206
     Running test id 1223.207
     Running test id 1223.208
     Running test id 1223.209
     Running test id 1223.21
     Running test id 1223.211
     Running test id 1223.212
     Running test id 1223.213
     Running test id 1223.214
     Running test id 1223.215
     Running test id 1223.216
     Running test id 1223.217
     Running test id 1223.218
     Running test id 1223.219
     Running test id 1223.22
     Running test id 1223.221
     Running test id 1223.222
     Running test id 1223.223
     Running test id 1223.224
     Running test id 1223.225
     Running test id 1223.226
     Running test id 1223.227
     Running test id 1223.228
     Running test id 1223.229
     Running test id 1223.23
     Running test id 1223.231
     Running test id 1223.232
     Running test id 1223.233
     Running test id 1223.234
     Running test id 1223.235
     Running test id 1223.236
     Running test id 1223.237
     Running test id 1223.238
     Running test id 1223.239
     Running test id 1223.24
     Running test id 1223.241
     Running test id 1223.242
     Running test id 1223.243
     Running test id 1223.244
     Running test id 1223.245
     Running test id 1223.246
     Running test id 1223.247
     Running test id 1223.248
     Running test id 1223.249
     Running test id 1223.25
     Running test id 1223.251
     Running test id 1223.252
     Running test id 1223.253
     Running test id 1223.254
     Running test id 1223.255
     Running test id 1223.256
     Running test id 1223.257
     Running test id 1223.258
     Running test id 1223.259
     Running test id 1223.26
     Running test id 1223.261
     Running test id 1223.262
     Running test id 1223.263
     Running test id 1223.264
     Running test id 1223.265
     Running test id 1223.266
     Running test id 1223.267
     Running test id 1223.268
     Running test id 1223.269
     Running test id 1223.27
     Running test id 1223.271
     Running test id 1223.272
     Running test id 1223.273
     Running test id 1223.274
     Running test id 1223.275
     Running test id 1223.276
     Running test id 1223.277
     Running test id 1223.278
     Running test id 1223.279
     Running test id 1223.28
     Running test id 1223.281
     Running test id 1223.282
     Running test id 1223.283
     Running test id 1223.284
     Running test id 1223.285
     Running test id 1223.286
     Running test id 1223.287
     Running test id 1223.288
     Running test id 1223.289
     Running test id 1223.29
     Running test id 1223.291
     Running test id 1223.292
     Running test id 1223.293
     Running test id 1223.294
     Running test id 1223.295
     Running test id 1223.296
     Running test id 1223.297
     Running test id 1223.298
     Running test id 1223.299
     Running test id 1223.3
     Running test id 1223.301
     Running test id 1223.302
     Running test id 1223.303
     Running test id 1223.304
     Running test id 1223.305
     Running test id 1223.306
     Running test id 1223.307
     Running test id 1223.308
     Running test id 1223.309
     Running test id 1223.31
     Running test id 1223.311
     Running test id 1223.312
     Running test id 1223.313
     Running test id 1223.314
     Running test id 1223.315
     Running test id 1223.316
     Running test id 1223.317
     Running test id 1223.318
     Running test id 1223.319
     Running test id 1223.32
     Running test id 1223.321
     Running test id 1223.322
     Running test id 1223.323
     Running test id 1223.324
     Running test id 1223.325
     Running test id 1223.326
     Running test id 1223.327
     Running test id 1223.328
     Running test id 1223.329
     Running test id 1223.33
     Running test id 1223.331
     Running test id 1223.332
     Running test id 1223.333
     Running test id 1223.334
     Running test id 1223.335
     Running test id 1223.336
     Running test id 1223.337
     Running test id 1223.338
     Running test id 1223.339
     Running test id 1223.34
     Running test id 1223.341
     Running test id 1223.342
     Running test id 1223.343
     Running test id 1223.344
     Running test id 1223.345
     Running test id 1223.346
     Running test id 1223.347
     Running test id 1223.348
     Running test id 1223.349
     Running test id 1223.35
     Running test id 1223.351
     Running test id 1223.352
     Running test id 1223.353
     Running test id 1223.354
     Running test id 1223.355
     Running test id 1223.356
     Running test id 1223.357
     Running test id 1223.358
     Running test id 1223.359
     Running test id 1223.36
     Running test id 1223.361
     Running test id 1223.362
     Running test id 1223.363
     Running test id 1223.364
     Running test id 1223.365
     Running test id 1223.366
     Running test id 1223.367
     Running test id 1223.368
     Running test id 1223.369
     Running test id 1223.37
     Running test id 1223.371
     Running test id 1223.372
     Running test id 1223.373
     Running test id 1223.374
     Running test id 1223.375
     Running test id 1223.376
     Running test id 1223.377
     Running test id 1223.378
     Running test id 1223.379
     Running test id 1223.38
     Running test id 1223.381
     Running test id 1223.382
     Running test id 1223.383
     Running test id 1223.384
     Running test id 1223.385
     Running test id 1223.386
     Running test id 1223.387
     Running test id 1223.388
     Running test id 1223.389
     Running test id 1223.39
     Running test id 1223.391
     Running test id 1223.392
     Running test id 1223.393
     Running test id 1223.394
     Running test id 1223.395
     Running test id 1223.396
     Running test id 1223.397
     Running test id 1223.398
     Running test id 1223.399
     Running test id 1223.4
     Running test id 1223.401
     Running test id 1223.402
     Running test id 1223.403
     Running test id 1223.404
     Running test id 1223.405
     Running test id 1223.406
     Running test id 1223.407
     Running test id 1223.408
     Running test id 1223.409
     Running test id 1223.41
     Running test id 1223.411
     Running test id 1223.412
     Running test id 1223.413
     Running test id 1223.414
     Running test id 1223.415
     Running test id 1223.416
     Running test id 1223.417
     Running test id 1223.418
     Running test id 1223.419
     Running test id 1223.42
     Running test id 1223.421
     Running test id 1223.422
     Running test id 1223.423
     Running test id 1223.424
     Running test id 1223.425
     Running test id 1223.426
     Running test id 1223.427
     Running test id 1223.428
     Running test id 1223.429
     Running test id 1223.43
     Running test id 1223.431
     Running test id 1223.432
     Running test id 1223.433
     Running test id 1223.434
     Running test id 1223.435
     Running test id 1223.436
     Running test id 1223.437
     Running test id 1223.438
     Running test id 1223.439
     Running test id 1223.44
     Running test id 1223.441
     Running test id 1223.442
     Running test id 1223.443
     Running test id 1223.444
     Running test id 1223.445
     Running test id 1223.446
     Running test id 1223.447
     Running test id 1223.448
     Running test id 1223.449
     Running test id 1223.45
     Running test id 1223.451
     Running test id 1223.452
     Running test id 1223.453
     Running test id 1223.454
     Running test id 1223.455
     Running test id 1223.456
     Running test id 1223.457
     Running test id 1223.458
     Running test id 1223.459
     Running test id 1223.46
     Running test id 1223.461
     Running test id 1223.462
     Running test id 1223.463
     Running test id 1223.464
     Running test id 1223.465
     Running test id 1223.466
     Running test id 1223.467
     Running test id 1223.468
     Running test id 1223.469
     Running test id 1223.47
     Running test id 1223.471
     Running test id 1223.472
     Running test id 1223.473
     Running test id 1223.474
     Running test id 1223.475
     Running test id 1223.476
     Running test id 1223.477
     Running test id 1223.478
     Running test id 1223.479
     Running test id 1223.48
     Running test id 1223.481
     Running test id 1223.482
     Running test id 1223.483
     Running test id 1223.484
     Running test id 1223.485
     Running test id 1223.486
     Running test id 1223.487
     Running test id 1223.488
     Running test id 1223.489
     Running test id 1223.49
     Running test id 1223.491
     Running test id 1223.492
     Running test id 1223.493
     Running test id 1223.494
     Running test id 1223.495
     Running test id 1223.496
     Running test id 1223.497
     Running test id 1223.498
     Running test id 1223.499
     Running test id 1223.5
     Running test id 1223.501
     Running test id 1223.502
     Running test id 1223.503
     Running test id 1223.504
     Running test id 1223.505
     Running test id 1223.506
     Running test id 1223.507
     Running test id 1223.508
     Running test id 1223.509
     Running test id 1223.51
     Running test id 1223.511
     Running test id 1223.512
     Running test id 1223.513
     Running test id 1223.514
     Running test id 1223.515
     Running test id 1223.516
     Running test id 1223.517
     Running test id 1223.518
     Running test id 1223.519
     Running test id 1223.52
     Running test id 1223.521
     Running test id 1223.522
     Running test id 1223.523
     Running test id 1223.524
     Running test id 1223.525
     Running test id 1223.526
     Running test id 1223.527
     Running test id 1223.528
     Running test id 1223.529
     Running test id 1223.53
     Running test id 1223.531
     Running test id 1223.532
     Running test id 1223.533
     Running test id 1223.534
     Running test id 1223.535
     Running test id 1223.536
     Running test id 1223.537
     Running test id 1223.538
     Running test id 1223.539
     Running test id 1223.54
     Running test id 1223.541
     Running test id 1223.542
     Running test id 1223.543
     Running test id 1223.544
     Running test id 1223.545
     Running test id 1223.546
     Running test id 1223.547
     Running test id 1223.548
     Running test id 1223.549
     Running test id 1223.55
     Running test id 1223.551
     Running test id 1223.552
     Running test id 1223.553
     Running test id 1223.554
     Running test id 1223.555
     Running test id 1223.556
     Running test id 1223.557
     Running test id 1223.558
     Running test id 1223.559
     Running test id 1223.56
     Running test id 1223.561
     Running test id 1223.562
     Running test id 1223.563
     Running test id 1223.564
     Running test id 1223.565
     Running test id 1223.566
     Running test id 1223.567
     Running test id 1223.568
     Running test id 1223.569
     Running test id 1223.57
     Running test id 1223.571
     Running test id 1223.572
     Running test id 1223.573
     Running test id 1223.574
     Running test id 1223.575
     Running test id 1223.576
     Running test id 1223.577
     Running test id 1223.578
     Running test id 1223.579
     Running test id 1223.58
     Running test id 1223.581
     Running test id 1223.582
     Running test id 1223.583
     Running test id 1223.584
     Running test id 1223.585
     Running test id 1223.586
     Running test id 1223.587
     Running test id 1223.588
     Running test id 1223.589
     Running test id 1223.59
     Running test id 1223.591
     Running test id 1223.592
     Running test id 1223.593
     Running test id 1223.594
     Running test id 1223.595
     Running test id 1223.596
     Running test id 1223.597
     Running test id 1223.598
     Running test id 1223.599
     Running test id 1223.6
     Running test id 1223.601
     Running test id 1223.602
     Running test id 1223.603
     Running test id 1223.604
     Running test id 1223.605
     Running test id 1223.606
     Running test id 1223.607
     Running test id 1223.608
     Running test id 1223.609
     Running test id 1223.61
     Running test id 1223.611
     Running test id 1223.612
     Running test id 1223.613
     Running test id 1223.614
     Running test id 1223.615
     Running test id 1223.616
     Running test id 1223.617
     Running test id 1223.618
     Running test id 1223.619
     Running test id 1223.62
     Running test id 1223.621
     Running test id 1223.622
     Running test id 1223.623
     Running test id 1223.624
     Running test id 1223.625
     Running test id 1223.626
     Running test id 1223.627
     Running test id 1223.628
     Running test id 1223.629
     Running test id 1223.63
     Running test id 1223.631
     Running test id 1223.632
     Running test id 1223.633
     Running test id 1223.634
     Running test id 1223.635
     Running test id 1223.636
     Running test id 1223.637
     Running test id 1223.638
     Running test id 1223.639
     Running test id 1223.64
     Running test id 1223.641
     Running test id 1223.642
     Running test id 1223.643
     Running test id 1223.644
     Running test id 1223.645
     Running test id 1223.646
     Running test id 1223.647
     Running test id 1223.648
     Running test id 1223.649
     Running test id 1223.65
     Running test id 1223.651
     Running test id 1223.652
     Running test id 1223.653
     Running test id 1223.654
     Running test id 1223.655
     Running test id 1223.656
     Running test id 1223.657
     Running test id 1223.658
     Running test id 1223.659
     Running test id 1223.66
     Running test id 1223.661
     Running test id 1223.662
     Running test id 1223.663
     Running test id 1223.664
     Running test id 1223.665
     Running test id 1223.666
     Running test id 1223.667
     Running test id 1223.668
     Running test id 1223.669
     Running test id 1223.67
     Running test id 1223.671
     Running test id 1223.672
     Running test id 1223.673
     Running test id 1223.674
     Running test id 1223.675
     Running test id 1223.676
     Running test id 1223.677
     Running test id 1223.678
     Running test id 1223.679
     Running test id 1223.68
     Running test id 1223.681
     Running test id 1223.682
     Running test id 1223.683
     Running test id 1223.684
     Running test id 1223.685
     Running test id 1223.686
     Running test id 1223.687
     Running test id 1223.688
     Running test id 1223.689
     Running test id 1223.69
     Running test id 1223.691
     Running test id 1223.692
     Running test id 1223.693
     Running test id 1223.694
     Running test id 1223.695
     Running test id 1223.696
     Running test id 1223.697
     Running test id 1223.698
     Running test id 1223.699
     Running test id 1223.7
     Running test id 1223.701
     Running test id 1223.702
     Running test id 1223.703
     Running test id 1223.704
     Running test id 1223.705
     Running test id 1223.706
     Running test id 1223.707
     Running test id 1223.708
     Running test id 1223.709
     Running test id 1223.71
     Running test id 1223.711
     Running test id 1223.712
     Running test id 1223.713
     Running test id 1223.714
     Running test id 1223.715
     Running test id 1223.716
     Running test id 1223.717
     Running test id 1223.718
     Running test id 1223.719
     Running test id 1223.72
     Running test id 1223.721
     Running test id 1223.722
     Running test id 1223.723
     Running test id 1223.724
     Running test id 1223.725
     Running test id 1223.726
     Running test id 1223.727
     Running test id 1223.728
     Running test id 1224
     Running test id 1225.1
     Running test id 1225.2
     Running test id 1226.1
     Running test id 1226.2
     Running test id 1226.3
     Running test id 1226.4
     Running test id 1226.5
     Running test id 1227
     Running test id 1228.1
     Running test id 1228.2
     Running test id 1228.3
     Running test id 1228.4
     Running test id 1228.5
     Running test id 1228.6
     Running test id 1230
     Running test id 1231
     Running test id 1232
     Running test id 1233
     Running test id 1234
     Running test id 1235
     Running test id 1236
     Running test id 1237
     Running test id 1238.1
     Running test id 1238.2
     Running test id 1239.1
     Running test id 1239.2
     Running test id 1240.1
     Running test id 1240.2
     Running test id 1241
     Running test id 1242.1
     Running test id 1242.2
     Running test id 1243
     Running test id 1244
     Running test id 1245
     Running test id 1246.01
     Running test id 1246.02
     Running test id 1246.03
     Running test id 1246.04
     Running test id 1246.05
     Running test id 1246.06
     Running test id 1246.07
     Running test id 1246.08
     Running test id 1246.09
     Running test id 1246.1
     Running test id 1246.11
     Running test id 1246.12
     Running test id 1246.13
     Running test id 1246.14
     Running test id 1246.15
     Running test id 1246.16
     Running test id 1246.17
     Running test id 1246.18
     Running test id 1246.19
     Running test id 1246.2
     Running test id 1246.21
     Running test id 1246.22
     Running test id 1246.23
     Running test id 1246.24
     Running test id 1246.25
     Running test id 1246.26
     Running test id 1246.27
     Running test id 1246.28
     Running test id 1246.29
     Running test id 1246.3
     Running test id 1246.31
     Running test id 1246.32
     Running test id 1246.33
     Running test id 1246.34
     Running test id 1246.35
     Running test id 1246.36
     Running test id 1246.37
     Running test id 1246.38
     Running test id 1246.39
     Running test id 1246.4
     Running test id 1246.41
     Running test id 1246.42
     Running test id 1246.43
     Running test id 1246.44
     Running test id 1246.45
     Running test id 1246.46
     Running test id 1246.47
     Running test id 1246.48
     Running test id 1246.49
     Running test id 1246.5
     Running test id 1246.51
     Running test id 1246.52
     Running test id 1246.53
     Running test id 1246.54
     Running test id 1246.55
     Running test id 1246.56
     Running test id 1246.57
     Running test id 1246.58
     Running test id 1246.59
     Running test id 1246.6
     Running test id 1247.1
     Running test id 1247.2
     Running test id 1247.3
     Running test id 1247.4
     Running test id 1248.1
     Running test id 1248.2
     Running test id 1248.3
     Running test id 1249.1
     Running test id 1249.2
     Running test id 1249.3
     Running test id 1250.1
     Running test id 1250.2
     Running test id 1250.3
     Running test id 1251.01
     Running test id 1251.02
     Running test id 1251.03
     Running test id 1251.04
     Running test id 1251.05
     Running test id 1251.06
     Running test id 1251.07
     Running test id 1251.08
     Running test id 1251.09
     Running test id 1251.1
     Running test id 1251.11
     Running test id 1251.12
     Running test id 1251.13
     Running test id 1252.001
     Running test id 1252.002
     Running test id 1252.003
     Running test id 1252.004
     Running test id 1252.005
     Running test id 1252.006
     Running test id 1252.007
     Running test id 1252.008
     Running test id 1252.009
     Running test id 1252.01
     Running test id 1252.011
     Running test id 1252.012
     Running test id 1252.013
     Running test id 1252.014
     Running test id 1252.015
     Running test id 1252.016
     Running test id 1252.017
     Running test id 1252.018
     Running test id 1252.019
     Running test id 1252.02
     Running test id 1252.021
     Running test id 1252.022
     Running test id 1252.023
     Running test id 1252.024
     Running test id 1252.025
     Running test id 1252.026
     Running test id 1252.027
     Running test id 1252.028
     Running test id 1252.029
     Running test id 1252.03
     Running test id 1252.031
     Running test id 1252.032
     Running test id 1252.033
     Running test id 1252.034
     Running test id 1252.035
     Running test id 1252.036
     Running test id 1252.037
     Running test id 1252.038
     Running test id 1252.039
     Running test id 1252.04
     Running test id 1252.041
     Running test id 1252.042
     Running test id 1252.043
     Running test id 1252.044
     Running test id 1252.045
     Running test id 1252.046
     Running test id 1252.047
     Running test id 1252.048
     Running test id 1252.049
     Running test id 1252.05
     Running test id 1252.051
     Running test id 1252.052
     Running test id 1252.053
     Running test id 1252.054
     Running test id 1252.055
     Running test id 1252.056
     Running test id 1252.057
     Running test id 1252.058
     Running test id 1252.059
     Running test id 1252.06
     Running test id 1252.061
     Running test id 1252.062
     Running test id 1252.063
     Running test id 1252.064
     Running test id 1252.065
     Running test id 1252.066
     Running test id 1252.067
     Running test id 1252.068
     Running test id 1252.069
     Running test id 1252.07
     Running test id 1252.071
     Running test id 1252.072
     Running test id 1252.073
     Running test id 1252.074
     Running test id 1252.075
     Running test id 1252.076
     Running test id 1252.077
     Running test id 1252.078
     Running test id 1252.079
     Running test id 1252.08
     Running test id 1252.081
     Running test id 1252.082
     Running test id 1252.083
     Running test id 1252.084
     Running test id 1252.085
     Running test id 1252.086
     Running test id 1252.087
     Running test id 1252.088
     Running test id 1252.089
     Running test id 1252.09
     Running test id 1252.091
     Running test id 1252.092
     Running test id 1252.093
     Running test id 1252.094
     Running test id 1252.095
     Running test id 1252.096
     Running test id 1252.097
     Running test id 1252.098
     Running test id 1252.099
     Running test id 1252.1
     Running test id 1252.101
     Running test id 1252.102
     Running test id 1252.103
     Running test id 1252.104
     Running test id 1252.105
     Running test id 1252.106
     Running test id 1252.107
     Running test id 1252.108
     Running test id 1252.109
     Running test id 1252.11
     Running test id 1252.111
     Running test id 1252.112
     Running test id 1252.113
     Running test id 1252.114
     Running test id 1252.115
     Running test id 1252.116
     Running test id 1252.117
     Running test id 1252.118
     Running test id 1252.119
     Running test id 1252.12
     Running test id 1252.121
     Running test id 1252.122
     Running test id 1252.123
     Running test id 1252.124
     Running test id 1252.125
     Running test id 1252.126
     Running test id 1252.127
     Running test id 1252.128
     Running test id 1252.129
     Running test id 1252.13
     Running test id 1252.131
     Running test id 1252.132
     Running test id 1252.133
     Running test id 1252.134
     Running test id 1252.135
     Running test id 1252.136
     Running test id 1252.137
     Running test id 1252.138
     Running test id 1252.139
     Running test id 1252.14
     Running test id 1252.141
     Running test id 1252.142
     Running test id 1252.143
     Running test id 1252.144
     Running test id 1252.145
     Running test id 1252.146
     Running test id 1252.147
     Running test id 1252.148
     Running test id 1252.149
     Running test id 1252.15
     Running test id 1252.151
     Running test id 1252.152
     Running test id 1252.153
     Running test id 1252.154
     Running test id 1252.155
     Running test id 1252.156
     Running test id 1252.157
     Running test id 1252.158
     Running test id 1252.159
     Running test id 1252.16
     Running test id 1252.161
     Running test id 1252.162
     Running test id 1252.163
     Running test id 1252.164
     Running test id 1252.165
     Running test id 1252.166
     Running test id 1252.167
     Running test id 1252.168
     Running test id 1252.169
     Running test id 1252.17
     Running test id 1252.171
     Running test id 1252.172
     Running test id 1252.173
     Running test id 1252.174
     Running test id 1252.175
     Running test id 1252.176
     Running test id 1252.177
     Running test id 1252.178
     Running test id 1252.179
     Running test id 1252.18
     Running test id 1252.181
     Running test id 1252.182
     Running test id 1252.183
     Running test id 1252.184
     Running test id 1252.185
     Running test id 1252.186
     Running test id 1252.187
     Running test id 1252.188
     Running test id 1252.189
     Running test id 1252.19
     Running test id 1252.191
     Running test id 1252.192
     Running test id 1252.193
     Running test id 1252.194
     Running test id 1252.195
     Running test id 1252.196
     Running test id 1252.197
     Running test id 1252.198
     Running test id 1252.199
     Running test id 1252.2
     Running test id 1252.201
     Running test id 1252.202
     Running test id 1252.203
     Running test id 1252.204
     Running test id 1252.205
     Running test id 1252.206
     Running test id 1252.207
     Running test id 1252.208
     Running test id 1252.209
     Running test id 1252.21
     Running test id 1252.211
     Running test id 1252.212
     Running test id 1252.213
     Running test id 1252.214
     Running test id 1252.215
     Running test id 1252.216
     Running test id 1252.217
     Running test id 1252.218
     Running test id 1252.219
     Running test id 1252.22
     Running test id 1252.221
     Running test id 1252.222
     Running test id 1252.223
     Running test id 1252.224
     Running test id 1252.225
     Running test id 1252.226
     Running test id 1252.227
     Running test id 1252.228
     Running test id 1252.229
     Running test id 1252.23
     Running test id 1252.231
     Running test id 1252.232
     Running test id 1252.233
     Running test id 1252.234
     Running test id 1252.235
     Running test id 1252.236
     Running test id 1252.237
     Running test id 1252.238
     Running test id 1252.239
     Running test id 1252.24
     Running test id 1252.241
     Running test id 1252.242
     Running test id 1252.243
     Running test id 1252.244
     Running test id 1252.245
     Running test id 1252.246
     Running test id 1252.247
     Running test id 1252.248
     Running test id 1252.249
     Running test id 1252.25
     Running test id 1252.251
     Running test id 1252.252
     Running test id 1252.253
     Running test id 1252.254
     Running test id 1252.255
     Running test id 1252.256
     Running test id 1252.257
     Running test id 1252.258
     Running test id 1252.259
     Running test id 1252.26
     Running test id 1252.261
     Running test id 1252.262
     Running test id 1252.263
     Running test id 1252.264
     Running test id 1252.265
     Running test id 1252.266
     Running test id 1252.267
     Running test id 1252.268
     Running test id 1252.269
     Running test id 1252.27
     Running test id 1252.271
     Running test id 1252.272
     Running test id 1252.273
     Running test id 1252.274
     Running test id 1252.275
     Running test id 1252.276
     Running test id 1252.277
     Running test id 1252.278
     Running test id 1252.279
     Running test id 1252.28
     Running test id 1252.281
     Running test id 1252.282
     Running test id 1252.283
     Running test id 1252.284
     Running test id 1252.285
     Running test id 1252.286
     Running test id 1252.287
     Running test id 1252.288
     Running test id 1252.289
     Running test id 1252.29
     Running test id 1252.291
     Running test id 1252.292
     Running test id 1252.293
     Running test id 1252.294
     Running test id 1252.295
     Running test id 1252.296
     Running test id 1252.297
     Running test id 1252.298
     Running test id 1252.299
     Running test id 1252.3
     Running test id 1252.301
     Running test id 1252.302
     Running test id 1252.303
     Running test id 1252.304
     Running test id 1252.305
     Running test id 1252.306
     Running test id 1252.307
     Running test id 1252.308
     Running test id 1252.309
     Running test id 1252.31
     Running test id 1252.311
     Running test id 1252.312
     Running test id 1252.313
     Running test id 1252.314
     Running test id 1252.315
     Running test id 1252.316
     Running test id 1252.317
     Running test id 1252.318
     Running test id 1252.319
     Running test id 1252.32
     Running test id 1252.321
     Running test id 1252.322
     Running test id 1252.323
     Running test id 1252.324
     Running test id 1252.325
     Running test id 1252.326
     Running test id 1252.327
     Running test id 1252.328
     Running test id 1252.329
     Running test id 1252.33
     Running test id 1252.331
     Running test id 1252.332
     Running test id 1252.333
     Running test id 1252.334
     Running test id 1252.335
     Running test id 1252.336
     Running test id 1252.337
     Running test id 1252.338
     Running test id 1252.339
     Running test id 1252.34
     Running test id 1252.341
     Running test id 1252.342
     Running test id 1252.343
     Running test id 1252.344
     Running test id 1252.345
     Running test id 1252.346
     Running test id 1252.347
     Running test id 1252.348
     Running test id 1252.349
     Running test id 1252.35
     Running test id 1252.351
     Running test id 1252.352
     Running test id 1252.353
     Running test id 1252.354
     Running test id 1252.355
     Running test id 1252.356
     Running test id 1252.357
     Running test id 1252.358
     Running test id 1252.359
     Running test id 1252.36
     Running test id 1252.361
     Running test id 1252.362
     Running test id 1252.363
     Running test id 1252.364
     Running test id 1252.365
     Running test id 1252.366
     Running test id 1252.367
     Running test id 1252.368
     Running test id 1252.369
     Running test id 1252.37
     Running test id 1252.371
     Running test id 1252.372
     Running test id 1252.373
     Running test id 1252.374
     Running test id 1252.375
     Running test id 1252.376
     Running test id 1252.377
     Running test id 1252.378
     Running test id 1252.379
     Running test id 1252.38
     Running test id 1252.381
     Running test id 1252.382
     Running test id 1252.383
     Running test id 1252.384
     Running test id 1252.385
     Running test id 1252.386
     Running test id 1252.387
     Running test id 1252.388
     Running test id 1252.389
     Running test id 1252.39
     Running test id 1252.391
     Running test id 1252.392
     Running test id 1252.393
     Running test id 1252.394
     Running test id 1252.395
     Running test id 1252.396
     Running test id 1252.397
     Running test id 1252.398
     Running test id 1252.399
     Running test id 1252.4
     Running test id 1252.401
     Running test id 1252.402
     Running test id 1252.403
     Running test id 1252.404
     Running test id 1252.405
     Running test id 1252.406
     Running test id 1252.407
     Running test id 1252.408
     Running test id 1252.409
     Running test id 1252.41
     Running test id 1252.411
     Running test id 1252.412
     Running test id 1252.413
     Running test id 1252.414
     Running test id 1252.415
     Running test id 1252.416
     Running test id 1252.417
     Running test id 1252.418
     Running test id 1252.419
     Running test id 1252.42
     Running test id 1252.421
     Running test id 1252.422
     Running test id 1252.423
     Running test id 1252.424
     Running test id 1252.425
     Running test id 1252.426
     Running test id 1252.427
     Running test id 1252.428
     Running test id 1252.429
     Running test id 1252.43
     Running test id 1252.431
     Running test id 1252.432
     Running test id 1252.433
     Running test id 1252.434
     Running test id 1252.435
     Running test id 1252.436
     Running test id 1252.437
     Running test id 1252.438
     Running test id 1252.439
     Running test id 1252.44
     Running test id 1252.441
     Running test id 1252.442
     Running test id 1252.443
     Running test id 1252.444
     Running test id 1252.445
     Running test id 1252.446
     Running test id 1252.447
     Running test id 1252.448
     Running test id 1252.449
     Running test id 1252.45
     Running test id 1252.451
     Running test id 1252.452
     Running test id 1252.453
     Running test id 1252.454
     Running test id 1252.455
     Running test id 1252.456
     Running test id 1252.457
     Running test id 1252.458
     Running test id 1252.459
     Running test id 1252.46
     Running test id 1252.461
     Running test id 1252.462
     Running test id 1252.463
     Running test id 1252.464
     Running test id 1252.465
     Running test id 1252.466
     Running test id 1252.467
     Running test id 1252.468
     Running test id 1252.469
     Running test id 1252.47
     Running test id 1252.471
     Running test id 1252.472
     Running test id 1252.473
     Running test id 1252.474
     Running test id 1252.475
     Running test id 1252.476
     Running test id 1252.477
     Running test id 1252.478
     Running test id 1252.479
     Running test id 1252.48
     Running test id 1252.481
     Running test id 1252.482
     Running test id 1252.483
     Running test id 1252.484
     Running test id 1253
     Running test id 1254
     Running test id 1255
     Running test id 1256
     Running test id 1257
     Running test id 1258
     Running test id 1259
     Running test id 1260
     Running test id 1261
     Running test id 1263
     Running test id 1264
     Running test id 1265
     Running test id 1266
     Running test id 1267.1
     Running test id 1267.2
     Running test id 1268.01
     Running test id 1268.02
     Running test id 1268.03
     Running test id 1268.04
     Running test id 1268.05
     Running test id 1268.06
     Running test id 1268.07
     Running test id 1268.08
     Running test id 1268.09
     Running test id 1268.1
     Running test id 1268.11
     Running test id 1268.12
     Running test id 1268.13
     Running test id 1268.14
     Running test id 1268.15
     Running test id 1268.16
     Running test id 1268.17
     Running test id 1268.18
     Running test id 1268.19
     Running test id 1268.2
     Running test id 1268.21
     Running test id 1268.22
     Running test id 1269
     Running test id 1270
     Running test id 1271
     Running test id 1272
     Running test id 1273
     Running test id 1274
     Running test id 1275
     Running test id 1276
     Running test id 1277
     Running test id 1278.001
     Running test id 1278.002
     Running test id 1278.003
     Running test id 1278.004
     Running test id 1278.005
     Running test id 1278.006
     Running test id 1278.007
     Running test id 1278.008
     Running test id 1278.009
     Running test id 1278.01
     Running test id 1278.011
     Running test id 1278.012
     Running test id 1278.013
     Running test id 1278.014
     Running test id 1278.015
     Running test id 1278.016
     Running test id 1278.017
     Running test id 1278.018
     Running test id 1278.019
     Running test id 1278.02
     Running test id 1278.021
     Running test id 1278.022
     Running test id 1278.023
     Running test id 1278.024
     Running test id 1278.025
     Running test id 1278.026
     Running test id 1278.027
     Running test id 1278.028
     Running test id 1278.029
     Running test id 1278.03
     Running test id 1278.031
     Running test id 1278.032
     Running test id 1278.033
     Running test id 1278.034
     Running test id 1278.035
     Running test id 1278.036
     Running test id 1278.037
     Running test id 1278.038
     Running test id 1278.039
     Running test id 1278.04
     Running test id 1278.041
     Running test id 1278.042
     Running test id 1278.043
     Running test id 1278.044
     Running test id 1278.045
     Running test id 1278.046
     Running test id 1278.047
     Running test id 1278.048
     Running test id 1278.049
     Running test id 1278.05
     Running test id 1278.051
     Running test id 1278.052
     Running test id 1278.053
     Running test id 1278.054
     Running test id 1278.055
     Running test id 1278.056
     Running test id 1278.057
     Running test id 1278.058
     Running test id 1278.059
     Running test id 1278.06
     Running test id 1278.061
     Running test id 1278.062
     Running test id 1278.063
     Running test id 1278.064
     Running test id 1278.065
     Running test id 1278.066
     Running test id 1278.067
     Running test id 1278.068
     Running test id 1278.069
     Running test id 1278.07
     Running test id 1278.071
     Running test id 1278.072
     Running test id 1278.073
     Running test id 1278.074
     Running test id 1278.075
     Running test id 1278.076
     Running test id 1278.077
     Running test id 1278.078
     Running test id 1278.079
     Running test id 1278.08
     Running test id 1278.081
     Running test id 1278.082
     Running test id 1278.083
     Running test id 1278.084
     Running test id 1278.085
     Running test id 1278.086
     Running test id 1278.087
     Running test id 1278.088
     Running test id 1278.089
     Running test id 1278.09
     Running test id 1278.091
     Running test id 1278.092
     Running test id 1278.093
     Running test id 1278.094
     Running test id 1278.095
     Running test id 1278.096
     Running test id 1278.097
     Running test id 1278.098
     Running test id 1278.099
     Running test id 1278.1
     Running test id 1278.101
     Running test id 1278.102
     Running test id 1278.103
     Running test id 1278.104
     Running test id 1278.105
     Running test id 1278.106
     Running test id 1278.107
     Running test id 1278.108
     Running test id 1278.109
     Running test id 1278.11
     Running test id 1278.111
     Running test id 1278.112
     Running test id 1278.113
     Running test id 1278.114
     Running test id 1278.115
     Running test id 1278.116
     Running test id 1278.117
     Running test id 1278.118
     Running test id 1278.119
     Running test id 1278.12
     Running test id 1279
     Running test id 1280
     Running test id 1281
     Running test id 1282
     Running test id 1283.1
     Running test id 1283.2
     Running test id 1283.3
     Running test id 1283.4
     Running test id 1284.1
     Running test id 1284.2
     Running test id 1285.1
     Running test id 1285.2
     Running test id 1287
     Running test id 1288.01
     Running test id 1288.02
     Running test id 1288.03
     Running test id 1288.04
     Running test id 1288.05
     Running test id 1288.06
     Running test id 1288.07
     Running test id 1288.08
     Running test id 1288.09
     Running test id 1288.1
     Running test id 1288.11
     Running test id 1288.12
     Running test id 1288.13
     Running test id 1288.14
     Running test id 1288.15
     Running test id 1288.16
     Running test id 1288.17
     Running test id 1289.1
     Running test id 1289.2
     Running test id 1289.3
     Running test id 1289.4
     Running test id 1290.01
     Running test id 1290.02
     Running test id 1290.03
     Running test id 1290.04
     Running test id 1290.05
     Running test id 1290.06
     Running test id 1290.07
     Running test id 1290.09
     Running test id 1290.1
     Running test id 1290.11
     Running test id 1290.12
     Running test id 1290.13
     Running test id 1290.14
     Running test id 1290.15
     Running test id 1290.16
     Running test id 1290.17
     Running test id 1290.18
     Running test id 1290.19
     Running test id 1290.2
     Running test id 1290.21
     Running test id 1290.22
     Running test id 1290.23
     Running test id 1290.24
     Running test id 1290.25
     Running test id 1290.26
     Running test id 1290.27
     Running test id 1290.28
     Running test id 1290.29
     Running test id 1290.3
     Running test id 1290.31
     Running test id 1290.32
     Running test id 1290.33
     Running test id 1290.34
     Running test id 1291.1
     Running test id 1291.2
     Running test id 1292.1
     Running test id 1292.2
     Running test id 1292.3
     Running test id 1292.4
     Running test id 1293
     Running test id 1294.01
     Running test id 1294.02
     Running test id 1294.03
     Running test id 1294.04
     Running test id 1294.05
     Running test id 1294.06
     Running test id 1294.07
     Running test id 1294.08
     Running test id 1294.09
     Running test id 1294.1
     Running test id 1294.11
     Running test id 1294.12
     Running test id 1294.13
     Running test id 1294.14
     Running test id 1294.15
     Running test id 1294.16
     Running test id 1294.17
     Running test id 1294.18
     Running test id 1294.19
     Running test id 1294.2
     Running test id 1294.21
     Running test id 1294.22
     Running test id 1294.23
     Running test id 1294.24
     Running test id 1294.25
     Running test id 1294.26
     Running test id 1294.27
     Running test id 1294.28
     Running test id 1294.29
     Running test id 1294.3
     Running test id 1294.31
     Running test id 1294.5
     Running test id 1294.51
     Running test id 1294.52
     Running test id 1295
     Running test id 1296
     Running test id 1297
     Running test id 1298
     Running test id 1299
     Running test id 1300
     Running test id 1301
     Running test id 1302
     Running test id 1303
     Running test id 1304.1
     Running test id 1304.2
     Running test id 1305.01
     Running test id 1305.02
     Running test id 1305.03
     Running test id 1305.04
     Running test id 1305.05
     Running test id 1305.06
     Running test id 1305.07
     Running test id 1305.08
     Running test id 1305.09
     Running test id 1305.1
     Running test id 1305.11
     Running test id 1305.12
     Running test id 1305.13
     Running test id 1306
     Running test id 1307
     Running test id 1308
     Running test id 1309
     Running test id 1310
     Running test id 1311
     Running test id 1312
     Running test id 1313.01
     Running test id 1313.02
     Running test id 1313.03
     Running test id 1313.04
     Running test id 1313.05
     Running test id 1313.06
     Running test id 1313.07
     Running test id 1313.08
     Running test id 1313.09
     Running test id 1313.1
     Running test id 1313.11
     Running test id 1313.12
     Running test id 1313.13
     Running test id 1313.14
     Running test id 1313.15
     Running test id 1313.16
     Running test id 1313.17
     Running test id 1313.18
     Running test id 1313.19
     Running test id 1313.2
     Running test id 1313.21
     Running test id 1313.22
     Running test id 1313.23
     Running test id 1313.24
     Running test id 1313.25
     Running test id 1313.26
     Running test id 1313.27
     Running test id 1313.28
     Running test id 1313.29
     Running test id 1313.3
     Running test id 1317.1
     Running test id 1317.2
     Running test id 1318.1
     Running test id 1318.2
     Running test id 1318.3
     Running test id 1319.1
     Running test id 1319.2
     Running test id 1319.3
     Running test id 1319.4
     Running test id 1319.5
     Running test id 1319.6
     Running test id 1319.7
     Running test id 1319.8
     Running test id 1320.01
     Running test id 1320.02
     Running test id 1320.03
     Running test id 1320.04
     Running test id 1320.05
     Running test id 1320.06
     Running test id 1320.07
     Running test id 1320.08
     Running test id 1320.09
     Running test id 1320.1
     Running test id 1321
     Running test id 1322
     Running test id 1323
     Running test id 1324
     Running test id 1325
     Running test id 1326
     Running test id 1327
     Running test id 1328
     Running test id 1328.2
     Running test id 1329
     Running test id 1330
     Running test id 1331.1
     Running test id 1331.2
     Running test id 1332
     Running test id 1332.2
     Running test id 1333.1
     Running test id 1333.2
     Running test id 1334
     Running test id 1335
     Running test id 1336.1
     Running test id 1336.2
     Running test id 1337
     Running test id 1338
     Running test id 1340.01
     Running test id 1340.02
     Running test id 1340.03
     Running test id 1340.04
     Running test id 1340.05
     Running test id 1340.06
     Running test id 1340.07
     Running test id 1340.08
     Running test id 1340.09
     Running test id 1340.1
     Running test id 1340.11
     Running test id 1340.12
     Running test id 1340.13
     Running test id 1340.14
     Running test id 1340.15
     Running test id 1340.16
     Running test id 1340.17
     Running test id 1340.18
     Running test id 1341.1
     Running test id 1341.2
     Running test id 1341.3
     Running test id 1341.4
     Running test id 1341.5
     Running test id 1341.6
     Running test id 1342
     Running test id 1343.1
     Running test id 1343.2
     Running test id 1343.3
     Running test id 1343.4
     Running test id 1343.5
     Running test id 1343.6
     Running test id 1344.1
     Running test id 1344.2
     Running test id 1348
     Running test id 1349
     Running test id 1350
     Running test id 1351.1
     Running test id 1351.2
     Running test id 1352.1
     Running test id 1352.2
     Running test id 1352.3
     Running test id 1352.4
     Running test id 1352.5
     Running test id 1352.6
     Running test id 1352.7
     Running test id 1352.8
     Running test id 1353.1
     Running test id 1353.2
     Running test id 1354
     Running test id 1355.1
     Running test id 1356
     Running test id 1357
     Running test id 1358.1
     Running test id 1358.2
     Running test id 1359.1
     Running test id 1359.2
     Running test id 1360.1
     Running test id 1360.2
     Running test id 1361
     Running test id 1362.01
     Running test id 1362.02
     Running test id 1362.03
     Running test id 1362.04
     Running test id 1362.05
     Running test id 1362.06
     Running test id 1362.07
     Running test id 1362.08
     Running test id 1362.09
     Running test id 1362.1
     Running test id 1362.11
     Running test id 1362.12
     Running test id 1362.13
     Running test id 1362.14
     Running test id 1362.15
     Running test id 1362.16
     Running test id 1363.1
     Running test id 1363.2
     Running test id 1363.3
     Running test id 1364.01
     Running test id 1364.02
     Running test id 1364.03
     Running test id 1364.04
     Running test id 1364.05
     Running test id 1364.06
     Running test id 1364.07
     Running test id 1364.08
     Running test id 1364.09
     Running test id 1364.1
     Running test id 1364.11
     Running test id 1364.12
     Running test id 1364.13
     Running test id 1364.14
     Running test id 1364.15
     Running test id 1364.16
     Running test id 1364.17
     Running test id 1364.18
     Running test id 1364.19
     Running test id 1364.2
     Running test id 1364.22
     Running test id 1365.1
     Running test id 1365.2
     Running test id 1365.3
     Running test id 1365.4
     Running test id 1365.5
     Running test id 1365.6
     Running test id 1366
     Running test id 1367.1
     Running test id 1367.2
     Running test id 1367.3
     Running test id 1367.4
     Running test id 1368.0001
     Running test id 1368.0002
     Running test id 1368.0003
     Running test id 1368.0004
     Running test id 1368.0005
     Running test id 1368.0006
     Running test id 1368.0007
     Running test id 1368.0008
     Running test id 1368.0009
     Running test id 1368.001
     Running test id 1368.0011
     Running test id 1368.0012
     Running test id 1368.0013
     Running test id 1368.0014
     Running test id 1368.0015
     Running test id 1368.0016
     Running test id 1368.0017
     Running test id 1368.0018
     Running test id 1368.0019
     Running test id 1368.002
     Running test id 1368.0021
     Running test id 1368.0022
     Running test id 1368.0023
     Running test id 1368.0024
     Running test id 1368.0025
     Running test id 1368.0026
     Running test id 1368.0027
     Running test id 1368.0028
     Running test id 1368.0029
     Running test id 1368.003
     Running test id 1368.0031
     Running test id 1368.0032
     Running test id 1368.0033
     Running test id 1368.0034
     Running test id 1368.0035
     Running test id 1368.0036
     Running test id 1368.0037
     Running test id 1368.0038
     Running test id 1368.0039
     Running test id 1368.004
     Running test id 1368.0041
     Running test id 1368.0042
     Running test id 1368.0043
     Running test id 1368.0044
     Running test id 1368.0045
     Running test id 1368.0046
     Running test id 1368.0047
     Running test id 1368.0048
     Running test id 1368.0049
     Running test id 1368.005
     Running test id 1368.0051
     Running test id 1368.0052
     Running test id 1368.0053
     Running test id 1368.0054
     Running test id 1368.0055
     Running test id 1368.0056
     Running test id 1368.0057
     Running test id 1368.0058
     Running test id 1368.0059
     Running test id 1368.006
     Running test id 1368.0061
     Running test id 1368.0062
     Running test id 1368.0063
     Running test id 1368.0064
     Running test id 1368.0065
     Running test id 1368.0066
     Running test id 1368.0067
     Running test id 1368.0068
     Running test id 1368.0069
     Running test id 1368.007
     Running test id 1368.0071
     Running test id 1368.0072
     Running test id 1368.0073
     Running test id 1368.0074
     Running test id 1368.0075
     Running test id 1368.0076
     Running test id 1368.0077
     Running test id 1368.0078
     Running test id 1368.0079
     Running test id 1368.008
     Running test id 1368.0081
     Running test id 1368.0082
     Running test id 1368.0083
     Running test id 1368.0084
     Running test id 1368.0085
     Running test id 1368.0086
     Running test id 1368.0087
     Running test id 1368.0088
     Running test id 1368.0089
     Running test id 1368.009
     Running test id 1368.0091
     Running test id 1368.0092
     Running test id 1368.0093
     Running test id 1368.0094
     Running test id 1368.0095
     Running test id 1368.0096
     Running test id 1368.0097
     Running test id 1368.0098
     Running test id 1368.0099
     Running test id 1368.01
     Running test id 1368.0101
     Running test id 1368.0102
     Running test id 1368.0103
     Running test id 1368.0104
     Running test id 1368.0105
     Running test id 1368.0106
     Running test id 1368.0107
     Running test id 1368.0108
     Running test id 1368.0109
     Running test id 1368.011
     Running test id 1368.0111
     Running test id 1368.0112
     Running test id 1368.0113
     Running test id 1368.0114
     Running test id 1368.0115
     Running test id 1368.0116
     Running test id 1368.0117
     Running test id 1368.0118
     Running test id 1368.0119
     Running test id 1368.012
     Running test id 1369.0001
     Running test id 1369.0002
     Running test id 1369.0003
     Running test id 1369.0004
     Running test id 1369.0005
     Running test id 1369.0006
     Running test id 1369.0007
     Running test id 1369.0008
     Running test id 1369.0009
     Running test id 1369.001
     Running test id 1369.0011
     Running test id 1369.0012
     Running test id 1369.0013
     Running test id 1369.0014
     Running test id 1369.0015
     Running test id 1369.0016
     Running test id 1369.0017
     Running test id 1369.0018
     Running test id 1369.0019
     Running test id 1369.002
     Running test id 1369.0021
     Running test id 1369.0022
     Running test id 1369.0023
     Running test id 1369.0024
     Running test id 1369.0025
     Running test id 1369.0026
     Running test id 1369.0027
     Running test id 1369.0028
     Running test id 1369.0029
     Running test id 1369.003
     Running test id 1369.0031
     Running test id 1369.0032
     Running test id 1369.0033
     Running test id 1369.0034
     Running test id 1369.0035
     Running test id 1369.0036
     Running test id 1369.0037
     Running test id 1369.0038
     Running test id 1369.0039
     Running test id 1369.004
     Running test id 1370.0001
     Running test id 1370.0002
     Running test id 1370.0003
     Running test id 1370.0004
     Running test id 1370.0005
     Running test id 1370.0006
     Running test id 1370.0007
     Running test id 1370.0008
     Running test id 1370.0009
     Running test id 1370.001
     Running test id 1370.0011
     Running test id 1370.0012
     Running test id 1370.0013
     Running test id 1370.0014
     Running test id 1370.0015
     Running test id 1370.0016
     Running test id 1370.0017
     Running test id 1370.0018
     Running test id 1370.0019
     Running test id 1370.002
     Running test id 1370.0021
     Running test id 1370.0022
     Running test id 1370.0023
     Running test id 1370.0024
     Running test id 1370.0025
     Running test id 1370.0026
     Running test id 1370.0027
     Running test id 1370.0028
     Running test id 1370.0029
     Running test id 1370.003
     Running test id 1370.0031
     Running test id 1370.0032
     Running test id 1370.0033
     Running test id 1370.0034
     Running test id 1370.0035
     Running test id 1370.0036
     Running test id 1370.0037
     Running test id 1370.0038
     Running test id 1370.0039
     Running test id 1370.004
     Running test id 1370.0041
     Running test id 1370.0042
     Running test id 1370.0043
     Running test id 1370.0044
     Running test id 1370.0045
     Running test id 1370.0046
     Running test id 1370.0047
     Running test id 1370.0048
     Running test id 1370.0049
     Running test id 1370.005
     Running test id 1370.0051
     Running test id 1370.0052
     Running test id 1370.0053
     Running test id 1370.0054
     Running test id 1370.0055
     Running test id 1370.0056
     Running test id 1370.0057
     Running test id 1370.0058
     Running test id 1370.0059
     Running test id 1370.006
     Running test id 1370.0061
     Running test id 1370.0062
     Running test id 1370.0063
     Running test id 1370.0064
     Running test id 1370.0065
     Running test id 1370.0066
     Running test id 1370.0067
     Running test id 1370.0068
     Running test id 1370.0069
     Running test id 1370.007
     Running test id 1370.0071
     Running test id 1370.0072
     Running test id 1370.0073
     Running test id 1370.0074
     Running test id 1370.0075
     Running test id 1370.0076
     Running test id 1370.0077
     Running test id 1370.0078
     Running test id 1370.0079
     Running test id 1370.008
     Running test id 1370.0081
     Running test id 1370.0082
     Running test id 1370.0083
     Running test id 1370.0084
     Running test id 1370.0085
     Running test id 1370.0086
     Running test id 1370.0087
     Running test id 1370.0088
     Running test id 1370.0089
     Running test id 1370.009
     Running test id 1370.0091
     Running test id 1370.0092
     Running test id 1370.0093
     Running test id 1371.1
     Running test id 1371.2
     Running test id 1371.3
     Running test id 1371.4
     Running test id 1372.01
     Running test id 1372.02
     Running test id 1372.03
     Running test id 1372.04
     Running test id 1372.05
     Running test id 1372.06
     Running test id 1372.07
     Running test id 1372.08
     Running test id 1372.09
     Running test id 1372.1
     Running test id 1372.11
     Running test id 1372.12
     Running test id 1372.13
     Running test id 1372.14
     Running test id 1372.15
     Running test id 1372.16
     Running test id 1372.17
     Running test id 1372.18
     Running test id 1372.19
     Running test id 1372.2
     Running test id 1372.21
     Running test id 1372.22
     Running test id 1372.23
     Running test id 1372.24
     Running test id 1372.25
     Running test id 1372.26
     Running test id 1372.27
     Running test id 1372.28
     Running test id 1372.29
     Running test id 1372.3
     Running test id 1372.31
     Running test id 1372.32
     Running test id 1372.33
     Running test id 1372.34
     Running test id 1372.35
     Running test id 1372.36
     Running test id 1372.37
     Running test id 1372.38
     Running test id 1372.39
     Running test id 1372.4
     Running test id 1372.41
     Running test id 1372.42
     Running test id 1372.43
     Running test id 1372.44
     Running test id 1372.45
     Running test id 1372.91
     Running test id 1372.92
     Running test id 1373
     Running test id 1374.1
     Running test id 1374.2
     Running test id 1375.1
     Running test id 1375.2
     Running test id 1375.3
     Running test id 1376.01
     Running test id 1376.02
     Running test id 1376.03
     Running test id 1376.04
     Running test id 1376.05
     Running test id 1376.06
     Running test id 1376.07
     Running test id 1376.08
     Running test id 1376.09
     Running test id 1376.1
     Running test id 1376.11
     Running test id 1376.12
     Running test id 1377.1
     Running test id 1377.2
     Running test id 1377.3
     Running test id 1377.4
     Running test id 1377.5
     Running test id 1377.6
     Running test id 1377.7
     Running test id 1377.8
     Running test id 1378.1
     Running test id 1378.2
     Running test id 1378.3
     Running test id 1379.1
     Running test id 1379.2
     Running test id 1379.3
     Running test id 1380
     Running test id 1381
     Running test id 1382.1
     Running test id 1382.2
     Running test id 1382.3
     Running test id 1382.4
     Running test id 1383.1
     Running test id 1383.2
     Running test id 1384
     Running test id 1385.1
     Running test id 1385.2
     Running test id 1386
     Running test id 1387.1
     Running test id 1387.2
     Running test id 1388
     Running test id 1389
     Running test id 1390.1
     Running test id 1390.2
     Running test id 1390.3
     Running test id 1390.4
     Running test id 1390.5
     Running test id 1391.1
     Running test id 1391.2
     Running test id 1392.1
     Running test id 1392.2
     Running test id 1393.1
     Running test id 1393.2
     Running test id 1394.001
     Running test id 1394.002
     Running test id 1394.003
     Running test id 1394.004
     Running test id 1394.005
     Running test id 1394.006
     Running test id 1394.007
     Running test id 1394.008
     Running test id 1394.009
     Running test id 1394.01
     Running test id 1394.011
     Running test id 1394.012
     Running test id 1394.013
     Running test id 1394.014
     Running test id 1394.015
     Running test id 1396
     Running test id 1397
     Running test id 1398
     Running test id 1399
     Running test id 1400
     Running test id 1401
     Running test id 1402
     Running test id 1403
     Running test id 1404
     Running test id 1405
     Running test id 1406
     Running test id 1407
     Running test id 1408
     Running test id 1409
     Running test id 1410
     Running test id 1411
     Running test id 1412
     Running test id 1413
     Running test id 1414
     Running test id 1415
     Running test id 1416
     Running test id 1417
     Running test id 1418.1
     Running test id 1418.2
     Running test id 1419.01
     Running test id 1419.02
     Running test id 1419.03
     Running test id 1419.04
     Running test id 1419.05
     Running test id 1419.06
     Running test id 1419.07
     Running test id 1419.08
     Running test id 1419.09
     Running test id 1419.1
     Running test id 1419.11
     Running test id 1419.12
     Running test id 1419.13
     Running test id 1419.14
     Running test id 1419.15
     Running test id 1419.16
     Running test id 1419.17
     Running test id 1419.18
     Running test id 1419.21
     Running test id 1419.22
     Running test id 1419.23
     Running test id 1419.24
     Running test id 1419.25
     Running test id 1419.26
     Running test id 1419.27
     Running test id 1419.28
     Running test id 1419.29
     Running test id 1419.31
     Running test id 1419.32
     Running test id 1419.33
     Running test id 1419.34
     Running test id 1419.35
     Running test id 1419.36
     Running test id 1419.37
     Running test id 1419.38
     Running test id 1419.39
     Running test id 1419.41
     Running test id 1419.42
     Running test id 1419.43
     Running test id 1419.44
     Running test id 1419.45
     Running test id 1419.46
     Running test id 1419.47
     Running test id 1419.48
     Running test id 1419.49
     Running test id 1419.51
     Running test id 1419.52
     Running test id 1419.53
     Running test id 1419.54
     Running test id 1419.55
     Running test id 1419.56
     Running test id 1419.57
     Running test id 1419.58
     Running test id 1419.59
     Running test id 1419.6
     Running test id 1419.61
     Running test id 1419.62
     Running test id 1419.63
     Running test id 1419.64
     Running test id 1419.65
     Running test id 1419.66
     Running test id 1420
     Running test id 1421
     Running test id 1422
     Running test id 1423
     Running test id 1424
     Running test id 1425
     Running test id 1426
     Running test id 1427
     Running test id 1428
     Running test id 1429
     Running test id 1430
     Running test id 1431
     Running test id 1432
     Running test id 1433
     Running test id 1434
     Running test id 1435
     Running test id 1436
     Running test id 1437.01
     Running test id 1437.02
     Running test id 1437.03
     Running test id 1437.04
     Running test id 1437.05
     Running test id 1437.06
     Running test id 1437.07
     Running test id 1437.08
     Running test id 1437.09
     Running test id 1437.1
     Running test id 1437.11
     Running test id 1437.12
     Running test id 1437.13
     Running test id 1437.14
     Running test id 1437.15
     Running test id 1437.16
     Running test id 1437.17
     Running test id 1437.18
     Running test id 1437.19
     Running test id 1437.21
     Running test id 1437.22
     Running test id 1437.23
     Running test id 1437.24
     Running test id 1437.25
     Running test id 1437.26
     Running test id 1437.27
     Running test id 1437.28
     Running test id 1437.29
     Running test id 1437.31
     Running test id 1437.32
     Running test id 1437.33
     Running test id 1437.34
     Running test id 1437.35
     Running test id 1437.36
     Running test id 1437.37
     Running test id 1437.38
     Running test id 1439
     Running test id 1440
     Running test id 1441
     Running test id 1442
     Running test id 1443
     Running test id 1444.1
     Running test id 1444.2
     Running test id 1444.3
     Running test id 1444.4
     Running test id 1445
     Running test id 1446
     Running test id 1448.1
     Running test id 1448.2
     Running test id 1449.1
     Running test id 1449.2
     Running test id 1450
     Running test id 1451.1
     Running test id 1451.2
     Running test id 1451.3
     Running test id 1451.4
     Running test id 1451.5
     Running test id 1451.6
     Running test id 1451.7
     Running test id 1451.8
     Running test id 1452
     Running test id 1453
     Running test id 1454.1
     Running test id 1454.2
     Running test id 1455
     Running test id 1456.1
     Running test id 1456.2
     Running test id 1456.3
     Running test id 1457.1
     Running test id 1457.2
     Running test id 1457.3
     Running test id 1458.1
     Running test id 1458.2
     Running test id 1458.3
     Running test id 1459.01
     Running test id 1459.02
     Running test id 1459.03
     Running test id 1459.04
     Running test id 1459.05
     Running test id 1459.06
     Running test id 1459.07
     Running test id 1459.08
     Running test id 1459.09
     Running test id 1459.1
     Running test id 1459.11
     Running test id 1459.12
     Running test id 1460.1
     Running test id 1460.2
     Running test id 1460.3
     Running test id 1460.4
     Running test id 1460.5
     Running test id 1461.1
     Running test id 1462.1
     Running test id 1462.2
     Running test id 1462.3
     Running test id 1463.01
     Running test id 1463.02
     Running test id 1463.03
     Running test id 1463.04
     Running test id 1463.05
     Running test id 1463.06
     Running test id 1463.07
     Running test id 1463.08
     Running test id 1463.09
     Running test id 1463.1
     Running test id 1463.11
     Running test id 1463.12
     Running test id 1463.13
     Running test id 1463.14
     Running test id 1463.15
     Running test id 1463.16
     Running test id 1463.17
     Running test id 1463.18
     Running test id 1463.19
     Running test id 1463.2
     Running test id 1463.21
     Running test id 1463.22
     Running test id 1463.23
     Running test id 1463.24
     Running test id 1463.25
     Running test id 1463.26
     Running test id 1463.27
     Running test id 1463.28
     Running test id 1463.29
     Running test id 1463.3
     Running test id 1463.31
     Running test id 1463.32
     Running test id 1463.33
     Running test id 1463.34
     Running test id 1463.35
     Running test id 1463.36
     Running test id 1463.37
     Running test id 1463.38
     Running test id 1463.39
     Running test id 1463.4
     Running test id 1463.41
     Running test id 1464.01
     Running test id 1464.02
     Running test id 1464.03
     Running test id 1464.04
     Running test id 1464.05
     Running test id 1464.06
     Running test id 1464.07
     Running test id 1464.08
     Running test id 1464.09
     Running test id 1464.1
     Running test id 1464.11
     Running test id 1464.12
     Running test id 1464.13
     Running test id 1464.14
     Running test id 1465.01
     Running test id 1465.02
     Running test id 1465.03
     Running test id 1465.04
     Running test id 1465.05
     Running test id 1465.06
     Running test id 1465.07
     Running test id 1465.08
     Running test id 1465.09
     Running test id 1465.1
     Running test id 1465.11
     Running test id 1465.12
     Running test id 1465.13
     Running test id 1465.14
     Running test id 1465.15
     Running test id 1465.16
     Running test id 1465.17
     Running test id 1465.18
     Running test id 1466.1
     Running test id 1466.2
     Running test id 1467.01
     Running test id 1467.02
     Running test id 1467.03
     Running test id 1467.04
     Running test id 1467.05
     Running test id 1467.06
     Running test id 1467.07
     Running test id 1468.1
     Running test id 1468.2
     Running test id 1468.3
     Running test id 1469.1
     Running test id 1469.2
     Running test id 1469.3
     Running test id 1469.4
     Running test id 1469.5
     Running test id 1469.6
     Running test id 1470.1
     Running test id 1470.2
     Running test id 1470.3
     Running test id 1471
     Running test id 1472
     Running test id 1473
     Running test id 1474.1
     Running test id 1474.2
     Running test id 1474.3
     Running test id 1474.4
     Running test id 1475.01
     Running test id 1475.02
     Running test id 1475.03
     Running test id 1475.04
     Running test id 1475.05
     Running test id 1475.06
     Running test id 1475.07
     Running test id 1475.08
     Running test id 1475.09
     Running test id 1475.1
     Running test id 1475.11
     Running test id 1475.12
     Running test id 1475.13
     Running test id 1475.14
     Running test id 1475.15
     Running test id 1475.16
     Running test id 1476.1
     Running test id 1477.01
     Running test id 1477.02
     Running test id 1477.03
     Running test id 1477.04
     Running test id 1477.05
     Running test id 1477.06
     Running test id 1477.07
     Running test id 1477.08
     Running test id 1477.09
     Running test id 1477.1
     Running test id 1477.11
     Running test id 1477.12
     Running test id 1477.13
     Running test id 1478.1
     Running test id 1478.2
     Running test id 1479
     Running test id 1480.1
     Running test id 1480.2
     Running test id 1480.3
     Running test id 1481.1
     Running test id 1481.2
     Running test id 1481.3
     Running test id 1482.1
     Running test id 1482.2
     Running test id 1482.3
     Running test id 1482.4
     Running test id 1482.5
     Running test id 1483.1
     Running test id 1483.2
     Running test id 1483.3
     Running test id 1483.4
     Running test id 1484.1
     Running test id 1484.2
     Running test id 1485
     Running test id 1486.1
     Running test id 1486.2
     Running test id 1487.1
     Running test id 1487.2
     Running test id 1488
     Running test id 1489.1
     Running test id 1489.2
     Running test id 1489.3
     Running test id 1490.01
     Running test id 1490.02
     Running test id 1490.03
     Running test id 1490.04
     Running test id 1490.05
     Running test id 1490.06
     Running test id 1490.07
     Running test id 1490.08
     Running test id 1490.09
     Running test id 1490.1
     Running test id 1490.11
     Running test id 1490.12
     Running test id 1490.13
     Running test id 1490.14
     Running test id 1490.15
     Running test id 1490.16
     Running test id 1490.17
     Running test id 1490.18
     Running test id 1490.19
     Running test id 1490.2
     Running test id 1490.21
     Running test id 1490.22
     Running test id 1490.23
     Running test id 1490.24
     Running test id 1491.1
     Running test id 1491.2
     Running test id 1491.3
     Running test id 1491.4
     Running test id 1491.5
     Running test id 1491.6
     Running test id 1492
     Running test id 1493
     Running test id 1494.1
     Running test id 1494.2
     Running test id 1496
     Running test id 1497
     Running test id 1498.1
     Running test id 1498.2
     Running test id 1499
     Running test id 1500.1
     Running test id 1500.2
     Running test id 1500.3
     Running test id 1500.4
     Running test id 1502.1
     Running test id 1502.2
     Running test id 1503.1
     Running test id 1503.2
     Running test id 1503.3
     Running test id 1504.01
     Running test id 1504.02
     Running test id 1504.03
     Running test id 1504.04
     Running test id 1504.05
     Running test id 1504.06
     Running test id 1504.07
     Running test id 1504.08
     Running test id 1504.09
     Running test id 1504.1
     Running test id 1504.11
     Running test id 1504.12
     Running test id 1505.1
     Running test id 1506
     Running test id 1507.1
     Running test id 1507.2
     Running test id 1507.3
     Running test id 1508.1
     Running test id 1508.2
     Running test id 1508.3
     Running test id 1508.4
     Running test id 1510.1
     Running test id 1510.2
     Running test id 1511
     Running test id 1512.1
     Running test id 1512.2
     Running test id 1512.3
     Running test id 1512.4
     Running test id 1512.5
     Running test id 1512.6
     Running test id 1513
     Running test id 1514.1
     Running test id 1514.2
     Running test id 1514.3
     Running test id 1514.4
     Running test id 1514.5
     Running test id 1514.6
     Running test id 1514.7
     Running test id 1514.8
     Running test id 1515.1
     Running test id 1516.1
     Running test id 1516.2
     Running test id 1516.3
     Running test id 1517.1
     Running test id 1517.2
     Running test id 1517.3
     Running test id 1517.4
     Running test id 1518.1
     Running test id 1518.2
     Running test id 1519.1
     Running test id 1519.2
     Running test id 1520
     Running test id 1521
     Running test id 1522
     Running test id 1523
     Running test id 1524
     Running test id 1525.1
     Running test id 1525.2
     Running test id 1525.3
     Running test id 1525.4
     Running test id 1525.5
     Running test id 1526.1
     Running test id 1526.2
     Running test id 1527.1
     Running test id 1527.2
     Running test id 1527.3
     Running test id 1528.1
     Running test id 1528.2
     Running test id 1528.3
     Running test id 1529.01
     Running test id 1529.02
     Running test id 1529.03
     Running test id 1529.04
     Running test id 1529.05
     Running test id 1529.06
     Running test id 1529.07
     Running test id 1529.08
     Running test id 1529.09
     Running test id 1529.1
     Running test id 1529.11
     Running test id 1529.12
     Running test id 1529.13
     Running test id 1529.14
     Running test id 1529.15
     Running test id 1529.16
     Running test id 1529.17
     Running test id 1529.18
     Running test id 1529.19
     Running test id 1529.2
     Running test id 1530.1
     Running test id 1530.2
     Running test id 1530.3
     Running test id 1530.4
     Running test id 1532.1
     Running test id 1532.2
     Running test id 1532.3
     Running test id 1532.4
     Running test id 1532.5
     Running test id 1532.6
     Running test id 1532.7
     Running test id 1532.8
     Running test id 1532.9
     Running test id 1533.1
     Running test id 1533.2
     Running test id 1536
     Running test id 1537
     Running test id 1538
     Running test id 1539
     Running test id 1540.01
     Running test id 1540.02
     Running test id 1540.03
     Running test id 1540.04
     Running test id 1540.05
     Running test id 1540.06
     Running test id 1540.07
     Running test id 1540.08
     Running test id 1540.09
     Running test id 1540.1
     Running test id 1540.11
     Running test id 1540.12
     Running test id 1540.13
     Running test id 1540.14
     Running test id 1540.15
     Running test id 1540.16
     Running test id 1540.17
     Running test id 1540.18
     Running test id 1540.19
     Running test id 1540.2
     Running test id 1540.21
     Running test id 1540.22
     Running test id 1540.23
     Running test id 1540.24
     Running test id 1540.25
     Running test id 1540.26
     Running test id 1540.27
     Running test id 1540.28
     Running test id 1540.29
     Running test id 1540.3
     Running test id 1540.31
     Running test id 1540.32
     Running test id 1540.33
     Running test id 1540.34
     Running test id 1540.35
     Running test id 1540.36
     Running test id 1541
     Running test id 1542.01
     Running test id 1542.02
     Running test id 1542.03
     Running test id 1542.04
     Running test id 1542.05
     Running test id 1542.06
     Running test id 1542.07
     Running test id 1542.08
     Running test id 1542.09
     Running test id 1543.1
     Running test id 1543.2
     Running test id 1543.3
     Running test id 1543.4
     Running test id 1543.5
     Running test id 1543.6
     Running test id 1543.7
     Running test id 1543.8
     Running test id 1544.1
     Running test id 1544.2
     Running test id 1545.01
     Running test id 1545.02
     Running test id 1545.03
     Running test id 1545.04
     Running test id 1545.05
     Running test id 1545.06
     Running test id 1545.07
     Running test id 1545.08
     Running test id 1545.09
     Running test id 1545.1
     Running test id 1545.11
     Running test id 1545.12
     Running test id 1545.13
     Running test id 1545.14
     Running test id 1545.15
     Running test id 1545.16
     Running test id 1545.17
     Running test id 1545.18
     Running test id 1545.19
     Running test id 1545.2
     Running test id 1545.21
     Running test id 1545.22
     Running test id 1545.23
     Running test id 1545.24
     Running test id 1545.25
     Running test id 1545.26
     Running test id 1545.27
     Running test id 1545.28
     Running test id 1545.29
     Running test id 1545.3
     Running test id 1545.31
     Running test id 1545.32
     Running test id 1545.33
     Running test id 1545.34
     Running test id 1545.35
     Running test id 1545.36
     Running test id 1545.37
     Running test id 1545.38
     Running test id 1545.39
     Running test id 1545.4
     Running test id 1545.41
     Running test id 1546
     Running test id 1547
     Running test id 1548.1
     Running test id 1548.2
     Running test id 1549
     Running test id 1550.1
     Running test id 1550.2
     Running test id 1550.3
     Running test id 1550.4
     Running test id 1550.5
     Running test id 1550.6
     Running test id 1550.7
     Running test id 1550.8
     Running test id 1550.9
     Running test id 1551.1
     Running test id 1551.2
     Running test id 1551.3
     Running test id 1551.4
     Running test id 1551.5
     Running test id 1551.6
     Running test id 1552.1
     Running test id 1552.2
     Running test id 1552.3
     Running test id 1552.4
     Running test id 1552.5
     Running test id 1552.6
     Running test id 1553.1
     Running test id 1553.2
     Running test id 1554.1
     Running test id 1554.2
     Running test id 1554.3
     Running test id 1554.4
     Running test id 1555.01
     Running test id 1555.02
     Running test id 1555.03
     Running test id 1555.04
     Running test id 1555.05
     Running test id 1555.06
     Running test id 1555.07
     Running test id 1555.08
     Running test id 1555.09
     Running test id 1555.1
     Running test id 1555.11
     Running test id 1555.12
     Running test id 1555.13
     Running test id 1556.1
     Running test id 1556.2
     Running test id 1556.3
     Running test id 1557.1
     Running test id 1557.2
     Running test id 1557.3
     Running test id 1557.4
     Running test id 1557.5
     Running test id 1558.1
     Running test id 1558.2
     Running test id 1558.3
     Running test id 1558.4
     Running test id 1558.5
     Running test id 1559.1
     Running test id 1559.2
     Running test id 1559.3
     Running test id 1560.1
     Running test id 1560.2
     Running test id 1561
     Running test id 1562.1
     Running test id 1562.2
     Running test id 1563.101
     Running test id 1563.102
     Running test id 1563.103
     Running test id 1563.104
     Running test id 1563.201
     Running test id 1563.301
     Running test id 1563.401
     Running test id 1563.402
     Running test id 1563.403
     Running test id 1563.404
     Running test id 1563.405
     Running test id 1563.406
     Running test id 1563.501
     Running test id 1564.1
     Running test id 1564.2
     Running test id 1564.3
     Running test id 1565.1
     Running test id 1565.2
     Running test id 1565.3
     Running test id 1566.1
     Running test id 1566.2
     Running test id 1566.3
     Running test id 1567.1
     Running test id 1567.2
     Running test id 1568
     Running test id 1570.1
     Running test id 1570.2
     Running test id 1570.3
     Running test id 1571.1
     Running test id 1571.2
     Running test id 1571.3
     Running test id 1571.4
     Running test id 1571.5
     Running test id 1571.6
     Running test id 1571.7
     Running test id 1572
     Running test id 1573
     Running test id 1574.1
     Running test id 1574.2
     Running test id 1574.3
     Running test id 1574.4
     Running test id 1575.1
     Running test id 1575.2
     Running test id 1576
     Running test id 1577.1
     Running test id 1577.2
     Running test id 1577.3
     Running test id 1578.1
     Running test id 1578.2
     Running test id 1578.3
     Running test id 1578.4
     Running test id 1578.5
     Running test id 1578.6
     Running test id 1578.7
     Running test id 1578.8
     Running test id 1578.9
     Running test id 1579.01
     Running test id 1579.02
     Running test id 1579.03
     Running test id 1579.04
     Running test id 1579.05
     Running test id 1579.06
     Running test id 1579.07
     Running test id 1579.08
     Running test id 1579.09
     Running test id 1579.1
     Running test id 1579.11
     Running test id 1579.12
     Running test id 1579.13
     Running test id 1579.14
     Running test id 1579.15
     Running test id 1579.16
     Running test id 1579.17
     Running test id 1579.18
     Running test id 1579.19
     Running test id 1579.2
     Running test id 1579.21
     Running test id 1579.22
     Running test id 1579.23
     Running test id 1579.24
     Running test id 1579.25
     Running test id 1579.26
     Running test id 1579.27
     Running test id 1579.28
     Running test id 1579.29
     Running test id 1579.3
     Running test id 1579.31
     Running test id 1580
     Running test id 1581.01
     Running test id 1581.02
     Running test id 1581.03
     Running test id 1581.04
     Running test id 1581.05
     Running test id 1581.06
     Running test id 1581.07
     Running test id 1581.08
     Running test id 1581.09
     Running test id 1581.1
     Running test id 1581.11
     Running test id 1581.12
     Running test id 1581.13
     Running test id 1581.14
     Running test id 1581.15
     Running test id 1582
     Running test id 1583.1
     Running test id 1583.2
     Running test id 1583.3
     Running test id 1583.4
     Running test id 1584.1
     Running test id 1584.2
     Running test id 1584.3
     Running test id 1585.1
     Running test id 1585.2
     Running test id 1585.3
     Running test id 1585.4
     Running test id 1585.5
     Running test id 1585.6
     Running test id 1585.7
     Running test id 1585.8
     Running test id 1586.1
     Running test id 1586.2
     Running test id 1587
     Running test id 1588.1
     Running test id 1588.2
     Running test id 1588.3
     Running test id 1588.4
     Running test id 1588.5
     Running test id 1588.6
     Running test id 1588.7
     Running test id 1590.01
     Running test id 1590.02
     Running test id 1590.03
     Running test id 1590.04
     Running test id 1590.05
     Running test id 1590.06
     Running test id 1590.07
     Running test id 1590.08
     Running test id 1590.09
     Running test id 1590.1
     Running test id 1590.11
     Running test id 1590.12
     Running test id 1591
     Running test id 1592.1
     Running test id 1592.2
     Running test id 1593
     Running test id 1594.01
     Running test id 1594.02
     Running test id 1594.03
     Running test id 1594.05
     Running test id 1594.06
     Running test id 1594.07
     Running test id 1594.08
     Running test id 1594.09
     Running test id 1594.1
     Running test id 1594.11
     Running test id 1594.12
     Running test id 1594.13
     Running test id 1594.14
     Running test id 1595
     Running test id 1596.1
     Running test id 1596.2
     Running test id 1597
     Running test id 1599.1
     Running test id 1599.2
     Running test id 1600.1
     Running test id 1600.2
     Running test id 1601.1
     Running test id 1601.2
     Running test id 1601.3
     Running test id 1601.4
     Running test id 1603.1
     Running test id 1604
     Running test id 1605
     Running test id 1606
     Running test id 1607
     Running test id 1608
     Running test id 1609
     Running test id 1610.1
     Running test id 1610.2
     Running test id 1611.1
     Running test id 1611.2
     Running test id 1612.1
     Running test id 1612.2
     Running test id 1612.3
     Running test id 1613.01
     Running test id 1613.02
     Running test id 1613.03
     Running test id 1613.04
     Running test id 1613.05
     Running test id 1613.06
     Running test id 1613.07
     Running test id 1613.08
     Running test id 1613.09
     Running test id 1613.1
     Running test id 1613.11
     Running test id 1613.12
     Running test id 1613.13
     Running test id 1613.14
     Running test id 1613.15
     Running test id 1613.16
     Running test id 1613.17
     Running test id 1613.18
     Running test id 1613.19
     Running test id 1613.2
     Running test id 1613.21
     Running test id 1613.22
     Running test id 1613.23
     Running test id 1613.24
     Running test id 1613.25
     Running test id 1613.26
     Running test id 1613.27
     Running test id 1613.28
     Running test id 1613.29
     Running test id 1613.3
     Running test id 1613.31
     Running test id 1613.32
     Running test id 1613.33
     Running test id 1613.34
     Running test id 1613.35
     Running test id 1613.36
     Running test id 1613.37
     Running test id 1613.38
     Running test id 1613.39
     Running test id 1613.4
     Running test id 1613.41
     Running test id 1613.42
     Running test id 1613.43
     Running test id 1613.441
     Running test id 1613.442
     Running test id 1613.443
     Running test id 1613.444
     Running test id 1613.445
     Running test id 1613.45
     Running test id 1613.46
     Running test id 1613.47
     Running test id 1613.48
     Running test id 1613.49
     Running test id 1613.5
     Running test id 1613.51
     Running test id 1613.52
     Running test id 1613.53
     Running test id 1613.5411
     Running test id 1613.5412
     Running test id 1613.5421
     Running test id 1613.5422
     Running test id 1613.5431
     Running test id 1613.5432
     Running test id 1613.5511
     Running test id 1613.5512
     Running test id 1613.5513
     Running test id 1613.5521
     Running test id 1613.5522
     Running test id 1613.5531
     Running test id 1613.5532
     Running test id 1613.561
     Running test id 1613.562
     Running test id 1613.563
     Running test id 1613.564
     Running test id 1613.565
     Running test id 1613.566
     Running test id 1613.567
     Running test id 1613.571
     Running test id 1613.572
     Running test id 1613.573
     Running test id 1613.581
     Running test id 1613.582
     Running test id 1613.59
     Running test id 1613.6
     Running test id 1613.61
     Running test id 1613.62
     Running test id 1613.63
     Running test id 1614.1
     Running test id 1614.2
     Running test id 1614.3
     Running test id 1614.4
     Running test id 1615.1
     Running test id 1615.2
     Running test id 1615.3
     Running test id 1616.1
     Running test id 1616.2
     Running test id 1616.3
     Running test id 1617
     Running test id 1618.1
     Running test id 1618.2
     Running test id 1618.3
     Running test id 1618.4
     Running test id 1618.5
     Running test id 1618.6
     Running test id 1618.8
     Running test id 1619.1
     Running test id 1619.2
     Running test id 1620
     Running test id 1621.1
     Running test id 1621.2
     Running test id 1622.1
     Running test id 1622.2
     Running test id 1623
     Running test id 1624
     Running test id 1625.1
     Running test id 1625.2
     Running test id 1626.01
     Running test id 1626.02
     Running test id 1626.03
     Running test id 1626.04
     Running test id 1626.05
     Running test id 1626.06
     Running test id 1626.07
     Running test id 1626.08
     Running test id 1626.09
     Running test id 1626.1
     Running test id 1626.11
     Running test id 1626.12
     Running test id 1626.13
     Running test id 1626.14
     Running test id 1626.15
     Running test id 1626.16
     Running test id 1626.17
     Running test id 1626.18
     Running test id 1626.19
     Running test id 1626.2
     Running test id 1626.21
     Running test id 1626.22
     Running test id 1626.23
     Running test id 1626.24
     Running test id 1626.25
     Running test id 1626.26
     Running test id 1626.27
     Running test id 1626.28
     Running test id 1626.29
     Running test id 1626.3
     Running test id 1626.31
     Running test id 1626.32
     Running test id 1626.33
     Running test id 1626.34
     Running test id 1626.35
     Running test id 1626.36
     Running test id 1626.37
     Running test id 1626.38
     Running test id 1626.39
     Running test id 1626.4
     Running test id 1626.41
     Running test id 1626.42
     Running test id 1626.43
     Running test id 1626.44
     Running test id 1626.45
     Running test id 1626.46
     Running test id 1626.47
     Running test id 1626.48
     Running test id 1626.49
     Running test id 1626.5
     Running test id 1626.51
     Running test id 1626.52
     Running test id 1626.53
     Running test id 1626.54
     Running test id 1626.55
     Running test id 1626.56
     Running test id 1626.57
     Running test id 1626.58
     Running test id 1626.59
     Running test id 1626.6
     Running test id 1626.61
     Running test id 1626.62
     Running test id 1626.63
     Running test id 1626.64
     Running test id 1626.65
     Running test id 1626.66
     Running test id 1626.67
     Running test id 1626.68
     Running test id 1626.69
     Running test id 1626.7
     Running test id 1626.71
     Running test id 1626.72
     Running test id 1626.73
     Running test id 1626.74
     Running test id 1626.75
     Running test id 1626.76
     Running test id 1626.77
     Running test id 1626.79
     Running test id 1626.8
     Running test id 1626.81
     Running test id 1626.82
     Running test id 1626.83
     Running test id 1626.84
     Running test id 1626.85
     Running test id 1626.86
     Running test id 1626.87
     Running test id 1626.88
     Running test id 1626.89
     Running test id 1626.9
     Running test id 1626.91
     Running test id 1627.1
     Running test id 1627.2
     Running test id 1627.3
     Running test id 1627.4
     Running test id 1627.5
     Running test id 1628.1
     Running test id 1628.2
     Running test id 1628.3
     Running test id 1628.4
     Running test id 1629.01
     Running test id 1629.02
     Running test id 1629.03
     Running test id 1629.04
     Running test id 1629.05
     Running test id 1629.06
     Running test id 1629.07
     Running test id 1629.08
     Running test id 1629.09
     Running test id 1629.1
     Running test id 1629.11
     Running test id 1629.12
     Running test id 1629.13
     Running test id 1629.14
     Running test id 1629.15
     Running test id 1629.16
     Running test id 1629.17
     Running test id 1630.01
     Running test id 1630.02
     Running test id 1630.03
     Running test id 1630.04
     Running test id 1630.05
     Running test id 1630.06
     Running test id 1630.07
     Running test id 1630.08
     Running test id 1630.09
     Running test id 1630.1
     Running test id 1631
     Running test id 1632.1
     Running test id 1632.2
     Running test id 1632.3
     Running test id 1633.1
     Running test id 1633.2
     Running test id 1633.3
     Running test id 1633.4
     Running test id 1634.1
     Running test id 1634.2
     Running test id 1635.1
     Running test id 1635.2
     Running test id 1636.1
     Running test id 1636.2
     Running test id 1636.3
     Running test id 1636.4
     Running test id 1636.5
     Running test id 1636.6
     Running test id 1637.1
     Running test id 1637.2
     Running test id 1637.3
     Running test id 1637.4
     Running test id 1637.5
     Running test id 1638
     Running test id 1639.001
     Running test id 1639.002
     Running test id 1639.003
     Running test id 1639.004
     Running test id 1639.005
     Running test id 1639.006
     Running test id 1639.007
     Running test id 1639.008
     Running test id 1639.009
     Running test id 1639.01
     Running test id 1639.011
     Running test id 1639.012
     Running test id 1639.013
     Running test id 1639.014
     Running test id 1639.015
     Running test id 1639.016
     Running test id 1639.017
     Running test id 1639.018
     Running test id 1639.019
     Running test id 1639.02
     Running test id 1639.021
     Running test id 1639.022
     Running test id 1639.023
     Running test id 1639.024
     Running test id 1639.025
     Running test id 1639.026
     Running test id 1639.027
     Running test id 1639.028
     Running test id 1639.029
     Running test id 1639.03
     Running test id 1639.031
     Running test id 1639.032
     Running test id 1639.033
     Running test id 1639.034
     Running test id 1639.035
     Running test id 1639.036
     Running test id 1639.037
     Running test id 1639.038
     Running test id 1639.039
     Running test id 1639.04
     Running test id 1639.041
     Running test id 1639.042
     Running test id 1639.043
     Running test id 1639.044
     Running test id 1639.045
     Running test id 1639.046
     Running test id 1639.047
     Running test id 1639.048
     Running test id 1639.049
     Running test id 1639.05
     Running test id 1639.051
     Running test id 1639.052
     Running test id 1639.053
     Running test id 1639.054
     Running test id 1639.055
     Running test id 1639.056
     Running test id 1639.057
     Running test id 1639.058
     Running test id 1639.059
     Running test id 1639.06
     Running test id 1639.061
     Running test id 1639.062
     Running test id 1639.063
     Running test id 1639.064
     Running test id 1639.065
     Running test id 1639.066
     Running test id 1639.067
     Running test id 1639.068
     Running test id 1639.069
     Running test id 1639.07
     Running test id 1639.071
     Running test id 1639.072
     Running test id 1639.073
     Running test id 1639.074
     Running test id 1639.075
     Running test id 1639.076
     Running test id 1639.077
     Running test id 1639.078
     Running test id 1639.079
     Running test id 1639.08
     Running test id 1639.081
     Running test id 1639.082
     Running test id 1639.083
     Running test id 1639.084
     Running test id 1639.085
     Running test id 1639.086
     Running test id 1639.087
     Running test id 1639.088
     Running test id 1639.089
     Running test id 1639.09
     Running test id 1639.091
     Running test id 1639.092
     Running test id 1639.093
     Running test id 1639.094
     Running test id 1639.095
     Running test id 1639.096
     Running test id 1639.097
     Running test id 1639.098
     Running test id 1639.099
     Running test id 1639.1
     Running test id 1639.101
     Running test id 1639.102
     Running test id 1639.103
     Running test id 1639.104
     Running test id 1639.105
     Running test id 1639.106
     Running test id 1639.107
     Running test id 1639.108
     Running test id 1639.109
     Running test id 1639.11
     Running test id 1639.111
     Running test id 1639.112
     Running test id 1639.113
     Running test id 1639.114
     Running test id 1639.115
     Running test id 1639.116
     Running test id 1639.117
     Running test id 1639.118
     Running test id 1639.119
     Running test id 1639.12
     Running test id 1639.121
     Running test id 1639.122
     Running test id 1639.123
     Running test id 1639.124
     Running test id 1639.125
     Running test id 1639.126
     Running test id 1639.127
     Running test id 1639.128
     Running test id 1639.129
     Running test id 1639.13
     Running test id 1639.131
     Running test id 1639.132
     Running test id 1639.133
     Running test id 1639.134
     Running test id 1639.135
     Running test id 1639.136
     Running test id 1639.137
     Running test id 1639.138
     Running test id 1639.139
     Running test id 1639.14
     Running test id 1639.141
     Running test id 1639.142
     Running test id 1639.143
     Running test id 1640.1
     Running test id 1640.2
     Running test id 1653.1
     Running test id 1653.2
     Running test id 1654
     Running test id 1655.1
     Running test id 1655.2
     Running test id 1655.3
     Running test id 1655.4
     Running test id 1655.5
     Running test id 1656
     Running test id 1657
     Running test id 1658.01
     Running test id 1658.02
     Running test id 1658.03
     Running test id 1658.04
     Running test id 1658.05
     Running test id 1658.06
     Running test id 1658.07
     Running test id 1658.08
     Running test id 1658.09
     Running test id 1658.1
     Running test id 1658.11
     Running test id 1658.12
     Running test id 1658.13
     Running test id 1658.14
     Running test id 1658.15
     Running test id 1658.16
     Running test id 1658.17
     Running test id 1658.18
     Running test id 1658.19
     Running test id 1658.2
     Running test id 1658.21
     Running test id 1658.22
     Running test id 1658.23
     Running test id 1658.24
     Running test id 1658.25
     Running test id 1658.26
     Running test id 1658.27
     Running test id 1658.28
     Running test id 1658.29
     Running test id 1658.3
     Running test id 1658.31
     Running test id 1658.32
     Running test id 1658.33
     Running test id 1658.34
     Running test id 1658.35
     Running test id 1658.36
     Running test id 1658.37
     Running test id 1658.38
     Running test id 1658.39
     Running test id 1658.4
     Running test id 1658.41
     Running test id 1658.421 Test 1658.421 produced 1 errors but expected 0
     Expected:
     Observed: zlib v1.2.11 deflate() returned error -2 with z_stream.msg ''. Please include the full output above in your data.table bug report.
    
    
     Running test id 1658.422
     Running test id 1658.423
     Running test id 1658.43 Test 1658.43 ran without errors but failed check that x equals y:
     > x = fread(f1)
     Empty data.table (0 rows and 2 cols): a,b
     [Key= Types=log,log Classes=log,log]
     > y = DT
     a b [Key= Types=int,int Classes=int,int]
     1: 1 1
     2: 1 1
     ---
     199: 2 4
     200: 2 4
     Different number of rows
     Error in fwrite(DT, file = f3 <- tempfile(), compress = "gzip") :
     zlib v1.2.11 deflate() returned error -2 with z_stream.msg ''. Please retry fwrite() with verbose=TRUE and include the full output with your data.table bug report.
     Calls: test.data.table -> sys.source -> eval -> eval -> fwrite
     Execution halted
Flavor: r-patched-solaris-x86