CRAN Package Check Results for Package dLagM

Last updated on 2022-06-30 21:49:41 CEST.

Flavor Version Tinstall Tcheck Ttotal Status Flags
r-devel-linux-x86_64-debian-clang 1.1.8 14.16 100.40 114.56 OK
r-devel-linux-x86_64-debian-gcc 1.1.8 9.82 77.58 87.40 OK
r-devel-linux-x86_64-fedora-clang 1.1.8 147.10 WARN
r-devel-linux-x86_64-fedora-gcc 1.1.8 147.01 WARN
r-devel-windows-x86_64 1.1.8 31.00 125.00 156.00 OK
r-patched-linux-x86_64 1.1.8 12.14 96.77 108.91 OK
r-release-linux-x86_64 1.1.8 13.80 97.52 111.32 OK
r-release-macos-arm64 1.1.8 41.00 OK
r-release-macos-x86_64 1.1.8 60.00 OK
r-release-windows-x86_64 1.1.8 27.00 122.00 149.00 OK
r-oldrel-macos-arm64 1.1.8 41.00 OK
r-oldrel-macos-x86_64 1.1.8 56.00 OK
r-oldrel-windows-ix86+x86_64 1.1.8 31.00 118.00 149.00 OK

Check Details

Version: 1.1.8
Check: package dependencies
Result: WARN
    Requires (indirectly) orphaned package: ‘gtools’
Flavors: r-devel-linux-x86_64-fedora-clang, r-devel-linux-x86_64-fedora-gcc