CRAN Package Check Results for Package dHSIC

Last updated on 2021-09-22 08:50:04 CEST.

Flavor Version Tinstall Tcheck Ttotal Status Flags
r-devel-linux-x86_64-debian-clang 2.1 19.70 34.70 54.40 OK
r-devel-linux-x86_64-debian-gcc 2.1 13.49 26.04 39.53 OK
r-devel-linux-x86_64-fedora-clang 2.1 81.30 OK
r-devel-linux-x86_64-fedora-gcc 2.1 63.83 OK
r-devel-windows-x86_64 2.1 23.00 42.00 65.00 OK
r-devel-windows-x86_64-gcc10-UCRT 2.1 ERROR
r-patched-linux-x86_64 2.1 15.78 33.13 48.91 OK
r-patched-solaris-x86 2.1 81.60 OK
r-release-linux-x86_64 2.1 15.97 33.35 49.32 OK
r-release-macos-arm64 2.1 OK
r-release-macos-x86_64 2.1 OK
r-release-windows-ix86+x86_64 2.1 49.00 60.00 109.00 OK
r-oldrel-macos-x86_64 2.1 OK
r-oldrel-windows-ix86+x86_64 2.1 66.00 59.00 125.00 OK

Check Details

Version: 2.1
Check: whether package can be installed
Result: ERROR
    Installation failed.
Flavor: r-devel-windows-x86_64-gcc10-UCRT