CRAN Package Check Results for Package cytominer

Last updated on 2021-11-30 07:49:49 CET.

Flavor Version Tinstall Tcheck Ttotal Status Flags
r-devel-linux-x86_64-debian-clang 0.2.2 7.69 113.60 121.29 NOTE
r-devel-linux-x86_64-debian-gcc 0.2.2 6.11 87.24 93.35 NOTE
r-devel-linux-x86_64-fedora-clang 0.2.2 157.18 NOTE
r-devel-linux-x86_64-fedora-gcc 0.2.2 145.26 NOTE
r-devel-windows-x86_64-new-UL 0.2.2 18.00 164.00 182.00 NOTE
r-devel-windows-x86_64-new-TK 0.2.2 NOTE
r-devel-windows-x86_64-old 0.2.2 16.00 109.00 125.00 NOTE
r-patched-linux-x86_64 0.2.2 8.06 108.51 116.57 NOTE
r-patched-solaris-x86 0.2.2 188.50 NOTE
r-release-linux-x86_64 0.2.2 8.64 110.08 118.72 NOTE
r-release-macos-arm64 0.2.2 NOTE
r-release-macos-x86_64 0.2.2 NOTE
r-release-windows-ix86+x86_64 0.2.2 18.00 113.00 131.00 NOTE
r-oldrel-macos-x86_64 0.2.2 OK
r-oldrel-windows-ix86+x86_64 0.2.2 14.00 101.00 115.00 OK

Check Details

Version: 0.2.2
Check: LazyData
Result: NOTE
     'LazyData' is specified without a 'data' directory
Flavors: r-devel-linux-x86_64-debian-clang, r-devel-linux-x86_64-debian-gcc, r-devel-linux-x86_64-fedora-clang, r-devel-linux-x86_64-fedora-gcc, r-devel-windows-x86_64-new-UL, r-devel-windows-x86_64-new-TK, r-devel-windows-x86_64-old, r-patched-linux-x86_64, r-patched-solaris-x86, r-release-linux-x86_64, r-release-macos-arm64, r-release-macos-x86_64, r-release-windows-ix86+x86_64