CRAN Package Check Results for Package cytominer

Last updated on 2022-08-07 09:53:56 CEST.

Flavor Version Tinstall Tcheck Ttotal Status Flags
r-devel-linux-x86_64-debian-clang 0.2.2 9.45 139.49 148.94 NOTE
r-devel-linux-x86_64-debian-gcc 0.2.2 6.99 107.92 114.91 NOTE
r-devel-linux-x86_64-fedora-clang 0.2.2 187.40 NOTE
r-devel-linux-x86_64-fedora-gcc 0.2.2 185.77 NOTE
r-devel-windows-x86_64 0.2.2 33.00 160.00 193.00 NOTE
r-patched-linux-x86_64 0.2.2 6.76 137.10 143.86 NOTE
r-release-linux-x86_64 0.2.2 5.98 136.06 142.04 NOTE
r-release-macos-arm64 0.2.2 48.00 NOTE
r-release-macos-x86_64 0.2.2 93.00 NOTE
r-release-windows-x86_64 0.2.2 22.00 156.00 178.00 NOTE
r-oldrel-macos-arm64 0.2.2 51.00 NOTE
r-oldrel-macos-x86_64 0.2.2 94.00 NOTE
r-oldrel-windows-ix86+x86_64 0.2.2 21.00 151.00 172.00 NOTE

Check Details

Version: 0.2.2
Check: LazyData
Result: NOTE
     'LazyData' is specified without a 'data' directory
Flavors: r-devel-linux-x86_64-debian-clang, r-devel-linux-x86_64-debian-gcc, r-devel-linux-x86_64-fedora-clang, r-devel-linux-x86_64-fedora-gcc, r-devel-windows-x86_64, r-patched-linux-x86_64, r-release-linux-x86_64, r-release-macos-arm64, r-release-macos-x86_64, r-release-windows-x86_64, r-oldrel-macos-arm64, r-oldrel-macos-x86_64, r-oldrel-windows-ix86+x86_64