CRAN Package Check Results for Package cytofan

Last updated on 2024-02-24 19:50:36 CET.

Flavor Version Tinstall Tcheck Ttotal Status Flags
r-devel-linux-x86_64-debian-clang 0.1.0 5.13 81.74 86.87 NOTE
r-devel-linux-x86_64-debian-gcc 0.1.0 4.12 61.86 65.98 NOTE
r-devel-linux-x86_64-fedora-clang 0.1.0 105.33 NOTE
r-devel-linux-x86_64-fedora-gcc 0.1.0 113.76 NOTE
r-devel-windows-x86_64 0.1.0 6.00 75.00 81.00 NOTE
r-patched-linux-x86_64 0.1.0 8.65 79.97 88.62 NOTE
r-release-linux-x86_64 0.1.0 4.80 80.79 85.59 NOTE
r-release-macos-arm64 0.1.0 40.00 NOTE
r-release-macos-x86_64 0.1.0 68.00 NOTE
r-release-windows-x86_64 0.1.0 7.00 88.00 95.00 NOTE
r-oldrel-macos-arm64 0.1.0 30.00 NOTE
r-oldrel-windows-x86_64 0.1.0 9.00 90.00 99.00 NOTE

Check Details

Version: 0.1.0
Check: LazyData
Result: NOTE 'LazyData' is specified without a 'data' directory Flavors: r-devel-linux-x86_64-debian-clang, r-devel-linux-x86_64-debian-gcc, r-devel-linux-x86_64-fedora-clang, r-devel-linux-x86_64-fedora-gcc, r-devel-windows-x86_64, r-patched-linux-x86_64, r-release-linux-x86_64, r-release-macos-arm64, r-release-macos-x86_64, r-release-windows-x86_64, r-oldrel-macos-arm64, r-oldrel-windows-x86_64