CRAN Package Check Results for Package cystiSim

Last updated on 2024-02-21 19:53:11 CET.

Flavor Version Tinstall Tcheck Ttotal Status Flags
r-devel-linux-x86_64-debian-clang 0.1.0 NOTE
r-devel-linux-x86_64-debian-gcc 0.1.0 5.20 42.07 47.27 NOTE
r-devel-linux-x86_64-fedora-clang 0.1.0 74.76 OK
r-devel-linux-x86_64-fedora-gcc 0.1.0 72.86 OK
r-devel-windows-x86_64 0.1.0 7.00 62.00 69.00 OK
r-patched-linux-x86_64 0.1.0 6.05 53.18 59.23 OK
r-release-linux-x86_64 0.1.0 5.18 54.34 59.52 OK
r-release-macos-arm64 0.1.0 29.00 OK
r-release-macos-x86_64 0.1.0 41.00 OK
r-release-windows-x86_64 0.1.0 9.00 68.00 77.00 OK
r-oldrel-macos-arm64 0.1.0 24.00 OK
r-oldrel-windows-x86_64 0.1.0 9.00 75.00 84.00 OK

Check Details

Version: 0.1.0
Check: Rd files
Result: NOTE checkRd: (-1) fit.Rd:37: Lost braces in \itemize; meant \describe ? checkRd: (-1) fit.Rd:38: Lost braces in \itemize; meant \describe ? checkRd: (-1) fit.Rd:39: Lost braces in \itemize; meant \describe ? Flavors: r-devel-linux-x86_64-debian-clang, r-devel-linux-x86_64-debian-gcc