CRAN Package Check Results for Package cyclomort

Last updated on 2024-03-02 07:50:00 CET.

Flavor Version Tinstall Tcheck Ttotal Status Flags
r-devel-linux-x86_64-debian-clang 1.0.2 12.77 215.82 228.59 NOTE
r-devel-linux-x86_64-debian-gcc 1.0.2 9.94 160.41 170.35 NOTE
r-devel-linux-x86_64-fedora-clang 1.0.2 279.81 NOTE
r-devel-linux-x86_64-fedora-gcc 1.0.2 282.55 NOTE
r-devel-windows-x86_64 1.0.2 12.00 178.00 190.00 NOTE
r-patched-linux-x86_64 1.0.2 13.78 206.90 220.68 NOTE
r-release-linux-x86_64 1.0.2 11.80 205.92 217.72 NOTE
r-release-macos-arm64 1.0.2 87.00 NOTE
r-release-macos-x86_64 1.0.2 154.00 NOTE
r-release-windows-x86_64 1.0.2 16.00 216.00 232.00 NOTE
r-oldrel-macos-arm64 1.0.2 75.00 OK
r-oldrel-windows-x86_64 1.0.2 17.00 203.00 220.00 OK

Check Details

Version: 1.0.2
Check: package subdirectories
Result: NOTE Problems with news in ‘NEWS.md’: No news entries found. Flavors: r-devel-linux-x86_64-debian-clang, r-devel-linux-x86_64-debian-gcc, r-devel-linux-x86_64-fedora-clang, r-devel-linux-x86_64-fedora-gcc, r-devel-windows-x86_64, r-patched-linux-x86_64, r-release-linux-x86_64, r-release-macos-arm64, r-release-macos-x86_64, r-release-windows-x86_64