Last updated on 2022-08-07 21:56:21 CEST.
Flavor | Version | Tinstall | Tcheck | Ttotal | Status | Flags |
---|---|---|---|---|---|---|
r-devel-linux-x86_64-debian-clang | 1.1.1 | 59.59 | 61.58 | 121.17 | OK | |
r-devel-linux-x86_64-debian-gcc | 1.1.1 | 43.94 | 47.68 | 91.62 | OK | |
r-devel-linux-x86_64-fedora-clang | 1.1.1 | 199.01 | NOTE | |||
r-devel-linux-x86_64-fedora-gcc | 1.1.1 | 158.94 | NOTE | |||
r-devel-windows-x86_64 | 1.1.1 | 99.00 | 107.00 | 206.00 | OK | |
r-patched-linux-x86_64 | 1.1.1 | 50.56 | 58.97 | 109.53 | OK | |
r-release-linux-x86_64 | 1.1.1 | 46.86 | 59.52 | 106.38 | OK | |
r-release-macos-arm64 | 1.1.1 | 44.00 | OK | |||
r-release-macos-x86_64 | 1.1.1 | 63.00 | OK | |||
r-release-windows-x86_64 | 1.1.1 | 126.00 | 108.00 | 234.00 | OK | |
r-oldrel-macos-arm64 | 1.1.1 | 56.00 | OK | |||
r-oldrel-macos-x86_64 | 1.1.1 | 70.00 | OK | |||
r-oldrel-windows-ix86+x86_64 | 1.1.1 | 143.00 | 110.00 | 253.00 | NOTE |
Version: 1.1.1
Check: compiled code
Result: NOTE
File ‘cycleRtools/libs/cycleRtools.so’:
Found no calls to: ‘R_registerRoutines’, ‘R_useDynamicSymbols’
It is good practice to register native routines and to disable symbol
search.
See ‘Writing portable packages’ in the ‘Writing R Extensions’ manual.
Flavors: r-devel-linux-x86_64-fedora-clang, r-devel-linux-x86_64-fedora-gcc
Version: 1.1.1
Check: installed package size
Result: NOTE
installed size is 5.0Mb
sub-directories of 1Mb or more:
libs 2.1Mb
Flavor: r-oldrel-windows-ix86+x86_64