CRAN Package Check Results for Package cwm

Last updated on 2020-09-24 20:46:46 CEST.

Flavor Version Tinstall Tcheck Ttotal Status Flags
r-devel-linux-x86_64-debian-clang 0.0.3 3.82 52.91 56.73 NOTE
r-devel-linux-x86_64-debian-gcc 0.0.3 3.26 43.37 46.63 NOTE
r-devel-linux-x86_64-fedora-clang 0.0.3 77.66 NOTE
r-devel-linux-x86_64-fedora-gcc 0.0.3 67.66 NOTE
r-devel-windows-ix86+x86_64 0.0.3 7.00 74.00 81.00 NOTE
r-patched-linux-x86_64 0.0.3 3.13 51.87 55.00 NOTE
r-patched-solaris-x86 0.0.3 91.20 NOTE
r-release-linux-x86_64 0.0.3 3.47 52.44 55.91 NOTE
r-release-macos-x86_64 0.0.3 NOTE
r-release-windows-ix86+x86_64 0.0.3 6.00 73.00 79.00 NOTE
r-oldrel-macos-x86_64 0.0.3 NOTE
r-oldrel-windows-ix86+x86_64 0.0.3 5.00 74.00 79.00 NOTE

Check Details

Version: 0.0.3
Check: R code for possible problems
Result: NOTE
    .mixgauss_init: no visible global function definition for 'cov'
    .mixgauss_init: no visible global function definition for 'var'
    Undefined global functions or variables:
     cov var
    Consider adding
     importFrom("stats", "cov", "var")
    to your NAMESPACE file.
Flavors: r-devel-linux-x86_64-debian-clang, r-devel-linux-x86_64-debian-gcc, r-devel-linux-x86_64-fedora-clang, r-devel-linux-x86_64-fedora-gcc, r-devel-windows-ix86+x86_64, r-patched-linux-x86_64, r-patched-solaris-x86, r-release-linux-x86_64, r-release-macos-x86_64, r-release-windows-ix86+x86_64, r-oldrel-macos-x86_64, r-oldrel-windows-ix86+x86_64