CRAN Package Check Results for Package cvxbiclustr

Last updated on 2020-07-14 09:50:24 CEST.

Flavor Version Tinstall Tcheck Ttotal Status Flags
r-devel-linux-x86_64-debian-clang 0.0.1 8.80 65.50 74.30 OK
r-devel-linux-x86_64-debian-gcc 0.0.1 7.55 51.43 58.98 OK
r-devel-linux-x86_64-fedora-clang 0.0.1 102.62 NOTE
r-devel-linux-x86_64-fedora-gcc 0.0.1 93.48 NOTE
r-devel-windows-ix86+x86_64 0.0.1 24.00 127.00 151.00 OK
r-patched-linux-x86_64 0.0.1 9.65 65.32 74.97 OK
r-patched-solaris-x86 0.0.1 132.40 OK
r-release-linux-x86_64 0.0.1 7.48 65.06 72.54 OK
r-release-macos-x86_64 0.0.1 ERROR
r-release-windows-ix86+x86_64 0.0.1 24.00 97.00 121.00 OK
r-oldrel-macos-x86_64 0.0.1 OK
r-oldrel-windows-ix86+x86_64 0.0.1 22.00 119.00 141.00 OK

Check Details

Version: 0.0.1
Check: compiled code
Result: NOTE
    File ‘cvxbiclustr/libs/cvxbiclustr.so’:
     Found no calls to: ‘R_registerRoutines’, ‘R_useDynamicSymbols’
    
    It is good practice to register native routines and to disable symbol
    search.
    
    See ‘Writing portable packages’ in the ‘Writing R Extensions’ manual.
Flavors: r-devel-linux-x86_64-fedora-clang, r-devel-linux-x86_64-fedora-gcc

Version: 0.0.1
Check: whether package can be installed
Result: ERROR
    Installation failed.
Flavor: r-release-macos-x86_64