CRAN Package Check Results for Package cvwrapr

Last updated on 2021-09-27 20:48:14 CEST.

Flavor Version Tinstall Tcheck Ttotal Status Flags
r-devel-linux-x86_64-debian-clang 1.0 7.84 121.89 129.73 OK
r-devel-linux-x86_64-debian-gcc 1.0 6.60 89.37 95.97 OK
r-devel-linux-x86_64-fedora-clang 1.0 157.34 OK
r-devel-linux-x86_64-fedora-gcc 1.0 146.37 OK
r-devel-windows-x86_64 1.0 8.00 121.00 129.00 OK
r-devel-windows-x86_64-gcc10-UCRT 1.0 OK
r-patched-linux-x86_64 1.0 8.31 117.73 126.04 OK
r-patched-solaris-x86 1.0 194.00 ERROR
r-release-linux-x86_64 1.0 8.03 117.29 125.32 OK
r-release-macos-arm64 1.0 OK
r-release-macos-x86_64 1.0 OK
r-release-windows-ix86+x86_64 1.0 17.00 118.00 135.00 OK
r-oldrel-macos-x86_64 1.0 OK
r-oldrel-windows-ix86+x86_64 1.0 12.00 112.00 124.00 OK

Check Details

Version: 1.0
Check: tests
Result: ERROR
     Running ‘testthat.R’ [37s/41s]
    Running the tests in ‘tests/testthat.R’ failed.
    Complete output:
     > library(testthat)
     > library(cvwrapr)
     >
     > test_check("cvwrapr")
     Loading required package: Matrix
     Loaded glmnet 4.1-2
    
     Attaching package: 'glmnet'
    
     The following object is masked from 'package:cvwrapr':
    
     coxnet.deviance
    
     Loading required package: foreach
     Loading required package: iterators
     ══ Failed tests ════════════════════════════════════════════════════════════════
     ── Error (test-kfoldcv-glmnet-family.R:212:3): glmnet multinomial-deviance ─────
     Error: 'NA' indices are not (yet?) supported for sparse Matrices
     Backtrace:
     █
     1. └─glmnet::cv.glmnet(...) test-kfoldcv-glmnet-family.R:212:2
     2. └─glmnet:::cv.glmnet.raw(...)
     3. ├─glmnet::buildPredmat(...)
     4. └─glmnet:::buildPredmat.multnetlist(...)
     5. └─glmnet:::buildPredmat.array(...)
     6. ├─stats::predict(...)
     7. └─glmnet:::predict.multnet(...)
     8. ├─kbeta[, lamlist$left, drop = FALSE]
     9. └─kbeta[, lamlist$left, drop = FALSE]
     10. └─Matrix:::subCsp_cols(x, j, drop = drop)
     11. └─Matrix:::intI(j, n = x@Dim[2], dn[[2]], give.dn = FALSE)
     ── Error (test-kfoldcv-glmnet-family.R:329:3): glmnet binomial probit-deviance ──
     Error: NA/NaN/Inf in foreign function call (arg 25)
     Backtrace:
     █
     1. └─glmnet::cv.glmnet(...) test-kfoldcv-glmnet-family.R:329:2
     2. └─glmnet:::cv.glmnet.raw(...)
     3. └─glmnet::glmnet(...)
     4. └─glmnet:::glmnet.path(...)
     5. └─glmnet:::glmnet.fit(...)
     6. └─glmnet:::elnet.fit(...)
     ── Error (test-kfoldcv-glmnet-family.R:344:3): glmnet binomial probit-mse ──────
     Error: NA/NaN/Inf in foreign function call (arg 25)
     Backtrace:
     █
     1. └─glmnet::cv.glmnet(...) test-kfoldcv-glmnet-family.R:344:2
     2. └─glmnet:::cv.glmnet.raw(...)
     3. └─glmnet::glmnet(...)
     4. └─glmnet:::glmnet.path(...)
     5. └─glmnet:::glmnet.fit(...)
     6. └─glmnet:::elnet.fit(...)
     ── Error (test-kfoldcv-glmnet-family.R:361:3): glmnet binomial probit-mae ──────
     Error: NA/NaN/Inf in foreign function call (arg 25)
     Backtrace:
     █
     1. └─glmnet::cv.glmnet(...) test-kfoldcv-glmnet-family.R:361:2
     2. └─glmnet:::cv.glmnet.raw(...)
     3. └─glmnet::glmnet(...)
     4. └─glmnet:::glmnet.path(...)
     5. └─glmnet:::glmnet.fit(...)
     6. └─glmnet:::elnet.fit(...)
     ── Error (test-kfoldcv-glmnet.R:12:3): basic glmnet call ───────────────────────
     Error: 'NA' indices are not (yet?) supported for sparse Matrices
     Backtrace:
     █
     1. └─glmnet::cv.glmnet(...) test-kfoldcv-glmnet.R:12:2
     2. └─glmnet:::cv.glmnet.raw(...)
     3. ├─glmnet::buildPredmat(...)
     4. └─glmnet:::buildPredmat.default(...)
     5. ├─stats::predict(...)
     6. ├─glmnet:::predict.elnet(...)
     7. ├─base::NextMethod("predict")
     8. └─glmnet::predict.glmnet(...)
     9. ├─nbeta[, lamlist$left, drop = FALSE]
     10. └─nbeta[, lamlist$left, drop = FALSE]
     11. └─Matrix:::subCsp_cols(x, j, drop = drop)
     12. └─Matrix:::intI(j, n = x@Dim[2], dn[[2]], give.dn = FALSE)
    
     [ FAIL 5 | WARN 50 | SKIP 0 | PASS 312 ]
     Error: Test failures
     Execution halted
Flavor: r-patched-solaris-x86