CRAN Package Check Results for Package cvAUC

Last updated on 2021-09-27 20:48:14 CEST.

Flavor Version Tinstall Tcheck Ttotal Status Flags
r-devel-linux-x86_64-debian-clang 1.1.0 3.09 32.11 35.20 NOTE
r-devel-linux-x86_64-debian-gcc 1.1.0 2.43 24.85 27.28 NOTE
r-devel-linux-x86_64-fedora-clang 1.1.0 51.17 NOTE
r-devel-linux-x86_64-fedora-gcc 1.1.0 39.77 NOTE
r-devel-windows-x86_64 1.1.0 4.00 37.00 41.00 NOTE
r-devel-windows-x86_64-gcc10-UCRT 1.1.0 NOTE
r-patched-linux-x86_64 1.1.0 3.11 30.97 34.08 NOTE
r-patched-solaris-x86 1.1.0 62.00 NOTE
r-release-linux-x86_64 1.1.0 2.87 30.85 33.72 NOTE
r-release-macos-arm64 1.1.0 NOTE
r-release-macos-x86_64 1.1.0 NOTE
r-release-windows-ix86+x86_64 1.1.0 6.00 36.00 42.00 NOTE
r-oldrel-macos-x86_64 1.1.0 NOTE
r-oldrel-windows-ix86+x86_64 1.1.0 4.00 36.00 40.00 NOTE

Check Details

Version: 1.1.0
Check: R code for possible problems
Result: NOTE
    ci.cvAUC: no visible global function definition for 'qnorm'
    ci.pooled.cvAUC: no visible global function definition for 'qnorm'
    Undefined global functions or variables:
     qnorm
    Consider adding
     importFrom("stats", "qnorm")
    to your NAMESPACE file.
Flavors: r-devel-linux-x86_64-debian-clang, r-devel-linux-x86_64-debian-gcc, r-devel-linux-x86_64-fedora-clang, r-devel-linux-x86_64-fedora-gcc, r-devel-windows-x86_64, r-devel-windows-x86_64-gcc10-UCRT, r-patched-linux-x86_64, r-patched-solaris-x86, r-release-linux-x86_64, r-release-macos-arm64, r-release-macos-x86_64, r-release-windows-ix86+x86_64, r-oldrel-macos-x86_64, r-oldrel-windows-ix86+x86_64