CRAN Package Check Results for Package cusp

Last updated on 2021-09-22 08:50:03 CEST.

Flavor Version Tinstall Tcheck Ttotal Status Flags
r-devel-linux-x86_64-debian-clang 2.3.3 5.20 88.81 94.01 OK
r-devel-linux-x86_64-debian-gcc 2.3.3 4.37 66.67 71.04 OK
r-devel-linux-x86_64-fedora-clang 2.3.3 122.65 NOTE
r-devel-linux-x86_64-fedora-gcc 2.3.3 116.38 NOTE
r-devel-windows-x86_64 2.3.3 7.00 121.00 128.00 OK
r-devel-windows-x86_64-gcc10-UCRT 2.3.3 ERROR
r-patched-linux-x86_64 2.3.3 6.10 91.51 97.61 OK
r-patched-solaris-x86 2.3.3 167.50 OK
r-release-linux-x86_64 2.3.3 5.95 91.61 97.56 OK
r-release-macos-arm64 2.3.3 OK
r-release-macos-x86_64 2.3.3 OK
r-release-windows-ix86+x86_64 2.3.3 12.00 143.00 155.00 OK
r-oldrel-macos-x86_64 2.3.3 OK
r-oldrel-windows-ix86+x86_64 2.3.3 9.00 150.00 159.00 OK

Check Details

Version: 2.3.3
Check: compiled code
Result: NOTE
    File ‘cusp/libs/cusp.so’:
     Found no calls to: ‘R_registerRoutines’, ‘R_useDynamicSymbols’
    
    It is good practice to register native routines and to disable symbol
    search.
    
    See ‘Writing portable packages’ in the ‘Writing R Extensions’ manual.
Flavors: r-devel-linux-x86_64-fedora-clang, r-devel-linux-x86_64-fedora-gcc

Version: 2.3.3
Check: whether package can be installed
Result: ERROR
    Installation failed.
Flavor: r-devel-windows-x86_64-gcc10-UCRT