CRAN Package Check Results for Package cubature

Last updated on 2022-01-26 19:50:29 CET.

Flavor Version Tinstall Tcheck Ttotal Status Flags
r-devel-linux-x86_64-debian-clang 2.0.4.2 67.33 235.85 303.18 NOTE
r-devel-linux-x86_64-debian-gcc 2.0.4.2 49.83 156.58 206.41 NOTE
r-devel-linux-x86_64-fedora-clang 2.0.4.2 380.61 NOTE
r-devel-linux-x86_64-fedora-gcc 2.0.4.2 359.51 NOTE
r-devel-windows-x86_64-new-UL 2.0.4.2 77.00 242.00 319.00 NOTE
r-devel-windows-x86_64-new-TK 2.0.4.2 NOTE
r-patched-linux-x86_64 2.0.4.2 57.89 222.48 280.37 NOTE
r-release-linux-x86_64 2.0.4.2 63.09 222.13 285.22 NOTE
r-release-macos-arm64 2.0.4.2 NOTE
r-release-macos-x86_64 2.0.4.2 WARN
r-release-windows-ix86+x86_64 2.0.4.2 96.00 308.00 404.00 NOTE
r-oldrel-macos-x86_64 2.0.4.2 NOTE
r-oldrel-windows-ix86+x86_64 2.0.4.2 95.00 312.00 407.00 NOTE

Check Details

Version: 2.0.4.2
Check: for GNU extensions in Makefiles
Result: NOTE
    GNU make is a SystemRequirements.
Flavors: r-devel-linux-x86_64-debian-clang, r-devel-linux-x86_64-debian-gcc, r-devel-linux-x86_64-fedora-clang, r-devel-linux-x86_64-fedora-gcc, r-devel-windows-x86_64-new-UL, r-devel-windows-x86_64-new-TK, r-patched-linux-x86_64, r-release-linux-x86_64, r-release-macos-arm64, r-release-macos-x86_64, r-release-windows-ix86+x86_64, r-oldrel-macos-x86_64, r-oldrel-windows-ix86+x86_64

Version: 2.0.4.2
Check: re-building of vignette outputs
Result: WARN
    Error(s) in re-building vignettes:
     ...
    --- re-building ‘cubature.Rmd’ using rmarkdown
    Warning in engine$weave(file, quiet = quiet, encoding = enc) :
     Pandoc (>= 1.12.3) not available. Falling back to R Markdown v1.
    Error: processing vignette 'cubature.Rmd' failed with diagnostics:
    there is no package called 'stringi'
    --- failed re-building ‘cubature.Rmd’
    
    --- re-building ‘version2.Rmd’ using rmarkdown
    Warning in engine$weave(file, quiet = quiet, encoding = enc) :
     Pandoc (>= 1.12.3) not available. Falling back to R Markdown v1.
    Error: processing vignette 'version2.Rmd' failed with diagnostics:
    there is no package called 'stringi'
    --- failed re-building ‘version2.Rmd’
    
    SUMMARY: processing the following files failed:
     ‘cubature.Rmd’ ‘version2.Rmd’
    
    Error: Vignette re-building failed.
    Execution halted
Flavor: r-release-macos-x86_64

Version: 2.0.4.2
Check: installed package size
Result: NOTE
     installed size is 7.0Mb
     sub-directories of 1Mb or more:
     doc 1.3Mb
     libs 5.5Mb
Flavors: r-release-windows-ix86+x86_64, r-oldrel-windows-ix86+x86_64