CRAN Package Check Results for Package cuRe

Last updated on 2021-09-23 08:50:54 CEST.

Flavor Version Tinstall Tcheck Ttotal Status Flags
r-devel-linux-x86_64-debian-clang 1.0.1 13.97 133.25 147.22 OK
r-devel-linux-x86_64-debian-gcc 1.0.1 12.61 100.71 113.32 OK
r-devel-linux-x86_64-fedora-clang 1.0.1 187.67 OK
r-devel-linux-x86_64-fedora-gcc 1.0.1 177.43 OK
r-devel-windows-x86_64 1.0.1 18.00 127.00 145.00 OK
r-devel-windows-x86_64-gcc10-UCRT 1.0.1 ERROR
r-patched-linux-x86_64 1.0.1 15.90 126.52 142.42 OK
r-patched-solaris-x86 1.0.1 237.80 OK
r-release-linux-x86_64 1.0.1 12.66 128.87 141.53 OK
r-release-macos-arm64 1.0.1 OK
r-release-macos-x86_64 1.0.1 OK
r-release-windows-ix86+x86_64 1.0.1 32.00 123.00 155.00 OK
r-oldrel-macos-x86_64 1.0.1 OK
r-oldrel-windows-ix86+x86_64 1.0.1 22.00 130.00 152.00 OK

Check Details

Version: 1.0.1
Check: PDF version of manual
Result: WARN
    LaTeX errors when creating PDF version.
    This typically indicates Rd problems.
Flavor: r-devel-windows-x86_64-gcc10-UCRT

Version: 1.0.1
Check: PDF version of manual without hyperrefs or index
Result: ERROR
    Re-running with no redirection of stdout/stderr.
Flavor: r-devel-windows-x86_64-gcc10-UCRT