CRAN Package Check Results for Package ctmcmove

Last updated on 2024-02-26 07:49:58 CET.

Flavor Version Tinstall Tcheck Ttotal Status Flags
r-devel-linux-x86_64-debian-clang 1.2.9 41.12 350.13 391.25 NOTE
r-devel-linux-x86_64-debian-gcc 1.2.9 31.14 262.81 293.95 NOTE
r-devel-linux-x86_64-fedora-clang 1.2.9 472.86 OK
r-devel-linux-x86_64-fedora-gcc 1.2.9 464.53 OK
r-devel-windows-x86_64 1.2.9 32.00 219.00 251.00 OK
r-patched-linux-x86_64 1.2.9 25.75 343.67 369.42 OK
r-release-linux-x86_64 1.2.9 26.96 344.12 371.08 OK
r-release-macos-arm64 1.2.9 125.00 OK
r-release-macos-x86_64 1.2.9 217.00 OK
r-release-windows-x86_64 1.2.9 41.00 298.00 339.00 OK
r-oldrel-macos-arm64 1.2.9 96.00 OK
r-oldrel-windows-x86_64 1.2.9 44.00 279.00 323.00 OK

Check Details

Version: 1.2.9
Check: Rd files
Result: NOTE checkRd: (-1) mcmc.fmove.Rd:81: Lost braces; missing escapes or markup? 81 | beta ~ N( 0 , tau^2 * QQ^{-1} ) | ^ Flavors: r-devel-linux-x86_64-debian-clang, r-devel-linux-x86_64-debian-gcc