CRAN Package Check Results for Package csurvey

Last updated on 2024-02-27 19:54:35 CET.

Flavor Version Tinstall Tcheck Ttotal Status Flags
r-devel-linux-x86_64-debian-clang 1.9 13.24 129.68 142.92 NOTE
r-devel-linux-x86_64-debian-gcc 1.9 13.27 94.88 108.15 NOTE
r-devel-linux-x86_64-fedora-clang 1.9 169.56 NOTE
r-devel-linux-x86_64-fedora-gcc 1.9 177.73 NOTE
r-devel-windows-x86_64 1.9 13.00 101.00 114.00 OK
r-patched-linux-x86_64 1.9 18.52 123.89 142.41 OK
r-release-linux-x86_64 1.9 10.58 122.97 133.55 OK
r-release-macos-arm64 1.9 50.00 OK
r-release-macos-x86_64 1.9 132.00 OK
r-release-windows-x86_64 1.9 19.00 120.00 139.00 OK
r-oldrel-macos-arm64 1.9 49.00 OK
r-oldrel-windows-x86_64 1.9 18.00 127.00 145.00 OK

Check Details

Version: 1.9
Check: Rd files
Result: NOTE checkRd: (-1) csvy.Rd:58: Lost braces in \itemize; meant \describe ? checkRd: (-1) csvy.Rd:59: Lost braces in \itemize; meant \describe ? checkRd: (-1) csvy.Rd:60: Lost braces in \itemize; meant \describe ? Flavors: r-devel-linux-x86_64-debian-clang, r-devel-linux-x86_64-debian-gcc, r-devel-linux-x86_64-fedora-clang, r-devel-linux-x86_64-fedora-gcc