CRAN Package Check Results for Package cstab

Last updated on 2021-09-23 08:50:53 CEST.

Flavor Version Tinstall Tcheck Ttotal Status Flags
r-devel-linux-x86_64-debian-clang 0.2-2 39.10 76.48 115.58 OK
r-devel-linux-x86_64-debian-gcc 0.2-2 24.52 53.21 77.73 OK
r-devel-linux-x86_64-fedora-clang 0.2-2 161.79 OK
r-devel-linux-x86_64-fedora-gcc 0.2-2 141.68 OK
r-devel-windows-x86_64 0.2-2 48.00 169.00 217.00 OK
r-devel-windows-x86_64-gcc10-UCRT 0.2-2 ERROR
r-patched-linux-x86_64 0.2-2 29.47 75.80 105.27 OK
r-patched-solaris-x86 0.2-2 235.00 OK
r-release-linux-x86_64 0.2-2 31.46 76.63 108.09 OK
r-release-macos-arm64 0.2-2 OK
r-release-macos-x86_64 0.2-2 OK
r-release-windows-ix86+x86_64 0.2-2 108.00 232.00 340.00 OK
r-oldrel-macos-x86_64 0.2-2 OK
r-oldrel-windows-ix86+x86_64 0.2-2 116.00 244.00 360.00 OK

Check Details

Version: 0.2-2
Check: whether package can be installed
Result: ERROR
    Installation failed.
Flavor: r-devel-windows-x86_64-gcc10-UCRT