CRAN Package Check Results for Package crtests

Last updated on 2021-12-07 19:49:41 CET.

Flavor Version Tinstall Tcheck Ttotal Status Flags
r-devel-linux-x86_64-debian-clang 0.2.1 3.28 52.15 55.43 NOTE
r-devel-linux-x86_64-debian-gcc 0.2.1 2.58 41.36 43.94 NOTE
r-devel-linux-x86_64-fedora-clang 0.2.1 69.11 NOTE
r-devel-linux-x86_64-fedora-gcc 0.2.1 57.58 NOTE
r-devel-windows-x86_64-new-UL 0.2.1 12.00 87.00 99.00 NOTE
r-devel-windows-x86_64-new-TK 0.2.1 NOTE
r-devel-windows-x86_64-old 0.2.1 6.00 72.00 78.00 NOTE
r-patched-linux-x86_64 0.2.1 3.18 50.35 53.53 NOTE
r-release-linux-x86_64 0.2.1 2.92 50.34 53.26 NOTE
r-release-macos-arm64 0.2.1 NOTE
r-release-macos-x86_64 0.2.1 NOTE
r-release-windows-ix86+x86_64 0.2.1 5.00 65.00 70.00 NOTE
r-oldrel-macos-x86_64 0.2.1 OK
r-oldrel-windows-ix86+x86_64 0.2.1 7.00 65.00 72.00 OK

Check Details

Version: 0.2.1
Check: LazyData
Result: NOTE
     'LazyData' is specified without a 'data' directory
Flavors: r-devel-linux-x86_64-debian-clang, r-devel-linux-x86_64-debian-gcc, r-devel-linux-x86_64-fedora-clang, r-devel-linux-x86_64-fedora-gcc, r-devel-windows-x86_64-new-UL, r-devel-windows-x86_64-new-TK, r-devel-windows-x86_64-old, r-patched-linux-x86_64, r-release-linux-x86_64, r-release-macos-arm64, r-release-macos-x86_64, r-release-windows-ix86+x86_64