CRAN Package Check Results for Package cropgrowdays

Last updated on 2021-09-22 08:50:02 CEST.

Flavor Version Tinstall Tcheck Ttotal Status Flags
r-devel-linux-x86_64-debian-clang 0.1.0 5.81 78.28 84.09 OK
r-devel-linux-x86_64-debian-gcc 0.1.0 4.38 57.70 62.08 OK
r-devel-linux-x86_64-fedora-clang 0.1.0 106.45 OK
r-devel-linux-x86_64-fedora-gcc 0.1.0 94.76 OK
r-devel-windows-x86_64 0.1.0 8.00 76.00 84.00 OK
r-devel-windows-x86_64-gcc10-UCRT 0.1.0 ERROR
r-patched-linux-x86_64 0.1.0 10.79 75.93 86.72 OK
r-patched-solaris-x86 0.1.0 139.20 OK
r-release-linux-x86_64 0.1.0 5.73 75.40 81.13 OK
r-release-macos-arm64 0.1.0 OK
r-release-macos-x86_64 0.1.0 OK
r-release-windows-ix86+x86_64 0.1.0 16.00 74.00 90.00 OK
r-oldrel-macos-x86_64 0.1.0 OK
r-oldrel-windows-ix86+x86_64 0.1.0 11.00 74.00 85.00 OK

Check Details

Version: 0.1.0
Check: package dependencies
Result: NOTE
    Package suggested but not available for checking: 'tidyverse'
Flavor: r-devel-windows-x86_64-gcc10-UCRT

Version: 0.1.0
Check: examples
Result: ERROR
    Running examples in 'cropgrowdays-Ex.R' failed
    The error most likely occurred in:
    
    > ### Name: cumulative
    > ### Title: Sum of a weather variable between between two dates
    > ### Aliases: cumulative
    >
    > ### ** Examples
    >
    > ## Selected calculations
    > library(tidyverse)
    Error in library(tidyverse) : there is no package called 'tidyverse'
    Execution halted
Flavor: r-devel-windows-x86_64-gcc10-UCRT

Version: 0.1.0
Check: tests
Result: ERROR
     Running 'testthat.R'
    Running the tests in 'tests/testthat.R' failed.
    Complete output:
     > library(purrr)
     > library(testthat)
    
     Attaching package: 'testthat'
    
     The following object is masked from 'package:purrr':
    
     is_null
    
     > library(tidyverse)
     Error in library(tidyverse) : there is no package called 'tidyverse'
     Execution halted
Flavor: r-devel-windows-x86_64-gcc10-UCRT

Version: 0.1.0
Check: re-building of vignette outputs
Result: WARN
    Error(s) in re-building vignettes:
    --- re-building 'crop-grow-days.Rmd' using rmarkdown
    Quitting from lines 28-31 (./../man/fragments/intro.Rmd)
    Quitting from lines 28-31 (./../man/fragments/intro.Rmd)
    Error: processing vignette 'crop-grow-days.Rmd' failed with diagnostics:
    there is no package called 'tidyverse'
    --- failed re-building 'crop-grow-days.Rmd'
    
    --- re-building 'getting-weather-data.Rmd' using rmarkdown
    Quitting from lines 28-31 (./../man/fragments/intro.Rmd)
    Quitting from lines 28-31 (./../man/fragments/intro.Rmd)
    Error: processing vignette 'getting-weather-data.Rmd' failed with diagnostics:
    there is no package called 'tidyverse'
    --- failed re-building 'getting-weather-data.Rmd'
    
    SUMMARY: processing the following files failed:
     'crop-grow-days.Rmd' 'getting-weather-data.Rmd'
    
    Error: Vignette re-building failed.
    Execution halted
Flavor: r-devel-windows-x86_64-gcc10-UCRT

Version: 0.1.0
Check: PDF version of manual
Result: WARN
    LaTeX errors when creating PDF version.
    This typically indicates Rd problems.
Flavor: r-devel-windows-x86_64-gcc10-UCRT

Version: 0.1.0
Check: PDF version of manual without hyperrefs or index
Result: ERROR
    Re-running with no redirection of stdout/stderr.
Flavor: r-devel-windows-x86_64-gcc10-UCRT